NOAA style reports

NOAA-style Climate Reports

Select NOAA data to display

Select a Year or Month report
2021 > Jan Feb Mar Apr May Jun Jul Aug Sep Oct Nov Dec
2020 > Jan Feb Mar Apr May Jun Jul Aug Sep Oct Nov Dec
2019 > Jan Feb Mar Apr May Jun Jul Aug Sep Oct Nov Dec
2018 > Jan Feb Mar Apr May Jun Jul Aug Sep Oct Nov Dec
2017 > Jan Feb Mar Apr May Jun Jul Aug Sep Oct Nov Dec
2016 > Jan Feb Mar Apr May Jun Jul Aug Sep Oct Nov Dec
2015 > Jan Feb Mar Apr May Jun Jul Aug Sep Oct Nov Dec
2014 > Jan Feb Mar Apr May Jun Jul Aug Sep Oct Nov Dec
2013 > Jan Feb Mar Apr May Jun Jul Aug Sep Oct Nov Dec
2012 > Jan Feb Mar Apr May Jun Jul Aug Sep Oct Nov Dec
2011 > Jan Feb Mar Apr May Jun Jul Aug Sep Oct Nov Dec
2010 > Jan Feb Mar Apr May Jun Jul Aug Sep Oct Nov Dec
2009 > Jan Feb Mar Apr May Jun Jul Aug Sep Oct Nov Dec
2008 > Jan Feb Mar Apr May Jun Jul Aug Sep Oct Nov Dec

Report for 2012 Nov

Daily noaa report



                            MONTHLY CLIMATOLOGICAL SUMMARY for NOV. 2012

NAME: Home Weather Station Davis VP2   CITY: Beaconsfield STATE: Quebec, Canada
ELEV: 118 LAT: 045:25:46 LONG: 0073:51:35

                            TEMPERATURE ( C), RAIN (mm), WIND SPEED (kmh)

                                               HEAT     COOL           AVG
      MEAN                                     DEG      DEG            WIND                       DOM
DAY   TEMP    HIGH   TIME     LOW    TIME      DAYS     DAYS    RAIN   SPEED    HIGH    TIME      DIR
--------------------------------------------------------------------------------------------------------
01    07.8    09.1   13:42    05.7   00:00     10.5     00.0    01.0   03.5     22.2    22:28      S 
02    05.3    06.5   21:40    04.0   10:08     13.0     00.0    01.8   06.8     24.1    21:18     WSW
03    05.6    06.4   11:04    04.3   07:29     12.7     00.0    00.6   10.4     35.1    06:03      W 
04    03.7    05.1   00:04    02.4   00:00     14.6     00.0    00.0   06.6     25.9    04:31     WNW
05    01.4    03.3   11:21   -01.3   00:00     16.9     00.0    00.0   06.0     24.1    18:18      NW
06   -00.4    04.0   12:39   -03.7   04:18     18.7     00.0    00.0   01.8     16.6    00:05      SW
07   -00.0    03.8   13:16   -03.5   06:23     18.3     00.0    00.0   06.8     31.4    09:37     NNE
08    02.0    06.2   13:27   -01.3   00:00     16.3     00.0    00.0   08.0     31.4    13:47      N 
09    02.1    05.8   14:01   -03.0   05:46     16.2     00.0    00.0   04.5     27.8    09:09      W 
10    03.1    06.3   14:28    00.1   07:12     15.2     00.0    00.0   03.5     18.5    21:47      NE
11    03.3    07.8   14:25    00.7   05:32     15.0     00.0    00.8   06.6     25.9    07:07     NNE
12    09.6    16.3   12:21    00.7   05:30     08.7     00.0    00.0   05.4     46.3    23:44      E 
13    05.0    14.1   00:01   -00.9   00:00     13.3     00.0    02.6   08.8     51.8    00:33     WSW
14    00.9    06.4   13:18   -03.2   06:30     17.4     00.0    00.0   01.2     11.1    12:47      SW
15   -00.1    04.4   13:47   -02.7   23:45     18.4     00.0    00.0   03.4     18.5    05:20     NNE
16    01.3    06.5   14:35   -04.4   05:29     17.0     00.0    00.2   03.0     24.1    12:30     WNW
17   -00.2    03.7   13:30   -03.3   07:23     18.5     00.0    00.0   02.2     12.9    13:01     ENE
18   -00.3    05.9   14:39   -05.1   07:12     18.6     00.0    00.0   01.6     09.3    13:32     ENE
19    00.4    06.0   14:33   -03.6   07:11     17.9     00.0    00.0   01.4     11.1    11:42     ENE
20    01.3    05.8   13:27   -02.8   03:47     17.0     00.0    00.0   01.1     09.3    20:20      NE
21    02.7    08.7   13:34   -01.1   04:32     15.6     00.0    00.0   01.0     11.1    05:09     ESE
22    04.5    13.6   13:43   -01.3   06:19     13.8     00.0    00.0   01.1     09.3    23:18      S 
23    07.5    11.2   12:04    02.7   03:19     10.8     00.0    02.6   05.3     31.4    20:07      S 
24    02.1    07.7   00:14   -01.5   00:00     16.2     00.0    00.6   12.5     48.1    21:28     WSW
25   -02.4    00.1   13:31   -04.1   07:16     20.7     00.0    00.0   10.5     44.4    04:20      W 
26   -02.9    00.9   13:41   -06.7   00:00     21.2     00.0    00.0   05.0     31.4    11:39      W 
27   -02.7    02.6   13:26   -07.3   02:01     21.0     00.0    00.0   01.5     11.1    14:21     ESE
28   -00.3    02.3   13:03   -03.8   02:13     18.6     00.0    00.2   04.6     31.4    23:36      SW
29   -03.7   -00.1   14:22   -09.1   00:00     22.0     00.0    00.0   07.4     31.4    19:09     WNW
30   -09.6   -06.5   13:29   -12.5   04:44     27.9     00.0    00.0   03.3     18.5    13:38     NNE
--------------------------------------------------------------------------------------------------------
01.6 (1.8)   16.3  day 12    -12.5  day 30   502.1    000.0   010.4   04.8     51.8   day 13     WNW
Max <=   0: 2
Min <=   30: 30
Max <=  -5: 1
Min <=  -5: 5
Min <= -10: 1
Max Rain: 2.6 ON 13-11-16
Days of Rain: 7 (> .2mm) 2 (> 2mm) 0 (> 20mm)