NOAA style reports

NOAA-style Climate Reports

Select NOAA data to display

Select a Year or Month report
2021 > Jan Feb Mar Apr May Jun Jul Aug Sep Oct Nov Dec
2020 > Jan Feb Mar Apr May Jun Jul Aug Sep Oct Nov Dec
2019 > Jan Feb Mar Apr May Jun Jul Aug Sep Oct Nov Dec
2018 > Jan Feb Mar Apr May Jun Jul Aug Sep Oct Nov Dec
2017 > Jan Feb Mar Apr May Jun Jul Aug Sep Oct Nov Dec
2016 > Jan Feb Mar Apr May Jun Jul Aug Sep Oct Nov Dec
2015 > Jan Feb Mar Apr May Jun Jul Aug Sep Oct Nov Dec
2014 > Jan Feb Mar Apr May Jun Jul Aug Sep Oct Nov Dec
2013 > Jan Feb Mar Apr May Jun Jul Aug Sep Oct Nov Dec
2012 > Jan Feb Mar Apr May Jun Jul Aug Sep Oct Nov Dec
2011 > Jan Feb Mar Apr May Jun Jul Aug Sep Oct Nov Dec
2010 > Jan Feb Mar Apr May Jun Jul Aug Sep Oct Nov Dec
2009 > Jan Feb Mar Apr May Jun Jul Aug Sep Oct Nov Dec
2008 > Jan Feb Mar Apr May Jun Jul Aug Sep Oct Nov Dec

Report for 2012 Dec

Daily noaa report



                            MONTHLY CLIMATOLOGICAL SUMMARY for DEC. 2012

NAME: Home Weather Station Davis VP2   CITY: Beaconsfield STATE: Quebec, Canada
ELEV: 118 LAT: 045:25:46 LONG: 0073:51:35

                            TEMPERATURE ( C), RAIN (mm), WIND SPEED (kmh)

                                               HEAT     COOL           AVG
      MEAN                                     DEG      DEG            WIND                       DOM
DAY   TEMP    HIGH   TIME     LOW    TIME      DAYS     DAYS    RAIN   SPEED    HIGH    TIME      DIR
----------------------------------------------------------------------------------------------------------------------------------------------------------
01   -08.2   -03.9   00:00   -11.4   03:02     26.5     00.0    00.0   06.5     27.8    06:33     NNE
02    03.3    08.8   22:46   -03.9   00:03     15.0     00.0    06.2   03.4     18.5    23:15     ESE
03    04.6    08.4   00:10    02.6   07:37     13.7     00.0    00.0   04.2     33.3    02:03      W 
04    08.1    12.8   12:44    03.2   04:38     10.2     00.0    06.8   04.6     35.2    18:19     ESE
05    03.1    09.6   00:02   -01.3   00:00     15.2     00.0    01.4   10.8     44.4    13:21      W 
06   -01.6    01.2   13:44   -04.3   07:38     19.9     00.0    00.0   05.0     22.2    20:20     SSE
07    01.1    04.3   14:03   -02.2   08:03     17.2     00.0    00.0   01.4     11.1    06:40     ENE
08    02.5    04.2   11:25    01.6   21:29     15.8     00.0    01.6   03.4     18.5    13:06     NNE
09   -00.3    02.2   02:28   -02.9   00:00     18.6     00.0    00.0   05.6     33.3    23:27      NW
10    00.6    03.1   18:08   -04.2   01:33     17.7     00.0    14.2   07.5     29.6    22:46      N 
11   -05.0    01.0   00:01   -08.6   00:00     23.3     00.0    00.0   06.0     25.9    01:21      W 
12   -04.7    01.0   13:26   -10.2   04:45     23.0     00.0    00.2   01.5     13.0    10:01      N 
13   -01.4    02.7   14:24   -06.4   06:36     19.7     00.0    00.0   01.7     14.8    17:38      E 
14    01.8    04.6   13:35   -03.7   00:00     16.5     00.0    00.0   06.0     31.5    12:28      W 
15   -07.5   -03.7   00:04   -09.7   08:03     25.8     00.0    00.0   06.4     24.1    21:05     NNE
16   -06.6   -01.9   00:00   -09.7   04:39     24.9     00.0    02.8   09.4     33.3    08:16     NNE
17    00.6    02.3   18:10   -01.9   00:02     17.7     00.0    10.6   07.8     24.1    23:04     ENE
18    01.1    01.6   20:21    00.4   01:27     17.2     00.0    19.0   06.5     29.6    14:08     NNE
19    01.5    02.4   14:36    00.7   00:00     16.8     00.0    00.6   03.6     22.2    20:45     WNW
20    00.1    02.1   00:00   -01.1   07:44     18.2     00.0    00.0   07.3     35.2    23:01      S 
21    01.5    02.5   19:46    01.0   08:32     16.8     00.0    19.8   13.2     44.4    17:44      NE
22   -03.1    01.4   01:47   -07.1   23:26     21.4     00.0    00.6   13.2     50.0    21:13     SSW
23   -07.0   -05.6   15:03   -08.7   22:39     25.3     00.0    00.0   07.0     37.0    03:15     SSW
24   -08.4   -05.1   14:00   -10.6   08:00     26.7     00.0    00.0   04.0     18.5    14:41     SSW
25   -08.8   -04.8   15:00   -10.6   00:00     27.1     00.0    00.0   04.2     24.1    04:16     SSW
26   -10.6   -08.1   13:06   -13.7   07:03     28.9     00.0    00.0   04.8     33.3    23:37     SSW
27   -06.3   -04.1   21:05   -10.1   00:01     24.6     00.0    19.2   14.2     48.1    17:23     SSW
28   -07.4   -04.6   00:01   -11.9   23:47     25.7     00.0    00.4   06.5     24.1    08:15     SSW
29   -11.3   -09.0   16:01   -15.0   06:16     29.6     00.0    02.0   04.6     25.9    17:01     SSW
30   -11.6   -09.3   04:20   -14.1   21:07     29.9     00.0    00.6   09.5     40.7    11:35     SSW
31   -05.9   -00.9   22:32   -11.6   00:01     24.2     00.0    00.0   03.5     24.1    20:05     SSW
----------------------------------------------------------------------------------------------------------------------------------------------------------
-2.8 (-2.7)   12.8  day 04    -15.0  day 29   653.3    000.0   106.2   06.2     50.0   day 05     WSW
Max <=   0: 12
Min <=   30: 31
Max <=  -5: 5
Min <=  -5: 16
Min <= -10: 10
Min <= -15: 1
Max Rain: 19.8 ON 21-12-13
Days of Rain: 16 (> .2mm) 8 (> 2mm) 0 (> 20mm)