NOAA style reports

NOAA-style Climate Reports

Select NOAA data to display

Select a Year or Month report
2021 > Jan Feb Mar Apr May Jun Jul Aug Sep Oct Nov Dec
2020 > Jan Feb Mar Apr May Jun Jul Aug Sep Oct Nov Dec
2019 > Jan Feb Mar Apr May Jun Jul Aug Sep Oct Nov Dec
2018 > Jan Feb Mar Apr May Jun Jul Aug Sep Oct Nov Dec
2017 > Jan Feb Mar Apr May Jun Jul Aug Sep Oct Nov Dec
2016 > Jan Feb Mar Apr May Jun Jul Aug Sep Oct Nov Dec
2015 > Jan Feb Mar Apr May Jun Jul Aug Sep Oct Nov Dec
2014 > Jan Feb Mar Apr May Jun Jul Aug Sep Oct Nov Dec
2013 > Jan Feb Mar Apr May Jun Jul Aug Sep Oct Nov Dec
2012 > Jan Feb Mar Apr May Jun Jul Aug Sep Oct Nov Dec
2011 > Jan Feb Mar Apr May Jun Jul Aug Sep Oct Nov Dec
2010 > Jan Feb Mar Apr May Jun Jul Aug Sep Oct Nov Dec
2009 > Jan Feb Mar Apr May Jun Jul Aug Sep Oct Nov Dec
2008 > Jan Feb Mar Apr May Jun Jul Aug Sep Oct Nov Dec

Report for 2013 Jan

Daily noaa report



                            MONTHLY CLIMATOLOGICAL SUMMARY for JAN. 2013

NAME: Home Weather Station Davis VP2   CITY: Beaconsfield STATE: Quebec, Canada
ELEV: 118 LAT: 045:25:46 LONG: 0073:51:35

                            TEMPERATURE ( C), RAIN (mm), WIND SPEED (kmh)

                                               HEAT     COOL           AVG
      MEAN                                     DEG      DEG            WIND                       DOM
DAY   TEMP    HIGH   TIME     LOW    TIME      DAYS     DAYS    RAIN   SPEED    HIGH    TIME      DIR
----------------------------------------------------------------------------------------------------------------------------------------------------------
01   -11.4   -01.3   00:01   -15.6   22:10     29.7     00.0    00.0   09.7     44.4    03:12      W 
02   -15.9   -12.8   09:58   -21.0   23:19     34.2     00.0    00.2   04.4     24.1    14:44     WNW
03   -18.0   -13.4   21:48   -22.6   07:39     36.3     00.0    00.4   01.6     11.1    10:54     SSW
04   -06.0   -01.0   16:14   -14.8   00:51     24.3     00.0    00.4   07.9     38.9    14:07      SW
05   -06.7   -00.6   02:29   -12.6   20:36     25.0     00.0    00.2   08.1     42.6    07:27      W 
06   -08.6   -07.4   19:21   -10.4   08:33     26.9     00.0    03.8   06.0     27.8    21:57     NNE
07   -10.8   -06.7   23:04   -13.1   17:01     29.1     00.0    00.0   04.1     14.8    22:34     ENE
08   -02.3    02.0   13:51   -11.7   01:58     20.6     00.0    00.0   05.4     25.9    09:56      SW
09   -01.3    04.3   18:13   -06.4   08:08     19.6     00.0    00.4   05.5     37.0    20:31     SSW
10    01.4    02.7   14:29   -02.2   23:35     16.9     00.0    00.0   07.7     38.9    02:31     WSW
11   -00.6    01.9   19:25   -03.1   07:25     18.9     00.0    00.0   04.6     27.8    12:06     ENE
12    02.8    05.6   14:49    01.3   00:04     15.5     00.0    00.0   02.2     18.5    14:03      E 
13    03.2    04.6   15:51    01.9   05:19     15.1     00.0    03.6   03.2     22.2    11:18      E 
14    02.6    05.4   05:53   -00.6   19:35     15.7     00.0    00.8   08.5     53.7    09:06     WSW
15   -01.6   -00.2   14:23   -03.1   08:45     19.9     00.0    00.0   04.6     18.5    22:41     WSW
16   -01.5    01.1   00:00   -03.7   05:29     19.8     00.0    00.0   02.6     27.8    23:36      S 
17   -09.6    01.3   00:56   -18.6   00:00     27.9     00.0    00.2   08.5     40.7    06:11      W 
18   -14.7   -07.3   00:00   -20.3   07:10     33.0     00.0    00.0   04.7     33.3    13:11     WSW
19   -03.2    00.1   22:20   -07.4   02:27     21.5     00.0    09.6   03.5     22.2    02:22      SE
20   -04.2    04.6   07:13   -15.1   00:00     22.5     00.0    03.0   13.2     64.8    15:33     WSW
21   -16.7   -15.1   00:01   -19.5   08:05     35.0     00.0    00.0   04.7     38.9    00:26     WNW
22   -17.9   -14.2   14:41   -21.7   00:00     36.2     00.0    00.0   06.6     37.0    17:14      NW
23   -23.8   -21.5   14:12   -26.7   07:59     42.1     00.0    00.0   07.3     27.8    08:54      W 
24   -20.5   -17.3   21:23   -24.8   00:05     38.8     00.0    00.0   09.7     38.9    23:11     WSW
25   -17.1   -13.9   13:48   -20.6   06:51     35.4     00.0    00.0   06.5     42.6    01:03     WSW
26   -15.3   -10.6   15:09   -20.9   07:20     33.6     00.0    00.0   04.0     20.4    23:04      W 
27   -14.1   -10.4   14:43   -17.9   07:51     32.4     00.0    00.0   04.8     20.4    12:03      W 
28   -09.7   -06.2   13:51   -14.7   02:03     28.0     00.0    03.4   06.2     31.5    20:11      NE
29   -06.0   -00.7   23:49   -11.0   03:01     24.3     00.0    00.8   05.0     22.2    20:04      NE
30    03.6    06.5   23:47   -00.8   00:01     14.7     00.0    03.2   03.5     18.5    15:23      E 
31   -00.6    07.8   06:07   -11.6   23:54     18.9     00.0    08.0   16.0     68.5    13:24     WSW
----------------------------------------------------------------------------------------------------------------------------------------------------------
-7.9 (-8.1)   07.8  day 31    -26.7  day 23   811.5    000.0   038.0   06.1     68.5   day 31     WSW
Max <=   0: 18
Min <=   30: 31
Min <= -18: 10
Max <=  -5: 13
Min <=  -5: 23
Max <= -10: 9
Min <= -10: 21
Max <= -15: 3
Min <= -15: 13
Max <= -20: 1
Min <= -20: 8
Min <= -25: 1
Max Rain: 9.6 ON 19-01-13
Days of Rain: 66 (> .2mm) 61 (> 2mm) 0 (> 20mm)