NOAA style reports

NOAA-style Climate Reports

Select NOAA data to display

Select a Year or Month report
2021 > Jan Feb Mar Apr May Jun Jul Aug Sep Oct Nov Dec
2020 > Jan Feb Mar Apr May Jun Jul Aug Sep Oct Nov Dec
2019 > Jan Feb Mar Apr May Jun Jul Aug Sep Oct Nov Dec
2018 > Jan Feb Mar Apr May Jun Jul Aug Sep Oct Nov Dec
2017 > Jan Feb Mar Apr May Jun Jul Aug Sep Oct Nov Dec
2016 > Jan Feb Mar Apr May Jun Jul Aug Sep Oct Nov Dec
2015 > Jan Feb Mar Apr May Jun Jul Aug Sep Oct Nov Dec
2014 > Jan Feb Mar Apr May Jun Jul Aug Sep Oct Nov Dec
2013 > Jan Feb Mar Apr May Jun Jul Aug Sep Oct Nov Dec
2012 > Jan Feb Mar Apr May Jun Jul Aug Sep Oct Nov Dec
2011 > Jan Feb Mar Apr May Jun Jul Aug Sep Oct Nov Dec
2010 > Jan Feb Mar Apr May Jun Jul Aug Sep Oct Nov Dec
2009 > Jan Feb Mar Apr May Jun Jul Aug Sep Oct Nov Dec
2008 > Jan Feb Mar Apr May Jun Jul Aug Sep Oct Nov Dec

Report for 2013 Feb

Daily noaa report


                            MONTHLY CLIMATOLOGICAL SUMMARY for FEB. 2013

NAME: Home Weather Station Davis VP2   CITY: Beaconsfield STATE: Quebec, Canada
ELEV: 118 LAT: 045:25:46 LONG: 0073:51:35

                            TEMPERATURE ( C), RAIN (mm), WIND SPEED (kmh)

                                               HEAT     COOL           AVG
      MEAN                                     DEG      DEG            WIND                       DOM
DAY   TEMP    HIGH   TIME     LOW    TIME      DAYS     DAYS    RAIN   SPEED    HIGH    TIME      DIR
----------------------------------------------------------------------------------------------------------------------------------------------------------
01   -12.9   -11.4   15:04   -14.7   00:00     31.2     00.0    00.0   10.3     38.9    00:26      W 
02   -14.4   -10.8   13:28   -17.1   04:37     32.7     00.0    00.4   04.5     18.5    19:35      N 
03   -12.3   -08.2   14:46   -15.8   05:45     30.6     00.0    00.0   05.8     18.5    13:23      N 
04   -11.6   -07.9   11:51   -16.4   00:00     29.9     00.0    00.0   07.4     37.0    14:03      W 
05   -14.0   -09.3   00:00   -20.5   06:02     32.3     00.0    00.0   02.2     18.5    18:54     ESE
06   -10.2   -06.5   11:21   -15.0   00:00     28.5     00.0    00.0   07.7     48.1    12:01      W 
07   -17.1   -14.4   14:31   -20.4   07:21     35.4     00.0    00.0   05.8     18.5    23:59     NNE
08   -14.3   -11.2   21:13   -17.7   04:57     32.6     00.0    05.8   13.6     42.6    23:02     NNE
09   -11.2   -06.5   15:08   -16.4   23:53     29.5     00.0    00.2   07.5     46.3    01:57     NNW
10   -12.4   -06.4   14:35   -19.7   06:57     30.7     00.0    00.0   02.5     16.7    22:27      E 
11   -05.6    02.2   21:36   -10.7   05:42     23.9     00.0    01.6   06.4     37.0    22:01      N 
12    00.9    02.5   11:50   -00.9   00:00     17.4     00.0    00.0   08.9     44.4    13:46     WSW
13   -00.8    01.8   12:53   -02.3   22:04     19.1     00.0    00.0   02.8     18.5    09:16     WSW
14   -00.7    01.9   14:07   -02.4   06:21     19.0     00.0    00.0   02.0     14.8    13:34     SSE
15    00.4    04.0   12:43   -02.7   00:00     17.9     00.0    01.2   07.7     42.6    14:47     SSW
16   -08.1   -02.7   00:02   -11.6   00:00     26.4     00.0    00.0   05.7     31.5    00:26      W 
17   -11.8   -07.9   14:06   -14.8   07:42     30.1     00.0    00.0   09.2     42.6    23:10      W 
18   -12.3   -08.2   14:19   -16.6   07:15     30.6     00.0    00.0   09.3     38.9    12:04     WSW
19   -04.8    00.2   13:49   -11.6   01:31     23.1     00.0    03.8   06.1     31.5    10:14      NE
20   -04.6   -01.6   00:41   -10.9   00:00     22.9     00.0    00.8   13.3     51.8    23:35     WSW
21   -10.0   -06.4   00:00   -13.6   08:03     28.3     00.0    00.4   10.1     38.9    01:34     WSW
22   -03.8   -00.2   13:41   -07.0   05:48     22.1     00.0    00.0   02.9     18.5    20:15      E 
23   -00.6    00.4   13:44   -03.2   06:30     18.9     00.0    04.4   02.6     14.8    14:22      E 
24    00.5    01.6   14:32    00.0   00:00     17.8     00.0    00.6   00.8     09.3    12:10      NW
25    00.2    02.3   13:07   -01.0   06:37     18.1     00.0    00.0   00.6     09.3    14:47     NNE
26    01.1    04.1   13:57   -01.3   06:42     17.2     00.0    00.0   03.7     25.9    23:53     ENE
27    00.8    02.0   09:41   -00.2   21:44     17.5     00.0    13.0   07.7     31.5    12:23      NE
28    00.1    01.7   13:51   -00.7   06:51     18.2     00.0    01.6   03.3     22.2    21:14     NNE
----------------------------------------------------------------------------------------------------------------------------------------------------------
-6.8 (-6.8)   04.1  day 26    -20.5  day 05   701.9    000.0   033.8   06.1     51.8   day 20     WNW
Max <=   0: 16
Min <=   30: 28
Min <= -18: 3
Max <=  -5: 13
Min <=  -5: 18
Max <= -10: 4
Min <= -10: 17
Min <= -15: 10
Min <= -20: 2
Max Rain: 13.0 ON 27-02-13
Days of Rain: 14 (> .2mm) 4 (> 2mm) 0 (> 20mm)