NOAA style reports

NOAA-style Climate Reports

Select NOAA data to display

Select a Year or Month report
2021 > Jan Feb Mar Apr May Jun Jul Aug Sep Oct Nov Dec
2020 > Jan Feb Mar Apr May Jun Jul Aug Sep Oct Nov Dec
2019 > Jan Feb Mar Apr May Jun Jul Aug Sep Oct Nov Dec
2018 > Jan Feb Mar Apr May Jun Jul Aug Sep Oct Nov Dec
2017 > Jan Feb Mar Apr May Jun Jul Aug Sep Oct Nov Dec
2016 > Jan Feb Mar Apr May Jun Jul Aug Sep Oct Nov Dec
2015 > Jan Feb Mar Apr May Jun Jul Aug Sep Oct Nov Dec
2014 > Jan Feb Mar Apr May Jun Jul Aug Sep Oct Nov Dec
2013 > Jan Feb Mar Apr May Jun Jul Aug Sep Oct Nov Dec
2012 > Jan Feb Mar Apr May Jun Jul Aug Sep Oct Nov Dec
2011 > Jan Feb Mar Apr May Jun Jul Aug Sep Oct Nov Dec
2010 > Jan Feb Mar Apr May Jun Jul Aug Sep Oct Nov Dec
2009 > Jan Feb Mar Apr May Jun Jul Aug Sep Oct Nov Dec
2008 > Jan Feb Mar Apr May Jun Jul Aug Sep Oct Nov Dec

Report for 2013 Mar

Daily noaa report


                            MONTHLY CLIMATOLOGICAL SUMMARY for MAR. 2013

NAME: Home Weather Station Davis VP2   CITY: Beaconsfield STATE: Quebec, Canada
ELEV: 118 LAT: 045:25:46 LONG: 0073:51:35

                            TEMPERATURE ( C), RAIN (mm), WIND SPEED (kmh)

                                               HEAT     COOL           AVG
      MEAN                                     DEG      DEG            WIND                       DOM
DAY   TEMP    HIGH   TIME     LOW    TIME      DAYS     DAYS    RAIN   SPEED    HIGH    TIME      DIR
----------------------------------------------------------------------------------------------------------------------------------------------------------
01    00.1    02.5   11:27   -01.0   03:09     18.2     00.0    01.0   05.2     27.8    12:04      N 
02   -02.1    00.9   12:20   -05.1   00:00     20.4     00.0    00.8   05.7     20.4    16:12     WSW
03   -04.4   -01.7   14:36   -05.6   06:47     22.7     00.0    00.2   07.9     25.9    17:35     WSW
04   -05.3   -03.7   14:13   -07.4   05:45     23.6     00.0    00.8   10.2     35.1    14:43     WSW
05   -02.2    01.7   13:27   -04.9   06:52     20.5     00.0    00.2   04.3     20.4    23:48      SW
06    01.8    04.2   12:32    00.4   03:51     16.5     00.0    00.0   10.1     40.7    12:04     NNE
07   -00.4    00.5   00:01   -01.1   00:00     18.7     00.0    00.0   08.5     31.4    14:35     NNE
08   -00.1    04.4   14:47   -03.5   23:57     18.4     00.0    00.0   05.5     25.9    09:47      N 
09   -00.9    05.6   14:53   -06.4   06:40     19.2     00.0    00.0   01.5     11.1    12:46     SSE
10    03.1    08.6   16:59   -02.6   07:08     15.2     00.0    00.0   02.6     18.5    13:55     ENE
11    04.9    07.8   13:38    01.4   05:52     13.4     00.0    00.0   03.8     18.5    16:32      E 
12    03.7    05.9   10:35    01.6   22:26     14.6     00.0    10.0   04.2     24.1    03:14      S 
13    02.1    05.3   14:05   -00.3   23:41     16.2     00.0    00.0   05.7     22.2    16:07      SW
14   -05.5   -00.1   00:51   -09.2   00:00     23.8     00.0    00.0   11.0     42.5    16:25     WSW
15   -05.9   -02.0   13:10   -10.0   02:45     24.2     00.0    00.4   02.9     18.5    23:27     WSW
16   -06.8   -04.4   15:06   -09.8   00:00     25.1     00.0    00.0   04.9     18.5    04:02     WNW
17   -08.0   -04.1   15:43   -11.9   02:45     26.3     00.0    00.0   06.7     35.1    14:47      W 
18   -06.6   -01.7   15:56   -13.4   06:40     24.9     00.0    00.0   05.4     25.9    17:22     ENE
19   -02.3   -00.6   16:19   -04.4   02:53     20.6     00.0    23.8   09.3     35.1    05:40     ENE
20   -02.8    00.5   14:47   -05.8   06:50     21.1     00.0    00.2   06.1     24.1    23:18     WSW
21   -02.4    01.2   15:27   -05.8   07:25     20.7     00.0    00.0   08.3     31.4    15:29      SW
22   -02.7    00.3   13:42   -04.4   02:43     21.0     00.0    00.0   06.0     25.9    17:45     WSW
23   -00.5    03.8   13:13   -04.8   06:50     18.8     00.0    00.0   11.3     40.7    14:13      W 
24    00.8    04.4   15:43   -02.6   00:00     17.5     00.0    00.0   05.1     29.6    00:16      W 
25    01.9    06.7   15:06   -03.3   01:29     16.4     00.0    00.0   06.6     31.4    23:24     NNE
26    03.0    07.7   13:53   -02.1   07:21     15.3     00.0    00.0   04.9     20.4    23:40      NW
27    03.8    07.7   13:41   -01.6   07:00     14.5     00.0    00.0   02.8     18.5    13:44     WSW
28    04.9    09.0   15:37    01.1   06:23     13.4     00.0    00.0   03.6     20.4    22:54      SW
29    04.9    08.5   13:09    02.2   00:00     13.4     00.0    00.0   06.1     27.8    14:35      W 
30    02.9    09.0   15:10   -03.3   07:11     15.4     00.0    00.0   02.9     22.2    14:53     WSW
31    04.3    11.4   13:39   -02.0   06:17     14.0     00.0    01.8   04.1     27.8    18:56      SE
----------------------------------------------------------------------------------------------------------------------------------------------------------
-0.5 (-0.4)   11.4  day 31    -13.4  day 18   584.0    000.0   039.2   05.9     42.6   day 23      W 
Max <=   0: 8
Min <=   30: 31
Min <=  -5: 11
Min <= -10: 2
Max Rain: 23.8 ON 19-03-13
Days of Rain: 13 (> .2mm) 2 (> 2mm) 1 (> 20mm)