NOAA style reports

NOAA-style Climate Reports

Select NOAA data to display

Select a Year or Month report
2021 > Jan Feb Mar Apr May Jun Jul Aug Sep Oct Nov Dec
2020 > Jan Feb Mar Apr May Jun Jul Aug Sep Oct Nov Dec
2019 > Jan Feb Mar Apr May Jun Jul Aug Sep Oct Nov Dec
2018 > Jan Feb Mar Apr May Jun Jul Aug Sep Oct Nov Dec
2017 > Jan Feb Mar Apr May Jun Jul Aug Sep Oct Nov Dec
2016 > Jan Feb Mar Apr May Jun Jul Aug Sep Oct Nov Dec
2015 > Jan Feb Mar Apr May Jun Jul Aug Sep Oct Nov Dec
2014 > Jan Feb Mar Apr May Jun Jul Aug Sep Oct Nov Dec
2013 > Jan Feb Mar Apr May Jun Jul Aug Sep Oct Nov Dec
2012 > Jan Feb Mar Apr May Jun Jul Aug Sep Oct Nov Dec
2011 > Jan Feb Mar Apr May Jun Jul Aug Sep Oct Nov Dec
2010 > Jan Feb Mar Apr May Jun Jul Aug Sep Oct Nov Dec
2009 > Jan Feb Mar Apr May Jun Jul Aug Sep Oct Nov Dec
2008 > Jan Feb Mar Apr May Jun Jul Aug Sep Oct Nov Dec

Report for 2013 Apr

Daily noaa report


                            MONTHLY CLIMATOLOGICAL SUMMARY for APR. 2013

NAME: Home Weather Station Davis VP2   CITY: Beaconsfield STATE: Quebec, Canada
ELEV: 118 LAT: 045:25:46 LONG: 0073:51:35

                            TEMPERATURE ( C), RAIN (mm), WIND SPEED (kmh)

                                               HEAT     COOL           AVG
      MEAN                                     DEG      DEG            WIND                       DOM
DAY   TEMP    HIGH   TIME     LOW    TIME      DAYS     DAYS    RAIN   SPEED    HIGH    TIME      DIR
----------------------------------------------------------------------------------------------------------------------------------------------------------
01    02.4    06.2   13:35   -04.3   00:00     15.9     00.0    01.0   09.1     55.5    16:38     WSW
02   -03.7   -01.1   16:55   -06.8   07:08     22.0     00.0    00.0   13.6     51.8    18:22     WSW
03   -01.6    01.7   15:17   -04.8   07:10     19.9     00.0    00.0   13.8     51.8    10:01     WSW
04    02.4    08.7   16:15   -03.5   07:00     15.9     00.0    00.0   07.4     37.0    13:42     WSW
05    01.7    06.0   12:40   -02.7   00:00     16.6     00.0    00.6   07.7     33.3    16:26     WNW
06   -01.8    02.0   16:07   -06.3   06:51     20.1     00.0    00.0   06.5     27.8    09:47      W 
07    05.1    10.7   12:39   -00.4   00:02     13.2     00.0    00.6   08.2     42.5    22:09     SSE
08    05.4    08.4   16:15    03.3   06:17     12.9     00.0    00.0   06.6     27.8    22:05     WNW
09    04.9    09.5   14:26    01.2   07:22     13.4     00.0    11.2   06.6     33.3    01:57     WNW
10    06.8    10.4   13:42    03.1   00:00     11.5     00.0    00.0   03.5     18.5    09:22      W 
11    01.3    04.3   15:23   -01.5   06:45     17.0     00.0    00.0   06.0     24.1    10:41     NNE
12   -00.3    00.8   01:41   -01.7   10:08     18.6     00.0    16.4   10.8     37.0    14:08     ENE
13    03.1    05.2   15:01    00.5   00:06     15.2     00.0    00.0   03.1     18.5    21:34      S 
14    04.8    09.4   15:16    00.9   00:00     13.5     00.0    00.0   06.1     33.3    11:07      W 
15    06.1    12.3   15:59   -01.6   06:38     12.2     00.0    00.0   05.1     27.8    15:49      E 
16    09.4    12.9   16:49    06.4   09:21     08.9     00.0    05.0   05.4     29.6    22:12     WSW
17    08.0    13.5   16:01    02.4   06:11     10.3     00.0    00.0   05.5     24.1    14:28     WNW
18    08.3    14.0   17:24    04.1   06:38     10.0     00.0    00.0   07.1     37.0    14:48     ESE
19    12.1    17.1   17:21    06.0   23:33     06.2     00.0    02.8   07.8     62.9    19:51     SSE
20    04.7    08.4   12:36    00.3   00:00     13.6     00.0    00.2   11.2     42.5    18:09     WSW
21    01.9    07.6   16:05   -02.5   06:18     16.4     00.0    00.0   05.1     29.6    00:01     WNW
22    06.4    13.8   15:10   -01.7   04:40     11.9     00.0    00.0   06.1     33.3    17:37     ESE
23    08.3    13.7   15:41    02.8   06:25     10.0     00.0    00.0   09.3     31.4    13:28     ESE
24    12.0    20.6   15:19    04.7   06:22     06.3     00.0    02.6   06.7     35.1    23:10     ESE
25    06.9    11.9   00:01    02.9   06:27     11.4     00.0    00.0   09.9     50.0    02:18      W 
26    05.5    10.1   13:40    02.8   03:22     12.8     00.0    00.0   02.7     18.5    08:29     ESE
27    08.6    15.7   15:52    01.2   05:18     09.7     00.0    00.0   02.3     16.6    14:07     SSE
28    13.0    21.5   15:25    02.7   06:17     05.3     00.0    00.0   02.3     14.8    15:43      E 
29    13.8    19.8   12:47    08.6   06:10     04.5     00.0    00.0   02.7     25.9    13:08      SE
30    15.1    22.5   15:42    09.9   06:22     03.2     00.0    00.4   01.9     12.9    19:48     ESE
----------------------------------------------------------------------------------------------------------------------------------------------------------
05.7 (5.7)   22.5  day 30    -06.8  day 02   378.5    000.0   041.0   06.7     62.9   day 19      SW
Max <=   0: 1
Min <=   30: 30
Min <=  -5: 2
Max Rain: 16.4 ON 12-04-13
Days of Rain: 14 (> .2mm) 5 (> 2mm) 0 (> 20mm)