NOAA style reports

NOAA-style Climate Reports

Select NOAA data to display

Select a Year or Month report
2021 > Jan Feb Mar Apr May Jun Jul Aug Sep Oct Nov Dec
2020 > Jan Feb Mar Apr May Jun Jul Aug Sep Oct Nov Dec
2019 > Jan Feb Mar Apr May Jun Jul Aug Sep Oct Nov Dec
2018 > Jan Feb Mar Apr May Jun Jul Aug Sep Oct Nov Dec
2017 > Jan Feb Mar Apr May Jun Jul Aug Sep Oct Nov Dec
2016 > Jan Feb Mar Apr May Jun Jul Aug Sep Oct Nov Dec
2015 > Jan Feb Mar Apr May Jun Jul Aug Sep Oct Nov Dec
2014 > Jan Feb Mar Apr May Jun Jul Aug Sep Oct Nov Dec
2013 > Jan Feb Mar Apr May Jun Jul Aug Sep Oct Nov Dec
2012 > Jan Feb Mar Apr May Jun Jul Aug Sep Oct Nov Dec
2011 > Jan Feb Mar Apr May Jun Jul Aug Sep Oct Nov Dec
2010 > Jan Feb Mar Apr May Jun Jul Aug Sep Oct Nov Dec
2009 > Jan Feb Mar Apr May Jun Jul Aug Sep Oct Nov Dec
2008 > Jan Feb Mar Apr May Jun Jul Aug Sep Oct Nov Dec

Report for 2013 May

Daily noaa report



                            MONTHLY CLIMATOLOGICAL SUMMARY for MAY. 2013

NAME: Home Weather Station Davis VP2   CITY: Beaconsfield STATE: Quebec, Canada
ELEV: 118 LAT: 045:25:46 LONG: 0073:51:35

                            TEMPERATURE ( C), RAIN (mm), WIND SPEED (kmh)

                                               HEAT     COOL           AVG
      MEAN                                     DEG      DEG            WIND                       DOM
DAY   TEMP    HIGH   TIME     LOW    TIME      DAYS     DAYS    RAIN   SPEED    HIGH    TIME      DIR
--------------------------------------------------------------------------------------------------------
01    18.1    26.7   16:13    09.4   06:27     00.2     00.0    00.0   01.2     11.1    17:26      N 
02    18.4    24.7   16:40    12.1   06:30     00.0     00.1    00.0   04.5     29.6    19:28      N 
03    16.0    22.9   15:56    09.4   05:57     02.3     00.0    00.0   06.7     29.6    13:14      N 
04    16.6    24.6   16:31    09.3   06:03     01.7     00.0    00.0   01.8     11.1    15:10      N 
05    17.7    27.5   16:18    09.0   06:13     00.6     00.0    00.0   01.1     18.5    05:07      N 
06    18.5    27.2   16:08    09.4   06:22     00.0     00.2    00.0   01.4     16.6    16:15      N 
07    18.8    28.2   15:11    10.2   06:18     00.0     00.5    00.0   01.0     14.8    15:38      N 
08    19.0    27.2   13:04    10.7   06:06     00.0     00.7    00.0   02.7     29.6    14:33      N 
09    18.9    24.2   15:03    15.2   02:41     00.0     00.6    00.4   01.5     18.5    19:16      N 
10    15.7    19.7   15:09    10.6   00:00     02.6     00.0    01.0   05.3     25.9    23:46      N 
11    12.1    17.0   11:29    09.6   06:08     06.2     00.0    12.0   02.6     25.9    13:05      N 
12    09.9    13.3   15:02    04.2   22:43     08.4     00.0    00.4   04.4     33.3    16:41      N 
13    05.7    09.9   14:26    03.0   22:36     12.6     00.0    00.0   05.4     31.4    19:04      N 
14    08.0    15.8   16:16   -00.2   04:38     10.3     00.0    00.0   01.5     22.2    13:04      N 
15    09.5    16.0   12:57    01.8   06:00     08.8     00.0    00.2   03.4     31.4    16:21      N 
16    12.2    17.4   10:35    08.8   23:37     06.1     00.0    00.0   05.1     42.5    12:16      N 
17    12.6    19.3   17:26    06.5   06:01     05.7     00.0    00.0   02.4     18.5    16:51      N 
18    13.9    22.7   15:43    05.3   05:54     04.4     00.0    00.0   00.7     11.1    12:31      N 
19    13.3    18.9   13:25    08.2   06:06     05.0     00.0    02.4   02.3     18.5    12:47      N 
20    16.5    22.8   15:35    12.4   00:16     01.8     00.0    01.6   00.8     16.6    13:53      N 
21    14.9    19.2   15:39    13.2   08:10     03.4     00.0    05.0   05.7     35.1    20:37      N 
22    16.2    22.7   16:04    12.3   03:39     02.1     00.0    00.2   03.1     18.5    15:20      N 
23    18.8    21.6   12:35    13.3   00:00     00.0     00.5    10.0   01.3     18.5    23:46      NW
24    08.4    13.2   00:01    06.8   08:35     09.9     00.0    06.4   04.9     27.8    01:26     NNW
25    07.5    09.2   12:09    06.2   00:00     10.8     00.0    07.8   05.8     42.5    16:18     NNW
26    08.0    11.8   17:26    05.3   07:37     10.3     00.0    13.6   05.0     37.0    14:41     NNW
27    13.1    20.6   15:56    04.6   02:25     05.2     00.0    00.0   03.2     35.1    13:05      W 
28    14.9    22.3   16:12    06.4   05:09     03.4     00.0    00.0   01.8     18.5    15:58      E 
29    15.8    18.7   17:11    13.7   09:55     02.5     00.0    09.2   02.3     20.4    17:40      E 
30    21.1    28.2   15:48    15.2   06:04     00.0     02.8    00.2   02.1     27.8    08:07     WNW
31    24.8    31.6   15:44    19.1   06:12     00.0     06.5    00.0   00.7     20.4    15:18     WSW
--------------------------------------------------------------------------------------------------------
14.7 (14.9)   31.6  day 31    -00.2  day 14   124.1    012.0   070.4   03.0     42.6   day 26      N 
Max >=  30: 1
Min <=   30: 31
Max Rain: 13.6 ON 26-05-16
Days of Rain: 15 (> .2mm) 8 (> 2mm) 0 (> 20mm)