NOAA style reports

NOAA-style Climate Reports

Select NOAA data to display

Select a Year or Month report
2021 > Jan Feb Mar Apr May Jun Jul Aug Sep Oct Nov Dec
2020 > Jan Feb Mar Apr May Jun Jul Aug Sep Oct Nov Dec
2019 > Jan Feb Mar Apr May Jun Jul Aug Sep Oct Nov Dec
2018 > Jan Feb Mar Apr May Jun Jul Aug Sep Oct Nov Dec
2017 > Jan Feb Mar Apr May Jun Jul Aug Sep Oct Nov Dec
2016 > Jan Feb Mar Apr May Jun Jul Aug Sep Oct Nov Dec
2015 > Jan Feb Mar Apr May Jun Jul Aug Sep Oct Nov Dec
2014 > Jan Feb Mar Apr May Jun Jul Aug Sep Oct Nov Dec
2013 > Jan Feb Mar Apr May Jun Jul Aug Sep Oct Nov Dec
2012 > Jan Feb Mar Apr May Jun Jul Aug Sep Oct Nov Dec
2011 > Jan Feb Mar Apr May Jun Jul Aug Sep Oct Nov Dec
2010 > Jan Feb Mar Apr May Jun Jul Aug Sep Oct Nov Dec
2009 > Jan Feb Mar Apr May Jun Jul Aug Sep Oct Nov Dec
2008 > Jan Feb Mar Apr May Jun Jul Aug Sep Oct Nov Dec

Report for 2013 Jun

Daily noaa report



                            MONTHLY CLIMATOLOGICAL SUMMARY for JUN. 2013

NAME: Home Weather Station Davis VP2   CITY: Beaconsfield STATE: Quebec, Canada
ELEV: 118 LAT: 045:25:46 LONG: 0073:51:35

                            TEMPERATURE ( C), RAIN (mm), WIND SPEED (kmh)

                                               HEAT     COOL           AVG
      MEAN                                     DEG      DEG            WIND                       DOM
DAY   TEMP    HIGH   TIME     LOW    TIME      DAYS     DAYS    RAIN   SPEED    HIGH    TIME      DIR
--------------------------------------------------------------------------------------------------------
01    24.0    29.5   14:45    19.2   22:10     00.0     05.7    11.4   00.5     55.5    20:29     SSW
02    20.9    25.1   14:04    18.3   07:25     00.0     02.6    12.4   01.2     27.8    15:45      S 
03    15.6    19.9   00:03    12.5   00:00     02.7     00.0    00.0   02.6     27.8    16:14     WSW
04    13.1    18.8   16:16    09.6   04:51     05.2     00.0    00.0   05.0     40.7    06:23     WNW
05    13.5    19.0   16:14    06.9   04:38     04.8     00.0    00.0   01.5     22.2    15:40     WNW
06    12.1    15.3   11:23    09.3   03:09     06.2     00.0    06.4   02.1     16.6    09:32      NE
07    12.2    13.6   14:45    11.4   09:23     06.1     00.0    09.6   07.1     29.6    10:04      E 
08    13.0    15.4   16:47    10.9   04:47     05.3     00.0    06.6   02.4     22.2    00:31      N 
09    18.2    25.8   16:04    13.8   01:07     00.1     00.0    00.0   02.1     29.6    15:28      NW
10    18.2    24.0   16:06    12.7   05:27     00.1     00.0    00.2   01.7     16.6    17:18      E 
11    13.6    15.7   00:03    12.0   19:45     04.7     00.0    27.4   08.0     31.4    19:27     ENE
12    15.2    22.7   14:03    12.1   05:04     03.1     00.0    05.0   03.9     25.9    01:02     NNW
13    16.6    22.3   13:49    10.3   05:15     01.7     00.0    00.2   02.2     20.4    12:24      E 
14    18.6    25.9   16:20    12.1   06:00     00.0     00.3    00.0   03.2     27.8    18:24      NW
15    17.9    24.3   16:21    10.4   05:47     00.4     00.0    00.0   01.9     29.6    17:18      W 
16    14.3    18.3   08:40    12.0   19:07     04.0     00.0    09.8   01.5     18.5    17:47     NNW
17    15.4    20.2   16:02    10.8   00:00     02.9     00.0    00.0   02.0     29.6    14:27     WNW
18    14.7    21.8   16:28    08.3   05:00     03.6     00.0    00.0   01.8     20.4    18:13     WNW
19    14.8    21.8   16:03    08.1   04:45     03.5     00.0    00.0   01.5     20.4    12:34      NW
20    16.6    23.7   15:06    09.2   05:32     01.7     00.0    00.0   00.3     14.8    16:11     SSE
21    20.7    27.7   15:45    14.2   05:31     00.0     02.4    00.0   00.6     16.6    09:42     WSW
22    18.9    20.5   00:01    18.2   06:29     00.0     00.6    12.0   02.0     18.5    16:41      E 
23    21.1    24.6   17:05    18.6   05:47     00.0     02.8    00.0   00.6     11.1    17:44     NNE
24    23.4    30.2   16:24    19.2   23:30     00.0     05.1    05.8   00.8     51.8    17:27     WSW
25    23.2    29.4   13:23    19.3   00:06     00.0     04.9    13.0   00.5     24.1    10:23      W 
26    21.2    24.3   18:35    16.7   00:00     00.0     02.9    01.4   01.4     16.6    20:07      N 
27    19.5    24.3   17:47    15.3   03:03     00.0     01.2    00.2   02.8     27.8    23:46      NE
28    14.9    16.0   00:01    13.7   22:11     03.4     00.0    18.4   07.1     38.9    12:42      N 
29    18.5    21.9   17:36    15.1   01:20     00.0     00.2    00.6   00.2     12.9    23:15     SSE
30    20.6    26.2   16:04    16.6   04:19     00.0     02.3    00.2   01.3     18.5    17:09     WNW
--------------------------------------------------------------------------------------------------------
17.3 (17.8)   30.2  day 24     06.9  day 05   059.6    030.8   140.8   02.3     55.5   day 24     NNW
Max >=  30: 1
Min <=   30: 30
Max Rain: 27.4 ON 11-06-16
Days of Rain: 18 (> .2mm) 12 (> 2mm) 1 (> 20mm)