NOAA style reports

NOAA-style Climate Reports

Select NOAA data to display

Select a Year or Month report
2021 > Jan Feb Mar Apr May Jun Jul Aug Sep Oct Nov Dec
2020 > Jan Feb Mar Apr May Jun Jul Aug Sep Oct Nov Dec
2019 > Jan Feb Mar Apr May Jun Jul Aug Sep Oct Nov Dec
2018 > Jan Feb Mar Apr May Jun Jul Aug Sep Oct Nov Dec
2017 > Jan Feb Mar Apr May Jun Jul Aug Sep Oct Nov Dec
2016 > Jan Feb Mar Apr May Jun Jul Aug Sep Oct Nov Dec
2015 > Jan Feb Mar Apr May Jun Jul Aug Sep Oct Nov Dec
2014 > Jan Feb Mar Apr May Jun Jul Aug Sep Oct Nov Dec
2013 > Jan Feb Mar Apr May Jun Jul Aug Sep Oct Nov Dec
2012 > Jan Feb Mar Apr May Jun Jul Aug Sep Oct Nov Dec
2011 > Jan Feb Mar Apr May Jun Jul Aug Sep Oct Nov Dec
2010 > Jan Feb Mar Apr May Jun Jul Aug Sep Oct Nov Dec
2009 > Jan Feb Mar Apr May Jun Jul Aug Sep Oct Nov Dec
2008 > Jan Feb Mar Apr May Jun Jul Aug Sep Oct Nov Dec

Report for 2013 Aug

Daily noaa report


                            MONTHLY CLIMATOLOGICAL SUMMARY for AUG. 2013

NAME: Home Weather Station Davis VP2   CITY: Beaconsfield STATE: Quebec, Canada
ELEV: 118 LAT: 045:25:46 LONG: 0073:51:35

                            TEMPERATURE ( C), RAIN (mm), WIND SPEED (kmh)

                                               HEAT     COOL           AVG
      MEAN                                     DEG      DEG            WIND                       DOM
DAY   TEMP    HIGH   TIME     LOW    TIME      DAYS     DAYS    RAIN   SPEED    HIGH    TIME      DIR
----------------------------------------------------------------------------------------------------------------------------------------------------------
01    21.1    26.1   13:00    19.1   00:00     00.0     02.8    10.4   00.9     20.4    13:46     ESE
02    20.6    25.2   15:26    17.6   03:17     00.0     02.3    00.4   00.6     18.5    18:09      W 
03    19.1    23.2   14:44    15.9   00:00     00.0     00.8    06.8   01.1     25.9    20:34     WNW
04    17.3    22.3   16:04    13.9   05:43     01.0     00.0    03.4   03.2     37.0    14:03     WNW
05    16.8    23.4   16:12    10.3   05:25     01.5     00.0    00.0   02.4     31.4    12:26     WNW
06    19.4    25.9   16:20    12.7   05:39     00.0     01.1    00.0   00.1     11.1    18:27      SE
07    21.3    26.5   13:19    15.3   04:46     00.0     03.0    01.0   01.4     18.5    10:31      SE
08    23.7    28.6   14:43    20.3   05:21     00.0     05.4    00.0   00.8     20.4    13:16     WNW
09    22.2    26.8   15:40    19.7   06:24     00.0     03.9    07.8   00.1     11.1    02:27      S 
10    19.4    22.9   16:07    15.4   00:00     00.0     01.1    00.0   03.5     35.1    09:42      W 
11    19.5    25.1   15:38    13.0   05:25     00.0     01.2    00.0   00.4     16.6    17:40      W 
12    21.0    26.4   16:05    15.9   06:20     00.0     02.7    00.0   00.6     18.5    13:22      W 
13    19.3    23.7   16:05    16.5   06:13     00.0     01.0    09.6   00.5     22.2    21:05      N 
14    17.2    21.4   14:12    14.2   00:00     01.1     00.0    01.2   02.5     27.8    16:12     WNW
15    18.6    23.9   16:07    13.1   06:45     00.0     00.3    00.0   01.1     18.5    15:26     WSW
16    18.4    23.2   13:31    14.9   05:40     00.0     00.1    00.6   00.5     16.6    13:19     WNW
17    18.1    24.2   16:11    12.1   06:28     00.2     00.0    00.0   00.2     09.3    07:41      SE
18    20.3    27.8   15:06    13.3   06:00     00.0     02.0    00.0   00.1     14.8    15:26      S 
19    22.0    28.2   15:41    17.4   06:12     00.0     03.7    00.0   00.9     22.2    15:39      W 
20    23.2    29.1   16:21    18.6   06:21     00.0     04.9    00.0   00.2     14.8    13:21     WSW
21    24.4    30.1   15:16    19.2   06:44     00.0     06.1    00.0   00.2     14.8    18:23     WSW
22    21.6    23.6   00:03    17.3   00:00     00.0     03.3    10.4   00.5     18.5    20:12     WNW
23    18.5    24.2   16:12    14.1   06:26     00.0     00.2    00.2   03.1     25.9    08:30     NNW
24    17.6    24.7   15:24    10.9   06:24     00.7     00.0    00.0   00.7     18.5    14:20     WNW
25    19.0    25.7   14:22    12.6   06:23     00.0     00.7    00.6   00.1     11.1    15:36     WSW
26    20.7    24.0   13:44    17.3   02:00     00.0     02.4    05.0   00.3     12.9    13:12      W 
27    22.5    25.6   15:06    20.5   00:31     00.0     04.2    00.0   00.2     11.1    12:45      W 
28    23.4    29.3   16:23    19.4   04:43     00.0     05.1    00.0   01.4     22.2    22:25      NE
29    20.7    24.7   15:28    16.9   07:00     00.0     02.4    00.0   04.4     20.4    03:04     NNE
30    20.7    26.1   13:03    16.4   06:00     00.0     02.4    11.4   00.5     29.6    17:45      NW
31    21.5    24.5   15:31    19.2   05:45     00.0     03.2    00.0   01.1     12.9    11:30      N 
----------------------------------------------------------------------------------------------------------------------------------------------------------
20.3 (20.6)   30.1  day 21     10.3  day 05   004.6    066.1   068.8   01.1     37.0   day 30     WNW
Max >=  30: 1
Min <=   30: 31
Max Rain: 11.4 ON 30-08-13
Days of Rain: 14 (> .2mm) 8 (> 2mm) 0 (> 20mm)