NOAA style reports

NOAA-style Climate Reports

Select NOAA data to display

Select a Year or Month report
2021 > Jan Feb Mar Apr May Jun Jul Aug Sep Oct Nov Dec
2020 > Jan Feb Mar Apr May Jun Jul Aug Sep Oct Nov Dec
2019 > Jan Feb Mar Apr May Jun Jul Aug Sep Oct Nov Dec
2018 > Jan Feb Mar Apr May Jun Jul Aug Sep Oct Nov Dec
2017 > Jan Feb Mar Apr May Jun Jul Aug Sep Oct Nov Dec
2016 > Jan Feb Mar Apr May Jun Jul Aug Sep Oct Nov Dec
2015 > Jan Feb Mar Apr May Jun Jul Aug Sep Oct Nov Dec
2014 > Jan Feb Mar Apr May Jun Jul Aug Sep Oct Nov Dec
2013 > Jan Feb Mar Apr May Jun Jul Aug Sep Oct Nov Dec
2012 > Jan Feb Mar Apr May Jun Jul Aug Sep Oct Nov Dec
2011 > Jan Feb Mar Apr May Jun Jul Aug Sep Oct Nov Dec
2010 > Jan Feb Mar Apr May Jun Jul Aug Sep Oct Nov Dec
2009 > Jan Feb Mar Apr May Jun Jul Aug Sep Oct Nov Dec
2008 > Jan Feb Mar Apr May Jun Jul Aug Sep Oct Nov Dec

Report for 2013 Sep

Daily noaa report


                            MONTHLY CLIMATOLOGICAL SUMMARY for SEP. 2013

NAME: Home Weather Station Davis VP2   CITY: Beaconsfield STATE: Quebec, Canada
ELEV: 118 LAT: 045:25:46 LONG: 0073:51:35

                            TEMPERATURE ( C), RAIN (mm), WIND SPEED (kmh)

                                               HEAT     COOL           AVG
      MEAN                                     DEG      DEG            WIND                       DOM
DAY   TEMP    HIGH   TIME     LOW    TIME      DAYS     DAYS    RAIN   SPEED    HIGH    TIME      DIR
----------------------------------------------------------------------------------------------------------------------------------------------------------
01    22.3    26.1   16:17    17.9   07:04     00.0     04.0    00.0   02.2     20.4    23:20     ENE
02    19.4    23.3   15:23    16.1   07:34     00.0     01.1    10.8   03.3     20.4    03:34     NNE
03    18.7    21.6   15:15    16.2   07:18     00.0     00.4    00.0   00.9     25.9    21:02      W 
04    16.2    18.5   16:46    12.5   23:15     02.1     00.0    00.0   00.9     20.4    09:21     WNW
05    13.3    17.8   13:46    08.8   00:00     05.0     00.0    00.0   02.4     27.8    12:12     WNW
06    14.0    20.3   14:03    06.3   06:28     04.3     00.0    00.0   00.7     18.5    19:05     WSW
07    17.9    21.4   10:47    15.7   06:47     00.4     00.0    00.0   00.8     20.4    11:32      W 
08    14.3    18.3   14:23    08.4   00:00     04.0     00.0    00.4   04.2     31.4    15:47     WNW
09    13.7    20.5   13:43    06.8   05:26     04.6     00.0    00.0   00.2     18.5    13:03     WSW
10    16.8    18.8   15:20    14.8   07:11     01.5     00.0    02.6   00.8     12.9    21:08      E 
11    21.9    30.0   14:13    16.4   07:13     00.0     03.6    10.4   00.6     22.2    14:02     WNW
12    20.6    23.1   14:32    18.3   00:00     00.0     02.3    26.6   00.3     20.4    17:16      W 
13    14.6    18.3   00:18    11.9   00:00     03.7     00.0    05.2   03.3     18.5    17:47     WNW
14    12.0    15.2   17:01    09.6   23:20     06.3     00.0    00.2   01.0     18.5    17:29     WNW
15    14.5    18.6   14:28    09.6   03:09     03.8     00.0    00.8   00.3     14.8    03:35      W 
16    10.7    14.6   00:01    07.5   00:00     07.6     00.0    09.4   03.9     24.1    15:42     NNW
17    11.1    17.7   13:46    05.4   05:47     07.2     00.0    00.0   00.4     18.5    14:14     NNW
18    13.4    20.3   13:42    07.4   07:12     04.9     00.0    00.0   00.1     12.9    12:11      W 
19    15.2    22.3   13:43    08.6   07:01     03.1     00.0    00.0   00.1     11.1    14:06      SW
20    18.2    24.5   13:44    12.4   06:21     00.1     00.0    00.0   00.6     14.8    13:31     ESE
21    18.1    20.3   13:14    16.0   00:00     00.2     00.0    06.8   00.6     12.9    09:32     SSW
22    13.1    16.0   00:01    08.8   00:00     05.2     00.0    06.0   03.8     35.1    16:19     WNW
23    09.8    13.2   14:41    06.3   06:05     08.5     00.0    00.0   04.0     25.9    15:25     WNW
24    12.2    17.7   16:36    07.9   06:46     06.1     00.0    00.0   02.5     24.1    14:29     WNW
25    11.9    17.0   13:22    07.1   07:02     06.4     00.0    00.0   00.9     14.8    17:47     ENE
26    12.2    17.1   14:38    07.3   06:39     06.1     00.0    00.0   01.0     16.6    17:00     ENE
27    14.0    18.1   15:40    10.8   05:04     04.3     00.0    00.0   00.3     07.4    08:47     ENE
28    14.2    20.2   16:36    09.0   06:35     04.1     00.0    00.0   00.0     05.5    16:36     ESE
29    15.2    21.4   15:32    09.5   06:38     03.1     00.0    00.0   00.1     09.3    17:13     ESE
30    15.4    21.4   15:30    10.2   05:24     02.9     00.0    00.0   00.1     07.4    14:24      E 
----------------------------------------------------------------------------------------------------------------------------------------------------------
15.2 (15.3)   30.0  day 11     05.4  day 17   105.5    011.3   079.2   01.3     35.2   day 08      NW
Max >=  30: 1
Min <=   30: 30
Max Rain: 26.6 ON 12-09-13
Days of Rain: 11 (> .2mm) 8 (> 2mm) 1 (> 20mm)