NOAA style reports

NOAA-style Climate Reports

Select NOAA data to display

Select a Year or Month report
2021 > Jan Feb Mar Apr May Jun Jul Aug Sep Oct Nov Dec
2020 > Jan Feb Mar Apr May Jun Jul Aug Sep Oct Nov Dec
2019 > Jan Feb Mar Apr May Jun Jul Aug Sep Oct Nov Dec
2018 > Jan Feb Mar Apr May Jun Jul Aug Sep Oct Nov Dec
2017 > Jan Feb Mar Apr May Jun Jul Aug Sep Oct Nov Dec
2016 > Jan Feb Mar Apr May Jun Jul Aug Sep Oct Nov Dec
2015 > Jan Feb Mar Apr May Jun Jul Aug Sep Oct Nov Dec
2014 > Jan Feb Mar Apr May Jun Jul Aug Sep Oct Nov Dec
2013 > Jan Feb Mar Apr May Jun Jul Aug Sep Oct Nov Dec
2012 > Jan Feb Mar Apr May Jun Jul Aug Sep Oct Nov Dec
2011 > Jan Feb Mar Apr May Jun Jul Aug Sep Oct Nov Dec
2010 > Jan Feb Mar Apr May Jun Jul Aug Sep Oct Nov Dec
2009 > Jan Feb Mar Apr May Jun Jul Aug Sep Oct Nov Dec
2008 > Jan Feb Mar Apr May Jun Jul Aug Sep Oct Nov Dec

Report for 2013 Oct

Daily noaa report


                            MONTHLY CLIMATOLOGICAL SUMMARY for OCT. 2013

NAME: Home Weather Station Davis VP2   CITY: Beaconsfield STATE: Quebec, Canada
ELEV: 118 LAT: 045:25:46 LONG: 0073:51:35

                            TEMPERATURE ( C), RAIN (mm), WIND SPEED (kmh)

                                               HEAT     COOL           AVG
      MEAN                                     DEG      DEG            WIND                       DOM
DAY   TEMP    HIGH   TIME     LOW    TIME      DAYS     DAYS    RAIN   SPEED    HIGH    TIME      DIR
----------------------------------------------------------------------------------------------------------------------------------------------------------
01    17.2    23.0   15:28    12.1   03:32     01.1     00.0    00.0   00.1     14.8    11:40      SE
02    18.7    24.3   14:08    13.3   00:00     00.0     00.4    00.0   02.3     37.0    14:38      W 
03    14.5    19.1   15:33    10.3   07:03     03.8     00.0    00.0   00.2     11.1    09:36     SSW
04    15.1    17.6   14:09    13.1   00:00     03.2     00.0    00.0   02.2     18.5    09:00      NE
05    14.3    17.5   13:39    12.4   08:20     04.0     00.0    00.0   02.1     18.5    11:43      NE
06    12.4    14.7   14:08    08.7   07:08     05.9     00.0    05.2   06.4     27.8    12:07     ENE
07    16.1    22.8   12:45    12.4   00:00     02.2     00.0    07.0   04.1     37.0    14:09     SSE
08    10.1    14.6   15:24    06.7   00:00     08.2     00.0    00.0   02.5     29.6    00:41      W 
09    10.3    16.9   15:28    04.7   07:19     08.0     00.0    00.0   00.1     05.5    17:15      E 
10    11.6    17.8   15:28    06.1   05:41     06.7     00.0    00.0   00.0     05.5    13:32      SE
11    12.4    18.8   15:28    07.1   04:28     05.9     00.0    00.0   00.2     07.4    09:25     ENE
12    14.9    20.7   16:34    09.7   07:34     03.4     00.0    00.0   03.4     20.4    04:44      NE
13    15.0    19.7   15:22    10.1   08:02     03.3     00.0    00.0   02.6     14.8    16:18      E 
14    14.7    17.3   16:13    11.1   23:08     03.6     00.0    02.4   00.1     07.4    12:20      SE
15    13.8    16.3   16:20    11.8   08:20     04.5     00.0    00.2   02.1     12.9    15:28      NE
16    15.6    17.8   11:01    13.9   01:07     02.7     00.0    02.2   01.5     14.8    19:30     ESE
17    14.2    17.2   15:05    11.9   07:20     04.1     00.0    07.2   00.8     22.2    13:34      W 
18    12.4    15.2   14:44    10.7   00:00     05.9     00.0    04.2   01.4     29.6    15:36      W 
19    11.5    15.4   16:19    06.6   07:34     06.8     00.0    01.8   01.0     16.6    16:00     ESE
20    09.5    12.7   15:27    04.1   00:00     08.8     00.0    02.8   04.5     35.1    16:35     WSW
21    08.9    13.4   16:38    03.0   05:31     09.4     00.0    00.4   01.4     16.6    19:43      E 
22    10.3    13.7   02:38    06.6   00:00     08.0     00.0    01.4   02.0     31.4    14:15      SW
23    06.1    09.6   15:39    02.9   23:07     12.2     00.0    00.0   00.9     18.5    13:41      W 
24    04.0    06.8   15:10   -00.3   07:06     14.3     00.0    00.0   03.1     33.3    14:44      W 
25    03.7    08.3   14:00   -00.3   23:25     14.6     00.0    00.0   02.2     27.8    13:00      W 
26    04.9    06.8   15:16   -00.1   00:01     13.4     00.0    03.0   02.0     18.5    16:08      S 
27    05.9    07.8   15:26    02.7   22:30     12.4     00.0    00.8   02.7     31.4    16:07      W 
28    04.4    07.2   13:08   -01.5   00:00     13.9     00.0    01.6   04.4     44.4    11:00     WNW
29   -00.1    04.4   16:02   -03.3   07:32     18.4     00.0    00.0   00.7     16.6    11:17     WNW
30    02.5    07.2   16:23   -01.5   04:29     15.8     00.0    00.0   01.0     24.1    13:31      W 
31    07.5    12.2   00:00    00.4   01:01     10.8     00.0    15.0   02.0     20.4    08:11     ESE
----------------------------------------------------------------------------------------------------------------------------------------------------------
10.7 (10.7)   24.3  day 02    -03.3  day 29   235.3    000.4   055.4   01.9     44.4   day 02      W 
Min <=   30: 31
Max Rain: 15.0 ON 31-10-13
Days of Rain: 15 (> .2mm) 9 (> 2mm) 0 (> 20mm)