NOAA style reports

NOAA-style Climate Reports

Select NOAA data to display

Select a Year or Month report
2021 > Jan Feb Mar Apr May Jun Jul Aug Sep Oct Nov Dec
2020 > Jan Feb Mar Apr May Jun Jul Aug Sep Oct Nov Dec
2019 > Jan Feb Mar Apr May Jun Jul Aug Sep Oct Nov Dec
2018 > Jan Feb Mar Apr May Jun Jul Aug Sep Oct Nov Dec
2017 > Jan Feb Mar Apr May Jun Jul Aug Sep Oct Nov Dec
2016 > Jan Feb Mar Apr May Jun Jul Aug Sep Oct Nov Dec
2015 > Jan Feb Mar Apr May Jun Jul Aug Sep Oct Nov Dec
2014 > Jan Feb Mar Apr May Jun Jul Aug Sep Oct Nov Dec
2013 > Jan Feb Mar Apr May Jun Jul Aug Sep Oct Nov Dec
2012 > Jan Feb Mar Apr May Jun Jul Aug Sep Oct Nov Dec
2011 > Jan Feb Mar Apr May Jun Jul Aug Sep Oct Nov Dec
2010 > Jan Feb Mar Apr May Jun Jul Aug Sep Oct Nov Dec
2009 > Jan Feb Mar Apr May Jun Jul Aug Sep Oct Nov Dec
2008 > Jan Feb Mar Apr May Jun Jul Aug Sep Oct Nov Dec

Report for 2013 Nov

Daily noaa report


                            MONTHLY CLIMATOLOGICAL SUMMARY for NOV. 2013

NAME: Home Weather Station Davis VP2   CITY: Beaconsfield STATE: Quebec, Canada
ELEV: 118 LAT: 045:25:46 LONG: 0073:51:35

                            TEMPERATURE ( C), RAIN (mm), WIND SPEED (kmh)

                                               HEAT     COOL           AVG
      MEAN                                     DEG      DEG            WIND                       DOM
DAY   TEMP    HIGH   TIME     LOW    TIME      DAYS     DAYS    RAIN   SPEED    HIGH    TIME      DIR
----------------------------------------------------------------------------------------------------------------------------------------------------------
02    08.9    18.1   12:21    01.3   00:00     09.4     00.0    02.0   04.6     40.7    12:45      NW
03    00.7    04.8   13:35   -02.1   06:32     17.6     00.0    00.0   04.0     22.2    11:07      NW
04    00.3    04.4   13:34   -04.7   06:16     18.0     00.0    00.0   02.8     22.2    21:23      NE
05    05.1    09.5   13:33    01.2   03:10     13.2     00.0    00.0   02.9     18.5    03:29     ESE
06    09.4    13.4   13:23    04.1   02:20     08.9     00.0    02.6   02.0     16.6    07:17     ESE
07    08.2    14.6   04:01    02.4   00:00     10.1     00.0    01.8   08.6     40.7    08:07     WSW
08    03.1    04.4   14:20    02.0   05:44     15.2     00.0    00.0   08.8     44.4    15:11     WSW
09    02.8    04.4   15:00   -00.1   06:37     15.5     00.0    00.0   04.9     31.4    03:01      SW
10    04.4    06.1   15:37    03.0   00:00     13.9     00.0    10.4   05.6     35.1    23:44     SSW
11    02.4    04.2   12:32   -01.8   00:00     15.9     00.0    04.6   09.2     42.5    02:16     WSW
12   -02.0    00.6   14:01   -04.1   00:00     20.3     00.0    00.2   11.2     48.1    12:46     WSW
13   -02.6    02.1   00:00   -06.6   07:21     20.9     00.0    00.0   07.5     37.0    09:39      SW
14    04.2    07.5   14:25    02.0   01:08     14.1     00.0    00.0   06.7     27.8    13:36     SSW
15    06.9    11.1   14:20    02.2   00:01     11.4     00.0    00.0   03.6     22.2    13:32     SSW
16    06.8    14.0   13:20    01.7   07:25     11.5     00.0    00.0   01.1     12.9    14:16      SE
17    08.8    12.2   23:25    03.7   02:30     09.5     00.0    04.4   05.3     31.4    23:21     ESE
18    09.6    12.9   03:24    02.2   23:29     08.7     00.0    07.0   13.3     66.6    22:39     SSW
19    00.7    02.3   00:01   -01.9   00:00     17.6     00.0    00.0   12.7     48.1    00:48      W 
20   -01.5    02.9   13:23   -04.8   07:08     19.8     00.0    00.0   02.0     14.8    23:46     SSW
21    01.0    03.8   13:44   -02.9   07:27     17.3     00.0    00.0   03.4     22.2    05:16     ENE
22    03.6    05.2   13:09    01.7   07:43     14.7     00.0    05.0   02.9     44.4    22:39     WNW
23   -01.6    02.4   00:01   -05.4   00:00     19.9     00.0    00.0   13.3     50.0    03:04      W 
24   -07.0   -04.6   14:13   -10.8   00:00     25.3     00.0    00.0   17.2     55.5    19:21      W 
25   -06.2    01.2   00:00   -12.2   06:39     24.5     00.0    00.0   06.2     31.4    01:20      S 
26    01.7    03.4   13:11    00.7   22:40     16.6     00.0    00.0   05.8     25.9    21:12     SSE
27    00.7    01.8   12:08   -03.1   00:00     17.6     00.0    15.0   08.2     42.5    22:39      W 
28   -06.1   -03.2   00:01   -08.6   07:28     24.4     00.0    00.0   11.7     48.1    11:31     WSW
29   -08.2   -03.8   13:46   -11.2   05:40     26.5     00.0    00.0   03.9     18.5    11:44     WSW
30   -07.7   -03.8   17:12   -12.6   05:03     26.0     00.0    00.0   03.4     20.4    11:10      NE
----------------------------------------------------------------------------------------------------------------------------------------------------------
01.6 (1.5)   18.1  day 01    -12.6  day 30   484.2    000.0   071.8   06.7     66.6   day 24     WSW
Max <=   0: 4
Min <=   30: 29
Min <=  -5: 7
Min <= -10: 4
Max Rain: 15.0 ON 27-11-13
Days of Rain: 10 (> .2mm) 7 (> 2mm) 0 (> 20mm)