NOAA style reports

NOAA-style Climate Reports

Select NOAA data to display

Select a Year or Month report
2021 > Jan Feb Mar Apr May Jun Jul Aug Sep Oct Nov Dec
2020 > Jan Feb Mar Apr May Jun Jul Aug Sep Oct Nov Dec
2019 > Jan Feb Mar Apr May Jun Jul Aug Sep Oct Nov Dec
2018 > Jan Feb Mar Apr May Jun Jul Aug Sep Oct Nov Dec
2017 > Jan Feb Mar Apr May Jun Jul Aug Sep Oct Nov Dec
2016 > Jan Feb Mar Apr May Jun Jul Aug Sep Oct Nov Dec
2015 > Jan Feb Mar Apr May Jun Jul Aug Sep Oct Nov Dec
2014 > Jan Feb Mar Apr May Jun Jul Aug Sep Oct Nov Dec
2013 > Jan Feb Mar Apr May Jun Jul Aug Sep Oct Nov Dec
2012 > Jan Feb Mar Apr May Jun Jul Aug Sep Oct Nov Dec
2011 > Jan Feb Mar Apr May Jun Jul Aug Sep Oct Nov Dec
2010 > Jan Feb Mar Apr May Jun Jul Aug Sep Oct Nov Dec
2009 > Jan Feb Mar Apr May Jun Jul Aug Sep Oct Nov Dec
2008 > Jan Feb Mar Apr May Jun Jul Aug Sep Oct Nov Dec

Report for 2013 Dec

Daily noaa report


                            MONTHLY CLIMATOLOGICAL SUMMARY for DEC. 2013

NAME: Home Weather Station Davis VP2   CITY: Beaconsfield STATE: Quebec, Canada
ELEV: 118 LAT: 045:25:46 LONG: 0073:51:35

                            TEMPERATURE ( C), RAIN (mm), WIND SPEED (kmh)

                                               HEAT     COOL           AVG
      MEAN                                     DEG      DEG            WIND                       DOM
DAY   TEMP    HIGH   TIME     LOW    TIME      DAYS     DAYS    RAIN   SPEED    HIGH    TIME      DIR
----------------------------------------------------------------------------------------------------------------------------------------------------------
01   -03.1   -01.1   21:13   -06.6   00:34     21.4     00.0    00.0   04.1     18.5    23:34      N 
02   -00.4    01.1   12:44   -01.9   01:18     18.7     00.0    00.2   04.3     18.5    03:38     NNE
03    00.5    01.5   10:43   -00.4   04:25     17.8     00.0    00.6   01.6     18.5    22:31     WNW
04    00.4    03.2   13:29   -03.1   07:31     17.9     00.0    01.2   02.9     20.4    23:43      N 
05    03.4    09.6   20:41   -00.2   04:16     14.9     00.0    10.8   05.2     38.9    21:34     NNW
06    02.4    05.4   00:01   -00.7   00:00     15.9     00.0    00.6   09.3     42.6    12:22     WSW
07   -02.9   -00.7   00:13   -05.3   23:02     21.2     00.0    00.0   09.2     35.2    11:22     WSW
08   -04.9   -00.8   13:41   -08.7   06:36     23.2     00.0    00.0   03.0     20.4    23:40     WNW
09   -00.9    03.1   18:35   -04.2   07:40     19.2     00.0    00.6   11.2     37.0    08:04     ESE
10   -02.9    02.1   00:07   -07.7   23:22     21.2     00.0    00.2   09.4     42.6    03:42     WSW
11   -07.0   -04.4   11:31   -12.3   00:00     25.3     00.0    00.0   07.6     31.5    15:36     WSW
12   -11.5   -06.8   20:30   -17.6   08:00     29.8     00.0    00.0   04.3     25.9    21:29      SW
13   -12.3   -07.6   00:22   -18.7   23:46     30.6     00.0    00.4   07.4     44.4    07:03      W 
14   -17.3   -15.4   00:00   -19.9   07:31     35.6     00.0    01.4   06.3     31.5    23:27     NNE
15   -11.9   -09.8   11:01   -15.4   00:01     30.2     00.0    18.4   08.2     33.3    06:24      N 
16   -16.6   -12.1   00:15   -20.1   22:18     34.9     00.0    00.0   07.0     29.6    14:06      SW
17   -17.8   -14.1   00:00   -22.9   06:19     36.1     00.0    00.0   04.5     25.9    18:37      N 
18   -10.1   -07.2   14:00   -14.1   00:01     28.4     00.0    00.0   02.0     13.0    20:47      N 
19   -02.5    00.7   20:23   -07.8   00:24     20.8     00.0    00.6   02.0     13.0    20:01     SSW
20   -05.1   -00.3   00:01   -07.5   10:31     23.4     00.0    10.2   07.0     35.2    11:04      N 
21   -06.5   -05.6   21:01   -07.2   08:29     24.8     00.0    09.2   05.8     22.2    09:24      N 
22   -07.0   -06.2   10:32   -07.9   00:00     25.3     00.0    17.8   11.5     50.0    08:24      N 
23   -06.2   -04.7   13:28   -08.0   00:40     24.5     00.0    00.8   03.7     22.2    22:13     WNW
24   -12.9   -07.2   00:01   -16.1   00:00     31.2     00.0    00.0   04.2     18.5    21:07     WSW
25   -16.1   -13.0   22:38   -19.7   08:01     34.4     00.0    00.0   03.7     20.4    21:32      SW
26   -10.9   -07.6   14:11   -14.7   03:46     29.2     00.0    00.6   04.4     20.4    03:41      N 
27   -06.5   -02.3   14:15   -08.8   04:16     24.8     00.0    00.0   02.3     14.8    13:23      SW
28    00.2    02.7   11:30   -08.0   00:01     18.1     00.0    00.0   04.2     22.2    08:13     SSW
29   -05.7    02.2   01:17   -09.6   23:12     24.0     00.0    00.0   06.9     31.5    05:01      N 
30   -13.3   -07.0   05:16   -17.9   22:33     31.6     00.0    00.0   07.3     42.6    05:26     WSW
31   -16.8   -14.2   13:15   -19.9   23:00     35.1     00.0    00.2   02.5     18.5    14:32      N 
----------------------------------------------------------------------------------------------------------------------------------------------------------
-7.2 (-7.2)   09.6  day 05    -22.9  day 17   789.4    000.0   073.8   05.6     50.0   day 13     WNW
Max <=   0: 21
Min <=   30: 31
Min <= -18: 6
Max <=  -5: 14
Min <=  -5: 25
Max <= -10: 5
Min <= -10: 13
Max <= -15: 1
Min <= -15: 10
Min <= -20: 2
Max Rain: 18.4 ON 15-12-14
Days of Rain: 16 (> .2mm) 5 (> 2mm) 0 (> 20mm)