NOAA style reports

NOAA-style Climate Reports

Select NOAA data to display

Select a Year or Month report
2021 > Jan Feb Mar Apr May Jun Jul Aug Sep Oct Nov Dec
2020 > Jan Feb Mar Apr May Jun Jul Aug Sep Oct Nov Dec
2019 > Jan Feb Mar Apr May Jun Jul Aug Sep Oct Nov Dec
2018 > Jan Feb Mar Apr May Jun Jul Aug Sep Oct Nov Dec
2017 > Jan Feb Mar Apr May Jun Jul Aug Sep Oct Nov Dec
2016 > Jan Feb Mar Apr May Jun Jul Aug Sep Oct Nov Dec
2015 > Jan Feb Mar Apr May Jun Jul Aug Sep Oct Nov Dec
2014 > Jan Feb Mar Apr May Jun Jul Aug Sep Oct Nov Dec
2013 > Jan Feb Mar Apr May Jun Jul Aug Sep Oct Nov Dec
2012 > Jan Feb Mar Apr May Jun Jul Aug Sep Oct Nov Dec
2011 > Jan Feb Mar Apr May Jun Jul Aug Sep Oct Nov Dec
2010 > Jan Feb Mar Apr May Jun Jul Aug Sep Oct Nov Dec
2009 > Jan Feb Mar Apr May Jun Jul Aug Sep Oct Nov Dec
2008 > Jan Feb Mar Apr May Jun Jul Aug Sep Oct Nov Dec

Report for 2014 Jan

Daily noaa report


                            MONTHLY CLIMATOLOGICAL SUMMARY for JAN. 2014

NAME: Home Weather Station Davis VP2   CITY: Beaconsfield STATE: Quebec, Canada
ELEV: 118 LAT: 045:25:46 LONG: 0073:51:35

                            TEMPERATURE ( C), RAIN (mm), WIND SPEED (kmh)

                                               HEAT     COOL           AVG
      MEAN                                     DEG      DEG            WIND                       DOM
DAY   TEMP    HIGH   TIME     LOW    TIME      DAYS     DAYS    RAIN   SPEED    HIGH    TIME      DIR
----------------------------------------------------------------------------------------------------------------------------------------------------------
01   -18.6   -16.0   10:05   -23.7   23:01     36.9     00.0    00.0   05.5     33.3    13:00      W 
02   -24.3   -22.6   00:00   -26.3   08:16     42.6     00.0    00.0   08.8     31.4    23:56      N 
03   -21.8   -17.9   14:05   -24.2   23:24     40.1     00.0    00.0   06.2     33.3    01:06      NW
04   -15.7   -08.8   15:40   -24.2   00:17     34.0     00.0    00.0   04.6     18.5    20:22      NE
05   -06.9   -00.4   00:00   -12.7   00:05     25.2     00.0    09.0   03.0     20.4    22:19     NNE
06   -01.4    05.5   08:56   -10.4   00:00     19.7     00.0    08.6   10.8     46.3    10:42      SW
07   -13.9   -10.4   00:01   -16.3   07:50     32.2     00.0    00.0   13.1     40.7    16:21      SW
08   -11.4   -08.3   14:14   -14.3   01:02     29.7     00.0    00.0   08.1     33.3    00:31      SW
09   -10.4   -06.7   14:17   -13.7   00:00     28.7     00.0    00.0   04.8     31.4    09:58      SW
10   -08.2   -03.7   14:04   -14.7   03:08     26.5     00.0    00.0   01.8     09.3    20:27      NE
11   -00.2    05.9   22:11   -05.9   03:58     18.5     00.0    07.0   04.3     31.4    23:16     NNW
12    02.2    04.9   00:01    00.8   00:00     16.1     00.0    00.0   11.1     37.0    08:02      SW
13    01.7    04.4   14:33   -01.6   06:48     16.6     00.0    00.0   02.6     18.5    17:57     ESE
14    02.7    04.5   13:43   -00.4   00:00     15.6     00.0    02.2   02.2     22.2    21:13     SSW
15   -00.9    01.2   16:19   -04.3   07:15     19.2     00.0    00.0   02.8     24.1    15:48     SSW
16   -01.7    00.8   14:02   -04.9   23:17     20.0     00.0    00.0   01.8     18.5    12:11     SSW
17   -02.5   -00.5   13:08   -04.6   00:02     20.8     00.0    00.0   01.7     18.5    22:41      E 
18   -01.6    03.4   13:50   -06.2   07:19     19.9     00.0    00.0   02.1     18.5    15:02     WSW
19   -03.8   -02.4   20:59   -05.6   00:00     22.1     00.0    00.4   08.5     40.7    23:14      SW
20   -12.8   -05.6   00:05   -19.6   00:00     31.1     00.0    00.4   07.2     31.4    00:59      W 
21   -20.9   -17.6   14:54   -23.5   23:48     39.2     00.0    00.0   02.8     18.5    13:47      W 
22   -21.1   -17.0   14:26   -25.0   07:58     39.4     00.0    00.0   03.9     22.2    19:31     WSW
23   -20.2   -16.8   13:41   -23.1   07:06     38.5     00.0    00.0   05.6     24.1    19:25      SW
24   -17.6   -10.7   00:00   -23.6   07:55     35.9     00.0    00.0   05.3     22.2    10:27      S 
25   -08.3   -05.4   21:54   -11.9   00:00     26.6     00.0    00.2   09.3     55.5    23:04     SSE
26   -17.2   -11.9   00:01   -21.3   07:55     35.5     00.0    00.0   07.4     44.4    02:23      SW
27   -12.8   -06.2   12:30   -18.2   00:00     31.1     00.0    03.2   07.9     50.0    14:52     WSW
28   -14.4   -09.6   13:59   -19.6   05:40     32.7     00.0    00.0   07.8     33.3    17:52     SSW
29   -11.7   -09.1   14:42   -14.5   06:58     30.0     00.0    00.0   07.2     35.1    15:21     SSW
30   -08.3   -02.6   13:56   -13.5   06:56     26.6     00.0    00.0   03.6     18.5    01:16     SSE
31   -02.1    01.8   12:21   -05.8   00:52     20.4     00.0    00.0   07.2     33.3    05:04      SW
----------------------------------------------------------------------------------------------------------------------------------------------------------
-9.8 (-9.8)   05.9  day 11    -26.3  day 02   871.5    000.0   031.0   05.8     55.5   day 25      SW
Max <=   0: 22
Min <=   30: 31
Min <= -18: 12
Max <=  -5: 17
Min <=  -5: 25
Max <= -10: 9
Min <= -10: 21
Max <= -15: 6
Min <= -15: 13
Max <= -20: 1
Min <= -20: 9
Min <= -25: 1
Max Rain: 9.0 ON 5-01-14
Days of Rain: 8 (> .2mm) 5 (> 2mm) 0 (> 20mm)