NOAA style reports

NOAA-style Climate Reports

Select NOAA data to display

Select a Year or Month report
2022 > Jan Feb Mar Apr May Jun Jul Aug Sep Oct Nov Dec
2021 > Jan Feb Mar Apr May Jun Jul Aug Sep Oct Nov Dec
2020 > Jan Feb Mar Apr May Jun Jul Aug Sep Oct Nov Dec
2019 > Jan Feb Mar Apr May Jun Jul Aug Sep Oct Nov Dec
2018 > Jan Feb Mar Apr May Jun Jul Aug Sep Oct Nov Dec
2017 > Jan Feb Mar Apr May Jun Jul Aug Sep Oct Nov Dec
2016 > Jan Feb Mar Apr May Jun Jul Aug Sep Oct Nov Dec
2015 > Jan Feb Mar Apr May Jun Jul Aug Sep Oct Nov Dec
2014 > Jan Feb Mar Apr May Jun Jul Aug Sep Oct Nov Dec
2013 > Jan Feb Mar Apr May Jun Jul Aug Sep Oct Nov Dec
2012 > Jan Feb Mar Apr May Jun Jul Aug Sep Oct Nov Dec
2011 > Jan Feb Mar Apr May Jun Jul Aug Sep Oct Nov Dec
2010 > Jan Feb Mar Apr May Jun Jul Aug Sep Oct Nov Dec
2009 > Jan Feb Mar Apr May Jun Jul Aug Sep Oct Nov Dec
2008 > Jan Feb Mar Apr May Jun Jul Aug Sep Oct Nov Dec

Report for 2014 Feb

Daily noaa report


                            MONTHLY CLIMATOLOGICAL SUMMARY for FEB. 2014

NAME: Home Weather Station Davis VP2   CITY: Beaconsfield STATE: Quebec, Canada
ELEV: 118 LAT: 045:25:46 LONG: 0073:51:35

                            TEMPERATURE ( C), RAIN (mm), WIND SPEED (kmh)

                                               HEAT     COOL           AVG
      MEAN                                     DEG      DEG            WIND                       DOM
DAY   TEMP    HIGH   TIME     LOW    TIME      DAYS     DAYS    RAIN   SPEED    HIGH    TIME      DIR
----------------------------------------------------------------------------------------------------------------------------------------------------------
01   -05.0   -01.4   14:52   -11.3   07:18     23.3     00.0    07.2   02.1     18.5    17:27      NE
02   -03.1   -00.8   12:45   -07.2   00:00     21.4     00.0    04.8   04.0     24.1    13:52     WSW
03   -09.6   -05.6   14:03   -14.6   23:29     27.9     00.0    00.0   01.7     12.9    14:15     NNE
04   -10.4   -05.5   13:35   -16.1   03:55     28.7     00.0    00.0   02.4     18.5    16:26      SW
05   -09.6   -08.2   08:33   -14.3   00:00     27.9     00.0    02.6   05.9     35.1    16:06      N 
06   -14.6   -10.2   15:01   -19.4   07:57     32.9     00.0    00.0   02.4     18.5    14:49     SSW
07   -09.1   -07.0   11:11   -12.1   07:55     27.4     00.0    00.0   08.6     35.1    23:37      SW
08   -09.0   -05.2   13:13   -12.2   01:27     27.3     00.0    00.0   06.4     24.1    13:28      SW
09   -08.5   -06.4   12:53   -10.7   07:27     26.8     00.0    00.0   01.3     11.1    12:38     ESE
10   -09.9   -06.2   13:54   -14.2   00:00     28.2     00.0    00.2   03.9     22.2    14:36     WSW
11   -14.5   -10.5   13:54   -18.3   23:35     32.8     00.0    00.0   04.6     24.1    13:24      W 
12   -15.6   -09.1   15:31   -22.7   07:03     33.9     00.0    00.0   01.9     14.8    15:11     ENE
13   -11.0   -06.3   22:47   -17.1   04:35     29.3     00.0    00.2   07.7     44.4    22:55      N 
14   -04.5   -02.0   12:30   -06.6   00:01     22.8     00.0    12.0   10.5     51.8    02:18      NW
15   -06.6   -04.1   14:23   -10.3   00:00     24.9     00.0    00.0   02.4     18.5    09:56     NNW
16   -12.3   -09.5   14:09   -15.4   23:10     30.6     00.0    00.0   09.4     38.9    10:11     WSW
17   -14.1   -09.1   15:39   -17.2   22:01     32.4     00.0    00.0   04.7     24.1    08:32      SW
18   -10.1   -03.8   17:07   -15.9   00:37     28.4     00.0    00.8   05.2     22.2    13:56     NNE
19   -02.6    01.0   13:50   -07.1   03:03     20.9     00.0    00.0   04.2     27.8    09:43      E 
20   -00.5    03.1   15:03   -04.0   06:41     18.8     00.0    00.0   04.7     24.1    10:40      SW
21    01.2    03.8   15:29   -00.4   04:50     17.1     00.0    14.4   07.7     38.9    11:16      E 
22    02.3    06.7   13:08   -01.6   23:45     16.0     00.0    00.0   10.8     42.5    15:45      SW
23   -01.0    01.9   14:16   -03.8   00:00     19.3     00.0    00.0   08.4     33.3    23:48      SW
24   -07.5   -03.8   00:03   -10.4   00:00     25.8     00.0    00.0   10.6     44.4    12:54     WSW
25   -10.9   -08.6   15:16   -13.2   05:46     29.2     00.0    00.0   05.0     31.4    14:21     WSW
26   -11.6   -09.2   08:52   -15.2   00:00     29.9     00.0    00.4   06.2     38.9    14:32      SW
27   -10.8   -06.6   13:02   -15.8   00:53     29.1     00.0    00.0   06.3     27.8    21:33      S 
28   -14.9   -11.8   15:41   -18.2   07:15     33.2     00.0    00.0   06.8     31.4    00:08      SW
----------------------------------------------------------------------------------------------------------------------------------------------------------
-8.4 (-8.6)   06.7  day 22    -22.7  day 12   746.3    000.0   042.6   05.6     51.8   day 24     WSW
Max <=   0: 23
Min <=   30: 28
Min <= -18: 4
Max <=  -5: 17
Min <=  -5: 24
Max <= -10: 3
Min <= -10: 21
Min <= -15: 11
Min <= -20: 1
Max Rain: 14.4 ON 21-02-14
Days of Rain: 9 (> .2mm) 5 (> 2mm) 0 (> 20mm)