NOAA style reports

NOAA-style Climate Reports

Select NOAA data to display

Select a Year or Month report
2021 > Jan Feb Mar Apr May Jun Jul Aug Sep Oct Nov Dec
2020 > Jan Feb Mar Apr May Jun Jul Aug Sep Oct Nov Dec
2019 > Jan Feb Mar Apr May Jun Jul Aug Sep Oct Nov Dec
2018 > Jan Feb Mar Apr May Jun Jul Aug Sep Oct Nov Dec
2017 > Jan Feb Mar Apr May Jun Jul Aug Sep Oct Nov Dec
2016 > Jan Feb Mar Apr May Jun Jul Aug Sep Oct Nov Dec
2015 > Jan Feb Mar Apr May Jun Jul Aug Sep Oct Nov Dec
2014 > Jan Feb Mar Apr May Jun Jul Aug Sep Oct Nov Dec
2013 > Jan Feb Mar Apr May Jun Jul Aug Sep Oct Nov Dec
2012 > Jan Feb Mar Apr May Jun Jul Aug Sep Oct Nov Dec
2011 > Jan Feb Mar Apr May Jun Jul Aug Sep Oct Nov Dec
2010 > Jan Feb Mar Apr May Jun Jul Aug Sep Oct Nov Dec
2009 > Jan Feb Mar Apr May Jun Jul Aug Sep Oct Nov Dec
2008 > Jan Feb Mar Apr May Jun Jul Aug Sep Oct Nov Dec

Report for 2014 Mar

Daily noaa report


                            MONTHLY CLIMATOLOGICAL SUMMARY for MAR. 2014

NAME: Home Weather Station Davis VP2   CITY: Beaconsfield STATE: Quebec, Canada
ELEV: 118 LAT: 045:25:46 LONG: 0073:51:35

                            TEMPERATURE ( C), RAIN (mm), WIND SPEED (kmh)

                                               HEAT     COOL           AVG
      MEAN                                     DEG      DEG            WIND                       DOM
DAY   TEMP    HIGH   TIME     LOW    TIME      DAYS     DAYS    RAIN   SPEED    HIGH    TIME      DIR
----------------------------------------------------------------------------------------------------------------------------------------------------------
01   -08.9   -03.4   22:07   -15.6   00:38     27.2     00.0    00.6   03.4     24.1    23:55     ESE
02   -10.0   -04.7   00:01   -16.8   00:00     28.3     00.0    00.4   04.6     27.8    00:10     WNW
03   -15.6   -11.9   13:18   -18.8   06:46     33.9     00.0    00.0   05.8     31.4    16:08     WSW
04   -13.7   -10.5   14:17   -18.1   06:31     32.0     00.0    00.4   04.3     20.4    11:29     WSW
05   -12.7   -08.6   15:42   -16.6   00:00     31.0     00.0    00.0   04.1     22.2    11:50      N 
06   -14.0   -08.2   14:39   -20.3   06:57     32.3     00.0    00.0   02.2     11.1    17:26     ENE
07   -08.8   -00.7   15:31   -17.7   05:31     27.1     00.0    00.0   01.4     11.1    15:17     ESE
08   -02.2    02.8   14:35   -07.1   00:00     20.5     00.0    00.2   03.4     24.1    11:48     WNW
09   -06.8   -03.1   15:36   -12.2   07:51     25.1     00.0    00.8   03.3     25.9    15:11      SW
10   -02.7   -00.1   16:15   -06.2   03:16     21.0     00.0    03.2   01.7     12.9    20:50      E 
11    02.1    05.5   15:21   -00.4   02:18     16.2     00.0    00.2   05.8     42.5    12:34     WSW
12   -05.0    01.9   00:04   -11.4   00:00     23.3     00.0    09.4   11.8     46.3    20:48      N 
13   -11.3   -07.4   16:20   -14.1   08:42     29.6     00.0    02.0   11.6     38.9    16:53     WNW
14   -08.7   -00.7   00:00   -17.5   07:27     27.0     00.0    00.0   03.8     25.9    13:13     ESE
15    01.4    04.6   07:16   -06.2   00:00     16.9     00.0    00.0   09.2     38.9    12:24     WSW
16   -11.3   -06.2   00:01   -13.7   08:32     29.6     00.0    00.0   11.1     42.5    14:28     WSW
17   -11.9   -06.2   15:40   -18.3   07:02     30.2     00.0    00.0   03.3     27.8    14:42      SW
18   -08.2   -02.3   15:44   -15.7   06:16     26.5     00.0    00.0   04.3     22.2    12:10     ENE
19   -03.1    02.1   19:33   -08.9   04:27     21.4     00.0    00.0   07.9     27.8    13:45     ENE
20    01.2    03.2   15:57   -00.1   23:58     17.1     00.0    02.0   08.9     29.6    15:43     SSW
21   -00.4    02.6   15:43   -02.8   07:07     18.7     00.0    00.0   12.0     42.5    15:10     WSW
22   -02.2    00.6   15:32   -04.8   03:04     20.5     00.0    06.0   06.6     31.4    08:54      W 
23   -08.5    00.1   01:05   -13.6   00:00     26.8     00.0    00.0   08.9     46.3    02:26     WSW
24   -10.0   -04.0   15:39   -16.8   07:08     28.3     00.0    00.0   04.0     22.2    16:48      SW
25   -05.3    00.5   13:59   -09.4   00:09     23.6     00.0    00.0   04.0     22.2    14:20      S 
26   -05.3   -01.4   14:01   -08.9   00:00     23.6     00.0    00.0   09.3     50.0    16:26      W 
27   -07.0   -02.6   13:25   -13.6   06:56     25.3     00.0    00.0   04.1     22.2    13:12     SSW
28    00.6    03.5   21:52   -03.5   00:02     17.7     00.0    11.6   03.1     25.9    23:09      E 
29    01.7    02.8   00:48    00.8   07:25     16.6     00.0    00.0   07.4     35.1    22:01      N 
30   -00.4    01.0   00:01   -01.7   05:45     18.7     00.0    08.6   16.9     53.6    15:37      N 
31    01.4    05.5   14:47   -01.6   23:32     16.9     00.0    00.0   05.9     31.4    01:01      N 
----------------------------------------------------------------------------------------------------------------------------------------------------------
-6.0 (-6.1)   05.5  day 31    -20.3  day 06   752.8    000.0   045.4   06.3     53.7   day 30      W 
Max <=   0: 17
Min <=   30: 31
Min <= -18: 4
Max <=  -5: 7
Min <=  -5: 23
Max <= -10: 2
Min <= -10: 17
Min <= -15: 11
Min <= -20: 1
Max Rain: 11.6 ON 28-03-14
Days of Rain: 13 (> .2mm) 5 (> 2mm) 0 (> 20mm)