NOAA style reports

NOAA-style Climate Reports

Select NOAA data to display

Select a Year or Month report
2021 > Jan Feb Mar Apr May Jun Jul Aug Sep Oct Nov Dec
2020 > Jan Feb Mar Apr May Jun Jul Aug Sep Oct Nov Dec
2019 > Jan Feb Mar Apr May Jun Jul Aug Sep Oct Nov Dec
2018 > Jan Feb Mar Apr May Jun Jul Aug Sep Oct Nov Dec
2017 > Jan Feb Mar Apr May Jun Jul Aug Sep Oct Nov Dec
2016 > Jan Feb Mar Apr May Jun Jul Aug Sep Oct Nov Dec
2015 > Jan Feb Mar Apr May Jun Jul Aug Sep Oct Nov Dec
2014 > Jan Feb Mar Apr May Jun Jul Aug Sep Oct Nov Dec
2013 > Jan Feb Mar Apr May Jun Jul Aug Sep Oct Nov Dec
2012 > Jan Feb Mar Apr May Jun Jul Aug Sep Oct Nov Dec
2011 > Jan Feb Mar Apr May Jun Jul Aug Sep Oct Nov Dec
2010 > Jan Feb Mar Apr May Jun Jul Aug Sep Oct Nov Dec
2009 > Jan Feb Mar Apr May Jun Jul Aug Sep Oct Nov Dec
2008 > Jan Feb Mar Apr May Jun Jul Aug Sep Oct Nov Dec

Report for 2014 Apr

Daily noaa report


                            MONTHLY CLIMATOLOGICAL SUMMARY for APR. 2014

NAME: Home Weather Station Davis VP2   CITY: Beaconsfield STATE: Quebec, Canada
ELEV: 118 LAT: 045:25:46 LONG: 0073:51:35

                            TEMPERATURE ( C), RAIN (mm), WIND SPEED (kmh)

                                               HEAT     COOL           AVG
      MEAN                                     DEG      DEG            WIND                       DOM
DAY   TEMP    HIGH   TIME     LOW    TIME      DAYS     DAYS    RAIN   SPEED    HIGH    TIME      DIR
----------------------------------------------------------------------------------------------------------------------------------------------------------
01    01.5    05.4   15:18   -03.4   06:51     16.8     00.0    00.0   05.1     25.9    22:22      NE
02    03.6    05.6   10:21    00.0   05:02     14.7     00.0    00.0   07.0     27.8    15:37     SSW
03    01.4    04.9   15:45   -01.8   07:06     16.9     00.0    00.0   04.4     25.9    01:17     WSW
04    02.3    07.5   15:16   -02.7   06:28     16.0     00.0    15.0   09.5     37.0    20:07     ENE
05    03.2    05.7   12:08    01.6   23:46     15.1     00.0    00.4   10.3     50.0    19:31      SW
06    03.6    07.4   16:19   -00.6   06:28     14.7     00.0    00.0   09.3     48.1    01:47      SW
07    06.6    13.1   14:37   -01.0   05:40     11.7     00.0    00.0   03.5     20.4    23:40     ESE
08    04.2    06.0   00:01    03.3   00:00     14.1     00.0    21.8   06.8     29.6    02:38     NNW
09    03.1    05.6   14:55   -00.5   22:44     15.2     00.0    00.0   08.3     40.7    14:50      W 
10    06.9    15.7   15:13   -01.6   06:49     11.4     00.0    02.0   04.5     31.4    21:47      S 
11    08.6    13.1   15:28    02.5   00:00     09.7     00.0    01.2   06.9     31.4    15:44     WSW
12    08.5    15.4   15:51    01.1   05:08     09.8     00.0    00.0   05.2     33.3    12:16      W 
13    06.1    11.9   15:53    03.4   08:48     12.2     00.0    06.0   08.6     35.1    18:12      N 
14    11.1    23.5   15:47    02.9   04:00     07.2     00.0    08.8   04.5     40.7    18:06     NNW
15    06.8    13.4   03:27   -03.4   00:00     11.5     00.0    04.8   07.7     42.5    11:23      SW
16   -02.4    01.9   15:30   -06.3   06:37     20.7     00.0    00.2   09.7     38.9    04:36     WSW
17    02.8    08.3   15:41   -03.7   04:21     15.5     00.0    00.0   06.0     27.8    11:12      E 
18    06.8    11.3   17:18    01.8   04:17     11.5     00.0    00.0   04.1     22.2    13:28      E 
19    07.7    12.4   15:42    02.3   23:56     10.6     00.0    00.2   06.0     35.1    12:42     WNW
20    07.5    15.4   15:48   -00.8   04:31     10.8     00.0    00.0   02.5     14.8    17:46     ENE
21    12.6    20.9   13:35    07.6   05:08     05.7     00.0    00.4   02.5     20.4    18:10     SSW
22    09.7    12.4   10:35    07.5   00:00     08.6     00.0    11.4   03.0     18.5    20:39     NNE
23    08.5    14.2   13:45    05.1   00:00     09.8     00.0    00.2   09.4     42.5    17:15     WNW
24    07.6    14.8   16:04    01.8   06:41     10.7     00.0    00.0   09.6     42.5    12:23     WNW
25    07.4    13.1   15:26   -00.1   06:11     10.9     00.0    00.0   04.9     31.4    22:10      NE
26    07.0    09.8   00:21    03.8   00:00     11.3     00.0    07.8   05.7     27.8    19:43      N 
27    06.3    11.2   14:21    03.1   03:17     12.0     00.0    04.6   06.0     25.9    10:31     NNW
28    08.9    14.3   13:52    02.4   06:13     09.4     00.0    00.0   07.7     33.3    12:51     NNE
29    10.5    16.8   15:51    06.7   02:14     07.8     00.0    01.4   10.2     37.0    11:38     ENE
30    07.1    10.3   12:27    05.4   06:14     11.2     00.0    30.8   13.1     42.5    11:30      E 
----------------------------------------------------------------------------------------------------------------------------------------------------------
06.2 (6.3)   23.5  day 14    -06.3  day 16   363.4    000.0   117.4   06.7     50.0   day 15      NW
Min <=   30: 30
Min <=  -5: 1
Max Rain: 30.8 ON 30-04-14
Days of Rain: 17 (> .2mm) 9 (> 2mm) 2 (> 20mm)