NOAA style reports

NOAA-style Climate Reports

Select NOAA data to display

Select a Year or Month report
2022 > Jan Feb Mar Apr May Jun Jul Aug Sep Oct Nov Dec
2021 > Jan Feb Mar Apr May Jun Jul Aug Sep Oct Nov Dec
2020 > Jan Feb Mar Apr May Jun Jul Aug Sep Oct Nov Dec
2019 > Jan Feb Mar Apr May Jun Jul Aug Sep Oct Nov Dec
2018 > Jan Feb Mar Apr May Jun Jul Aug Sep Oct Nov Dec
2017 > Jan Feb Mar Apr May Jun Jul Aug Sep Oct Nov Dec
2016 > Jan Feb Mar Apr May Jun Jul Aug Sep Oct Nov Dec
2015 > Jan Feb Mar Apr May Jun Jul Aug Sep Oct Nov Dec
2014 > Jan Feb Mar Apr May Jun Jul Aug Sep Oct Nov Dec
2013 > Jan Feb Mar Apr May Jun Jul Aug Sep Oct Nov Dec
2012 > Jan Feb Mar Apr May Jun Jul Aug Sep Oct Nov Dec
2011 > Jan Feb Mar Apr May Jun Jul Aug Sep Oct Nov Dec
2010 > Jan Feb Mar Apr May Jun Jul Aug Sep Oct Nov Dec
2009 > Jan Feb Mar Apr May Jun Jul Aug Sep Oct Nov Dec
2008 > Jan Feb Mar Apr May Jun Jul Aug Sep Oct Nov Dec

Report for 2014 Jun

Daily noaa report


                            MONTHLY CLIMATOLOGICAL SUMMARY for JUN. 2014

NAME: Home Weather Station Davis VP2   CITY: Beaconsfield STATE: Quebec, Canada
ELEV: 118 LAT: 045:25:46 LONG: 0073:51:35

                            TEMPERATURE ( C), RAIN (mm), WIND SPEED (kmh)

                                               HEAT     COOL           AVG
      MEAN                                     DEG      DEG            WIND                       DOM
DAY   TEMP    HIGH   TIME     LOW    TIME      DAYS     DAYS    RAIN   SPEED    HIGH    TIME      DIR
----------------------------------------------------------------------------------------------------------------------------------------------------------
01    17.9    27.0   15:17    10.1   05:23     00.4     00.0    00.0   00.2     18.5    13:52     ESE
02    22.0    30.7   15:07    14.8   05:29     00.0     03.7    00.0   00.1     16.6    13:18     SSE
03    20.7    26.3   13:19    18.8   23:53     00.0     02.4    36.0   00.7     18.5    14:18     ESE
04    17.4    22.6   13:38    13.8   06:01     00.9     00.0    00.0   01.3     20.4    03:27     WSW
05    15.3    17.4   17:04    13.7   04:31     03.0     00.0    00.2   00.7     16.6    14:38      W 
06    17.9    23.7   15:46    13.6   02:51     00.4     00.0    00.2   02.0     24.1    16:46      W 
07    20.9    29.1   16:08    14.0   05:30     00.0     02.6    00.0   00.7     18.5    14:24      W 
08    21.5    28.7   13:36    14.8   05:40     00.0     03.2    00.0   00.1     11.1    01:48      W 
09    22.9    27.6   14:39    18.8   05:18     00.0     04.6    00.0   01.6     25.9    09:10      N 
10    20.3    25.1   14:04    15.4   07:27     00.0     02.0    00.4   03.3     22.2    06:01      NE
11    17.8    23.4   13:16    14.2   23:48     00.5     00.0    02.4   04.8     31.4    20:24      E 
12    15.6    16.9   00:00    13.6   03:50     02.7     00.0    27.2   04.2     25.9    08:24      E 
13    17.9    19.0   18:36    16.9   00:15     00.4     00.0    23.4   02.4     18.5    14:44      E 
14    17.2    20.9   15:40    13.9   08:07     01.1     00.0    02.6   02.1     27.8    19:06      W 
15    18.5    25.0   15:37    14.1   06:05     00.0     00.2    00.0   02.0     18.5    15:32     WNW
16    18.9    24.8   14:13    11.6   05:41     00.0     00.6    00.0   01.3     12.9    14:00      E 
17    21.2    27.6   13:45    14.3   05:20     00.0     02.9    13.8   00.5     22.2    23:43     ENE
18    20.8    26.2   14:39    16.6   01:12     00.0     02.5    06.2   04.4     31.4    00:33     WNW
19    19.7    25.6   16:17    14.3   05:06     00.0     01.4    00.0   03.2     27.8    17:25     WNW
20    17.4    23.2   15:43    12.3   05:35     00.9     00.0    00.0   03.7     24.1    08:27     NNW
21    17.2    23.0   15:20    10.2   05:27     01.1     00.0    00.0   01.6     18.5    11:30     NNW
22    18.6    25.1   15:04    12.2   04:31     00.0     00.3    00.0   00.2     12.9    11:17      E 
23    20.7    27.9   15:14    13.6   05:21     00.0     02.4    00.0   00.2     09.3    15:37     ESE
24    20.1    21.0   08:14    19.5   16:14     00.0     01.8    40.8   00.7     18.5    23:35      E 
25    20.9    24.1   15:47    18.3   07:24     00.0     02.6    00.2   04.1     20.4    12:18      N 
26    22.0    27.7   15:08    17.6   05:04     00.0     03.7    00.0   04.6     31.4    14:49      N 
27    22.2    28.8   15:45    15.6   05:01     00.0     03.9    00.0   00.0     07.4    07:45     ESE
28    22.2    28.9   16:16    15.5   05:27     00.0     03.9    00.0   00.0     05.5    16:26     SSE
29    24.1    30.9   15:27    18.1   05:16     00.0     05.8    00.0   00.4     12.9    16:41     ESE
30    25.3    30.2   16:19    22.4   05:29     00.0     07.0    00.0   00.1     11.1    18:21     SSW
----------------------------------------------------------------------------------------------------------------------------------------------------------
19.8 (20.2)   30.9  day 29     10.1  day 01   011.4    057.5   153.4   01.7     31.5   day 18     NNE
Max >=  30: 3
Min <=   30: 30
Max Rain: 40.8 ON 24-06-14
Days of Rain: 12 (> .2mm) 8 (> 2mm) 4 (> 20mm)