NOAA style reports

NOAA-style Climate Reports

Select NOAA data to display

Select a Year or Month report
2021 > Jan Feb Mar Apr May Jun Jul Aug Sep Oct Nov Dec
2020 > Jan Feb Mar Apr May Jun Jul Aug Sep Oct Nov Dec
2019 > Jan Feb Mar Apr May Jun Jul Aug Sep Oct Nov Dec
2018 > Jan Feb Mar Apr May Jun Jul Aug Sep Oct Nov Dec
2017 > Jan Feb Mar Apr May Jun Jul Aug Sep Oct Nov Dec
2016 > Jan Feb Mar Apr May Jun Jul Aug Sep Oct Nov Dec
2015 > Jan Feb Mar Apr May Jun Jul Aug Sep Oct Nov Dec
2014 > Jan Feb Mar Apr May Jun Jul Aug Sep Oct Nov Dec
2013 > Jan Feb Mar Apr May Jun Jul Aug Sep Oct Nov Dec
2012 > Jan Feb Mar Apr May Jun Jul Aug Sep Oct Nov Dec
2011 > Jan Feb Mar Apr May Jun Jul Aug Sep Oct Nov Dec
2010 > Jan Feb Mar Apr May Jun Jul Aug Sep Oct Nov Dec
2009 > Jan Feb Mar Apr May Jun Jul Aug Sep Oct Nov Dec
2008 > Jan Feb Mar Apr May Jun Jul Aug Sep Oct Nov Dec

Report for 2014 Jul

Daily noaa report


                            MONTHLY CLIMATOLOGICAL SUMMARY for JUL. 2014

NAME: Home Weather Station Davis VP2   CITY: Beaconsfield STATE: Quebec, Canada
ELEV: 118 LAT: 045:25:46 LONG: 0073:51:35

                            TEMPERATURE ( C), RAIN (mm), WIND SPEED (kmh)

                                               HEAT     COOL           AVG
      MEAN                                     DEG      DEG            WIND                       DOM
DAY   TEMP    HIGH   TIME     LOW    TIME      DAYS     DAYS    RAIN   SPEED    HIGH    TIME      DIR
----------------------------------------------------------------------------------------------------------------------------------------------------------
01    26.6    32.8   15:41    21.2   05:26     00.0     08.3    00.0   00.2     14.8    19:35      S 
02    25.7    30.0   16:28    21.9   00:00     00.0     07.4    00.0   00.4     22.2    22:06     SSW
03    21.6    24.7   15:41    19.3   00:00     00.0     03.3    00.0   00.5     16.6    06:06     WNW
04    19.0    24.6   16:02    16.0   11:34     00.0     00.7    03.2   01.2     18.5    16:42     WNW
05    21.2    28.4   15:42    14.6   05:23     00.0     02.9    00.0   03.7     38.9    17:34      W 
06    22.8    28.3   15:42    18.4   06:37     00.0     04.5    00.0   00.9     18.5    10:26     WSW
07    20.8    22.7   16:12    19.8   13:02     00.0     02.5    04.6   00.0     12.9    03:24      SW
08    23.5    30.0   16:21    18.6   05:45     00.0     05.2    06.8   00.8     25.9    22:03     SSW
09    20.4    23.7   14:43    17.8   22:28     00.0     02.1    00.0   01.9     25.9    15:34     WSW
10    18.9    24.3   16:03    14.4   05:42     00.0     00.6    00.0   01.7     24.1    10:15      W 
11    19.7    26.6   14:43    12.4   05:31     00.0     01.4    00.0   00.1     07.4    16:10      SW
12    21.3    28.5   16:03    15.1   05:47     00.0     03.0    00.0   00.0     05.5    21:22      S 
13    21.3    23.1   09:09    19.0   05:21     00.0     03.0    12.8   00.2     16.6    23:35     SSE
14    20.3    24.3   13:37    17.0   06:27     00.0     02.0    00.2   00.2     16.6    12:29      W 
15    19.6    21.7   09:41    17.8   04:15     00.0     01.3    01.8   02.0     22.2    14:43     NNE
16    20.4    25.3   16:06    16.6   06:15     00.0     02.1    00.0   00.5     22.2    16:25     WSW
17    18.3    24.2   16:30    13.9   06:07     00.0     00.0    00.4   01.0     20.4    15:47      W 
18    19.9    26.9   16:02    13.7   05:41     00.0     01.6    00.0   00.2     12.9    17:19     WSW
19    21.1    27.3   15:42    15.3   03:41     00.0     02.8    00.0   00.4     12.9    15:02      SE
20    23.0    28.5   15:23    17.8   05:28     00.0     04.7    00.0   00.3     11.1    14:01      E 
21    24.1    29.3   15:33    20.3   05:35     00.0     05.8    00.0   00.1     09.3    00:37      E 
22    24.6    30.0   16:11    19.7   06:00     00.0     06.3    00.0   00.2     16.6    13:16     SSW
23    23.1    27.3   15:27    19.6   23:47     00.0     04.8    08.8   02.5     29.6    17:16     WNW
24    19.0    23.8   16:11    14.4   06:20     00.0     00.7    00.0   02.4     20.4    15:23      NW
25    20.4    25.8   15:11    14.7   05:46     00.0     02.1    00.0   00.3     20.4    14:35     WSW
26    21.0    26.3   16:01    16.0   06:00     00.0     02.7    00.0   00.1     12.9    14:13     SSW
27    20.5    24.5   13:47    18.2   07:33     00.0     02.2    07.4   00.2     14.8    04:33     SSE
28    17.1    19.1   00:03    15.3   23:47     01.2     00.0    08.8   04.6     31.4    19:01     NNW
29    16.8    22.3   16:11    12.2   05:45     01.5     00.0    00.0   02.0     22.2    13:02      W 
30    18.5    23.7   16:19    13.1   04:09     00.0     00.2    00.0   00.1     12.9    23:04     ESE
31    17.5    21.3   11:31    14.6   12:45     00.8     00.0    07.4   00.1     16.6    12:24     ESE
----------------------------------------------------------------------------------------------------------------------------------------------------------
20.9 (21.3)   32.8  day 01     12.2  day 29   003.5    084.2   062.2   00.9     38.9   day 05      W 
Max >=  30: 3
Min <=   30: 31
Max Rain: 12.8 ON 13-07-14
Days of Rain: 11 (> .2mm) 8 (> 2mm) 0 (> 20mm)