NOAA style reports

NOAA-style Climate Reports

Select NOAA data to display

Select a Year or Month report
2021 > Jan Feb Mar Apr May Jun Jul Aug Sep Oct Nov Dec
2020 > Jan Feb Mar Apr May Jun Jul Aug Sep Oct Nov Dec
2019 > Jan Feb Mar Apr May Jun Jul Aug Sep Oct Nov Dec
2018 > Jan Feb Mar Apr May Jun Jul Aug Sep Oct Nov Dec
2017 > Jan Feb Mar Apr May Jun Jul Aug Sep Oct Nov Dec
2016 > Jan Feb Mar Apr May Jun Jul Aug Sep Oct Nov Dec
2015 > Jan Feb Mar Apr May Jun Jul Aug Sep Oct Nov Dec
2014 > Jan Feb Mar Apr May Jun Jul Aug Sep Oct Nov Dec
2013 > Jan Feb Mar Apr May Jun Jul Aug Sep Oct Nov Dec
2012 > Jan Feb Mar Apr May Jun Jul Aug Sep Oct Nov Dec
2011 > Jan Feb Mar Apr May Jun Jul Aug Sep Oct Nov Dec
2010 > Jan Feb Mar Apr May Jun Jul Aug Sep Oct Nov Dec
2009 > Jan Feb Mar Apr May Jun Jul Aug Sep Oct Nov Dec
2008 > Jan Feb Mar Apr May Jun Jul Aug Sep Oct Nov Dec

Report for 2014 Aug

Daily noaa report


                            MONTHLY CLIMATOLOGICAL SUMMARY for AUG. 2014

NAME: Home Weather Station Davis VP2   CITY: Beaconsfield STATE: Quebec, Canada
ELEV: 118 LAT: 045:25:46 LONG: 0073:51:35

                            TEMPERATURE ( C), RAIN (mm), WIND SPEED (kmh)

                                               HEAT     COOL           AVG
      MEAN                                     DEG      DEG            WIND                       DOM
DAY   TEMP    HIGH   TIME     LOW    TIME      DAYS     DAYS    RAIN   SPEED    HIGH    TIME      DIR
----------------------------------------------------------------------------------------------------------------------------------------------------------
01    19.9    26.4   16:09    14.7   04:45     00.0     01.6    00.0   00.0     05.5    16:08     ESE
02    21.2    27.8   15:30    16.4   06:02     00.0     02.9    00.0   00.1     09.3    18:32      NE
03    21.8    26.8   14:07    17.2   06:19     00.0     03.5    00.0   00.1     11.1    14:31      W 
04    22.5    29.0   14:42    18.6   00:00     00.0     04.2    00.2   00.2     22.2    19:11     WSW
05    20.9    26.4   15:46    17.2   05:45     00.0     02.6    01.2   00.8     18.5    17:03     WNW
06    20.3    26.9   16:16    14.4   06:24     00.0     02.0    00.2   01.9     22.2    18:07     WNW
07    18.5    23.0   15:07    15.8   06:27     00.0     00.2    05.4   00.7     25.9    15:47      NW
08    21.1    27.6   15:05    14.5   06:22     00.0     02.8    00.0   00.8     18.5    14:22     WNW
09    22.2    29.7   15:36    15.5   06:12     00.0     03.9    00.0   00.5     18.5    16:06      W 
10    22.2    29.7   15:08    16.4   05:29     00.0     03.9    00.0   00.1     11.1    13:39      SW
11    23.2    30.0   15:53    17.1   06:00     00.0     04.9    00.0   00.4     12.9    17:23     ESE
12    22.6    26.1   13:30    19.4   05:00     00.0     04.3    00.2   02.3     22.2    15:39     ESE
13    19.2    21.3   14:06    17.1   00:00     00.0     00.9    32.2   03.3     29.6    11:02     ESE
14    14.8    17.4   13:16    12.5   07:20     03.5     00.0    00.4   00.6     24.1    05:15      SW
15    14.3    17.9   13:20    12.5   05:44     04.0     00.0    03.0   00.1     16.6    17:35     SSE
16    16.1    18.6   11:21    14.1   05:26     02.2     00.0    11.4   00.2     14.8    21:22     WSW
17    18.0    23.1   16:09    14.9   06:29     00.3     00.0    00.2   02.2     31.4    15:24      W 
18    17.4    22.3   16:12    11.8   06:27     00.9     00.0    00.0   01.9     20.4    16:32      W 
19    17.2    22.9   15:35    11.8   06:09     01.1     00.0    00.0   00.1     07.4    18:33     WSW
20    20.8    26.8   16:15    14.2   05:33     00.0     02.5    00.0   03.4     24.1    12:04     ENE
21    20.7    22.7   16:28    19.1   23:46     00.0     02.4    00.2   05.5     25.9    16:43      E 
22    19.8    22.6   16:15    17.8   04:00     00.0     01.5    00.0   05.0     22.2    13:20      E 
23    19.8    26.3   16:09    15.7   05:42     00.0     01.5    00.0   00.7     11.1    09:34      NE
24    20.8    26.8   14:10    14.8   05:18     00.0     02.5    00.0   00.0     00.0    00:00      NE
25    22.3    28.5   15:22    16.8   06:18     00.0     04.0    00.0   00.1     12.9    08:35      SW
26    23.1    28.6   15:04    16.9   06:17     00.0     04.8    00.0   00.1     14.8    15:33      SW
27    22.0    25.7   14:09    19.6   00:00     00.0     03.7    01.2   01.4     20.4    15:14      W 
28    18.3    21.6   12:09    15.8   00:00     00.0     00.0    00.0   02.2     25.9    17:14     WNW
29    17.3    21.7   13:39    12.4   06:26     01.0     00.0    00.0   00.5     14.8    10:31     ENE
30    21.0    26.7   14:03    16.7   05:25     00.0     02.7    00.0   00.1     09.3    17:17     ESE
31    21.9    24.7   13:27    20.1   03:09     00.0     03.6    13.6   00.1     16.6    11:36     SSE
----------------------------------------------------------------------------------------------------------------------------------------------------------
20.0 (20.4)   30.0  day 11     11.8  day 19   013.0    066.8   069.8   01.1     31.5   day 21     ESE
Max >=  30: 1
Min <=   30: 31
Max Rain: 32.2 ON 13-08-14
Days of Rain: 13 (> .2mm) 5 (> 2mm) 1 (> 20mm)