NOAA style reports

NOAA-style Climate Reports

Select NOAA data to display

Select a Year or Month report
2021 > Jan Feb Mar Apr May Jun Jul Aug Sep Oct Nov Dec
2020 > Jan Feb Mar Apr May Jun Jul Aug Sep Oct Nov Dec
2019 > Jan Feb Mar Apr May Jun Jul Aug Sep Oct Nov Dec
2018 > Jan Feb Mar Apr May Jun Jul Aug Sep Oct Nov Dec
2017 > Jan Feb Mar Apr May Jun Jul Aug Sep Oct Nov Dec
2016 > Jan Feb Mar Apr May Jun Jul Aug Sep Oct Nov Dec
2015 > Jan Feb Mar Apr May Jun Jul Aug Sep Oct Nov Dec
2014 > Jan Feb Mar Apr May Jun Jul Aug Sep Oct Nov Dec
2013 > Jan Feb Mar Apr May Jun Jul Aug Sep Oct Nov Dec
2012 > Jan Feb Mar Apr May Jun Jul Aug Sep Oct Nov Dec
2011 > Jan Feb Mar Apr May Jun Jul Aug Sep Oct Nov Dec
2010 > Jan Feb Mar Apr May Jun Jul Aug Sep Oct Nov Dec
2009 > Jan Feb Mar Apr May Jun Jul Aug Sep Oct Nov Dec
2008 > Jan Feb Mar Apr May Jun Jul Aug Sep Oct Nov Dec

Report for 2014 Sep

Daily noaa report


                            MONTHLY CLIMATOLOGICAL SUMMARY for SEP. 2014

NAME: Home Weather Station Davis VP2   CITY: Beaconsfield STATE: Quebec, Canada
ELEV: 118 LAT: 045:25:46 LONG: 0073:51:35

                            TEMPERATURE ( C), RAIN (mm), WIND SPEED (kmh)

                                               HEAT     COOL           AVG
      MEAN                                     DEG      DEG            WIND                       DOM
DAY   TEMP    HIGH   TIME     LOW    TIME      DAYS     DAYS    RAIN   SPEED    HIGH    TIME      DIR
----------------------------------------------------------------------------------------------------------------------------------------------------------
01    21.4    26.7   14:03    16.7   05:25     00.0     03.1    00.0   00.1     11.1    15:07     NNW
02    22.3    28.3   14:40    18.2   23:18     00.0     04.0    05.4   00.5     35.1    17:42      S 
03    20.6    25.1   14:05    17.7   07:00     00.0     02.3    00.0   01.0     24.1    15:34      W 
04    21.5    27.0   16:08    16.7   03:45     00.0     03.2    00.0   00.1     12.9    16:06     SSW
05    23.3    29.7   13:32    20.0   06:30     00.0     05.0    10.4   00.1     29.6    17:28      S 
06    19.9    22.4   00:01    14.0   00:00     00.0     01.6    05.6   00.8     24.1    18:07      W 
07    15.7    21.6   13:40    10.5   05:43     02.6     00.0    00.0   00.9     25.9    15:07     WNW
08    17.7    23.1   15:35    12.0   06:43     00.6     00.0    00.0   00.4     11.1    22:02     ENE
09    18.5    22.3   13:39    15.0   07:05     00.0     00.2    00.0   01.3     24.1    16:11      E 
10    19.4    23.7   14:36    14.9   05:13     00.0     01.1    00.0   01.0     18.5    23:40     ESE
11    18.2    24.7   12:36    11.7   00:00     00.1     00.0    06.8   04.2     38.9    16:13      SW
12    11.0    13.7   15:35    08.2   00:00     07.3     00.0    00.0   01.5     22.2    02:06     WNW
13    09.8    12.4   18:41    07.2   02:31     08.5     00.0    15.4   03.3     33.3    12:42      E 
14    08.8    11.1   17:12    05.7   00:00     09.5     00.0    00.0   00.9     25.9    01:16     WNW
15    11.4    17.7   15:40    04.9   04:05     06.9     00.0    00.0   00.1     16.6    14:04      SW
16    13.8    18.1   15:30    10.1   00:00     04.5     00.0    00.6   00.6     20.4    17:47      W 
17    12.9    16.9   13:30    08.2   07:07     05.4     00.0    00.6   00.2     12.9    09:27      W 
18    10.4    13.4   00:47    05.5   23:47     07.9     00.0    03.6   02.9     18.5    18:32     NNW
19    08.0    12.1   15:29    02.5   07:14     10.3     00.0    00.0   01.7     16.6    10:11     ENE
20    15.6    21.7   13:20    08.7   00:26     02.7     00.0    00.2   00.2     12.9    13:22     ESE
21    18.3    20.7   13:38    16.6   01:26     00.0     00.0    04.6   00.3     12.9    14:23      E 
22    11.5    17.9   00:01    08.0   23:42     06.8     00.0    00.2   03.2     38.9    10:18     WSW
23    11.8    16.7   15:26    07.5   02:28     06.5     00.0    00.8   00.3     18.5    14:17      W 
24    13.9    19.7   16:42    08.6   06:35     04.4     00.0    00.0   00.7     12.9    02:46     NNE
25    15.5    21.2   16:04    10.7   05:08     02.8     00.0    00.0   00.0     05.5    12:00      E 
26    17.7    24.5   15:14    12.3   05:22     00.6     00.0    00.0   00.5     18.5    16:24      W 
27    18.6    24.0   15:06    13.4   07:28     00.0     00.3    00.0   00.0     07.4    10:41      SW
28    19.3    24.6   15:17    14.7   07:27     00.0     01.0    00.0   00.1     12.9    09:34     SSW
29    14.6    18.4   00:01    09.6   22:37     03.7     00.0    00.0   04.6     27.8    15:02      N 
30    12.8    17.5   15:23    09.7   00:32     05.5     00.0    00.0   04.3     20.4    18:21      N 
----------------------------------------------------------------------------------------------------------------------------------------------------------
15.8 (15.9)   29.7  day 05     02.5  day 19   097.8    021.8   054.2   01.2     38.9   day 22      NW
Min <=   30: 31
Max Rain: 15.4 ON 13-09-14
Days of Rain: 12 (> .2mm) 7 (> 2mm) 0 (> 20mm)