NOAA style reports

NOAA-style Climate Reports

Select NOAA data to display

Select a Year or Month report
2021 > Jan Feb Mar Apr May Jun Jul Aug Sep Oct Nov Dec
2020 > Jan Feb Mar Apr May Jun Jul Aug Sep Oct Nov Dec
2019 > Jan Feb Mar Apr May Jun Jul Aug Sep Oct Nov Dec
2018 > Jan Feb Mar Apr May Jun Jul Aug Sep Oct Nov Dec
2017 > Jan Feb Mar Apr May Jun Jul Aug Sep Oct Nov Dec
2016 > Jan Feb Mar Apr May Jun Jul Aug Sep Oct Nov Dec
2015 > Jan Feb Mar Apr May Jun Jul Aug Sep Oct Nov Dec
2014 > Jan Feb Mar Apr May Jun Jul Aug Sep Oct Nov Dec
2013 > Jan Feb Mar Apr May Jun Jul Aug Sep Oct Nov Dec
2012 > Jan Feb Mar Apr May Jun Jul Aug Sep Oct Nov Dec
2011 > Jan Feb Mar Apr May Jun Jul Aug Sep Oct Nov Dec
2010 > Jan Feb Mar Apr May Jun Jul Aug Sep Oct Nov Dec
2009 > Jan Feb Mar Apr May Jun Jul Aug Sep Oct Nov Dec
2008 > Jan Feb Mar Apr May Jun Jul Aug Sep Oct Nov Dec

Report for 2014 Oct

Daily noaa report


                            MONTHLY CLIMATOLOGICAL SUMMARY for OCT. 2014

NAME: Home Weather Station Davis VP2   CITY: Beaconsfield STATE: Quebec, Canada
ELEV: 118 LAT: 045:25:46 LONG: 0073:51:35

                            TEMPERATURE ( C), RAIN (mm), WIND SPEED (kmh)

                                               HEAT     COOL           AVG
      MEAN                                     DEG      DEG            WIND                       DOM
DAY   TEMP    HIGH   TIME     LOW    TIME      DAYS     DAYS    RAIN   SPEED    HIGH    TIME      DIR
----------------------------------------------------------------------------------------------------------------------------------------------------------
01    13.6    16.7   16:17    11.9   07:33     04.7     00.0    00.0   03.8     24.1    02:42     NNE
02    13.8    18.5   16:22    10.0   05:28     04.5     00.0    00.0   02.2     16.6    11:30      NE
03    15.9    21.4   16:36    09.7   06:27     02.4     00.0    00.0   03.6     35.1    16:43      E 
04    13.7    17.2   00:01    10.8   00:00     04.6     00.0    25.0   02.7     22.2    04:20     ESE
05    10.6    13.4   16:10    08.1   08:24     07.7     00.0    00.2   00.4     27.8    09:20      SW
06    12.4    15.2   18:39    09.2   07:47     05.9     00.0    00.4   01.7     24.1    12:15     ESE
07    14.7    17.1   15:17    12.8   13:12     03.6     00.0    09.0   01.9     20.4    02:36      SE
08    12.8    16.8   14:12    09.4   21:32     05.5     00.0    17.0   02.4     29.6    17:24     SSE
09    08.5    12.6   12:28    06.1   06:43     09.8     00.0    00.2   01.9     37.0    13:34      SW
10    08.3    12.4   15:08    05.0   00:00     10.0     00.0    00.0   01.1     24.1    14:19     WSW
11    07.9    12.9   15:37    04.4   06:21     10.4     00.0    00.0   00.3     18.5    16:17      W 
12    08.4    13.2   16:11    03.7   08:10     09.9     00.0    00.0   00.3     12.9    13:07     SSW
13    10.4    17.0   14:44    03.2   07:39     07.9     00.0    00.0   00.8     12.9    17:41      E 
14    17.6    21.9   13:40    13.0   00:01     00.7     00.0    00.0   00.7     14.8    14:06      E 
15    19.1    21.5   13:45    16.9   04:19     00.0     00.8    04.2   00.7     12.9    17:27      E 
16    18.1    20.9   17:42    15.6   00:00     00.2     00.0    04.6   04.0     27.8    16:43     ENE
17    15.4    18.2   13:32    14.0   08:41     02.9     00.0    00.2   00.6     16.6    17:26     SSW
18    13.2    16.8   12:37    07.7   00:00     05.1     00.0    01.6   02.4     29.6    17:32     WSW
19    06.4    08.2   12:21    04.8   00:00     11.9     00.0    00.0   05.4     27.8    18:04      W 
20    05.2    07.6   15:20    01.9   07:29     13.1     00.0    00.4   00.5     16.6    00:39     WSW
21    06.9    07.8   16:11    06.1   08:46     11.4     00.0    01.6   06.6     29.6    23:45      N 
22    08.9    12.6   15:41    06.6   09:00     09.4     00.0    00.0   09.7     33.3    18:00      N 
23    08.1    09.2   13:20    07.6   02:04     10.2     00.0    04.8   09.3     38.9    06:17      N 
24    09.3    12.1   17:00    06.2   00:00     09.0     00.0    01.2   01.7     18.5    04:44     NNW
25    09.9    13.3   14:12    05.8   08:05     08.4     00.0    03.6   01.1     31.4    23:23      SW
26    09.1    11.1   14:03    08.2   03:29     09.2     00.0    00.4   04.7     31.4    15:38     WSW
27    08.5    11.4   13:39    06.6   08:24     09.8     00.0    00.0   04.1     29.6    01:29     WSW
28    10.0    13.4   16:23    07.4   00:06     08.3     00.0    03.8   04.1     22.2    15:28     ENE
29    11.7    14.9   13:27    09.8   23:47     06.6     00.0    00.8   02.2     29.6    13:41     WSW
30    07.6    09.8   00:15    05.2   08:30     10.7     00.0    00.0   04.0     24.1    15:02      W 
31    04.9    08.1   15:03    02.0   07:36     13.4     00.0    00.0   03.0     20.4    22:26      N 
----------------------------------------------------------------------------------------------------------------------------------------------------------
11.0 (11.2)   21.9  day 14     01.9  day 20   227.2    000.8   079.0   02.8     38.9   day 23     NNW
Min <=   30: 31
Max Rain: 25.0 ON 4-10-14
Days of Rain: 18 (> .2mm) 8 (> 2mm) 1 (> 20mm)