NOAA style reports

NOAA-style Climate Reports

Select NOAA data to display

Select a Year or Month report
2021 > Jan Feb Mar Apr May Jun Jul Aug Sep Oct Nov Dec
2020 > Jan Feb Mar Apr May Jun Jul Aug Sep Oct Nov Dec
2019 > Jan Feb Mar Apr May Jun Jul Aug Sep Oct Nov Dec
2018 > Jan Feb Mar Apr May Jun Jul Aug Sep Oct Nov Dec
2017 > Jan Feb Mar Apr May Jun Jul Aug Sep Oct Nov Dec
2016 > Jan Feb Mar Apr May Jun Jul Aug Sep Oct Nov Dec
2015 > Jan Feb Mar Apr May Jun Jul Aug Sep Oct Nov Dec
2014 > Jan Feb Mar Apr May Jun Jul Aug Sep Oct Nov Dec
2013 > Jan Feb Mar Apr May Jun Jul Aug Sep Oct Nov Dec
2012 > Jan Feb Mar Apr May Jun Jul Aug Sep Oct Nov Dec
2011 > Jan Feb Mar Apr May Jun Jul Aug Sep Oct Nov Dec
2010 > Jan Feb Mar Apr May Jun Jul Aug Sep Oct Nov Dec
2009 > Jan Feb Mar Apr May Jun Jul Aug Sep Oct Nov Dec
2008 > Jan Feb Mar Apr May Jun Jul Aug Sep Oct Nov Dec

Report for 2014 Nov

Daily noaa report


                            MONTHLY CLIMATOLOGICAL SUMMARY for NOV. 2014

NAME: Home Weather Station Davis VP2   CITY: Beaconsfield STATE: Quebec, Canada
ELEV: 118 LAT: 045:25:46 LONG: 0073:51:35

                            TEMPERATURE ( C), RAIN (mm), WIND SPEED (kmh)

                                               HEAT     COOL           AVG
      MEAN                                     DEG      DEG            WIND                       DOM
DAY   TEMP    HIGH   TIME     LOW    TIME      DAYS     DAYS    RAIN   SPEED    HIGH    TIME      DIR
----------------------------------------------------------------------------------------------------------------------------------------------------------
01    04.7    07.5   14:10    02.6   06:23     13.6     00.0    00.0   09.2     31.4    18:09      N 
02    04.1    08.1   14:03    01.2   07:10     14.2     00.0    00.0   09.1     38.9    14:41     WNW
03    03.8    06.2   20:07    00.3   06:19     14.5     00.0    00.0   06.8     37.0    08:27      W 
04    07.8    11.3   13:18    03.9   02:11     10.5     00.0    01.4   01.6     14.8    14:32      NE
05    10.6    12.3   12:01    08.1   00:00     07.7     00.0    02.0   06.6     33.3    09:12      SW
06    06.4    09.1   10:45    04.0   06:33     11.9     00.0    02.0   02.8     24.1    20:36     NNW
07    03.5    05.7   12:42    00.9   00:00     14.8     00.0    01.8   09.4     33.3    11:04      NW
08    02.3    05.1   23:22   -00.3   06:02     16.0     00.0    00.0   04.5     31.4    01:09      S 
09    05.2    06.9   03:10    03.0   17:20     13.1     00.0    00.0   06.3     37.0    10:27     SSW
10    06.5    07.3   03:08    05.3   18:29     11.8     00.0    00.0   02.8     22.2    06:04     WNW
11    06.2    12.8   14:22    01.4   07:14     12.1     00.0    00.0   07.1     24.1    23:07      N 
12    05.2    08.2   12:44    02.7   00:00     13.1     00.0    02.2   08.5     44.4    12:03      SW
13    02.8    05.2   11:32    00.3   00:00     15.5     00.0    00.0   06.4     35.1    10:24      SW
14   -00.2    02.6   12:46   -02.0   00:00     18.5     00.0    00.0   06.0     29.6    14:30     WSW
15   -00.5    02.3   14:24   -03.1   07:34     18.8     00.0    00.0   06.6     31.4    15:13      SW
16    01.5    03.7   13:36   -00.2   00:00     16.8     00.0    00.2   03.9     18.5    19:27     SSW
17    00.9    01.6   23:04   -00.2   00:15     17.4     00.0    10.6   03.5     24.1    09:22     ENE
18   -01.9    01.5   01:15   -03.9   00:00     20.2     00.0    00.4   11.6     44.4    10:26      SW
19   -03.7   -00.4   13:11   -06.8   07:23     22.0     00.0    00.0   07.5     31.4    01:42      SW
20   -01.5    01.4   12:45   -03.8   01:13     19.8     00.0    00.0   09.1     31.4    19:08     SSW
21   -05.0   -03.7   13:07   -06.6   19:33     23.3     00.0    00.0   07.9     31.4    15:10     WSW
22   -00.2    03.5   00:00   -05.8   02:00     18.5     00.0    02.2   05.9     25.9    06:47     SSW
23    04.9    06.5   23:44    03.5   00:03     13.4     00.0    00.0   02.4     16.6    00:18     SSE
24    11.3    18.0   14:13    06.5   00:04     07.0     00.0    14.4   09.3     40.7    21:26     SSE
25    06.7    09.8   00:01    02.9   00:00     11.6     00.0    00.0   13.3     55.5    04:41      SW
26    01.0    03.0   02:09    00.1   23:45     17.3     00.0    00.0   06.2     35.1    01:17      NW
27   -00.8    01.7   13:17   -02.5   23:38     19.1     00.0    00.0   04.7     24.1    03:24      NW
28   -03.5   -01.1   11:27   -07.2   00:00     21.8     00.0    00.0   05.2     25.9    16:28     WSW
29   -03.4   -00.0   13:18   -08.4   06:29     21.7     00.0    00.0   04.2     25.9    22:37      SE
30    03.9    06.1   20:00   -00.2   00:04     14.4     00.0    00.0   04.1     22.2    01:27      SE
----------------------------------------------------------------------------------------------------------------------------------------------------------
02.6 (2.6)   18.0  day 24    -08.4  day 29   470.3    000.0   037.2   06.4     55.5   day 25     WSW
Max <=   0: 4
Min <=   30: 30
Min <=  -5: 5
Max Rain: 14.4 ON 24-11-14
Days of Rain: 10 (> .2mm) 4 (> 2mm) 0 (> 20mm)