NOAA style reports

NOAA-style Climate Reports

Select NOAA data to display

Select a Year or Month report
2022 > Jan Feb Mar Apr May Jun Jul Aug Sep Oct Nov Dec
2021 > Jan Feb Mar Apr May Jun Jul Aug Sep Oct Nov Dec
2020 > Jan Feb Mar Apr May Jun Jul Aug Sep Oct Nov Dec
2019 > Jan Feb Mar Apr May Jun Jul Aug Sep Oct Nov Dec
2018 > Jan Feb Mar Apr May Jun Jul Aug Sep Oct Nov Dec
2017 > Jan Feb Mar Apr May Jun Jul Aug Sep Oct Nov Dec
2016 > Jan Feb Mar Apr May Jun Jul Aug Sep Oct Nov Dec
2015 > Jan Feb Mar Apr May Jun Jul Aug Sep Oct Nov Dec
2014 > Jan Feb Mar Apr May Jun Jul Aug Sep Oct Nov Dec
2013 > Jan Feb Mar Apr May Jun Jul Aug Sep Oct Nov Dec
2012 > Jan Feb Mar Apr May Jun Jul Aug Sep Oct Nov Dec
2011 > Jan Feb Mar Apr May Jun Jul Aug Sep Oct Nov Dec
2010 > Jan Feb Mar Apr May Jun Jul Aug Sep Oct Nov Dec
2009 > Jan Feb Mar Apr May Jun Jul Aug Sep Oct Nov Dec
2008 > Jan Feb Mar Apr May Jun Jul Aug Sep Oct Nov Dec

Report for 2014 Dec

Daily noaa report


                            MONTHLY CLIMATOLOGICAL SUMMARY for DEC. 2014

NAME: Home Weather Station Davis VP2   CITY: Beaconsfield STATE: Quebec, Canada
ELEV: 118 LAT: 045:25:46 LONG: 0073:51:35

                            TEMPERATURE ( C), RAIN (mm), WIND SPEED (kmh)

                                               HEAT     COOL           AVG
      MEAN                                     DEG      DEG            WIND                       DOM
DAY   TEMP    HIGH   TIME     LOW    TIME      DAYS     DAYS    RAIN   SPEED    HIGH    TIME      DIR
----------------------------------------------------------------------------------------------------------------------------------------------------------
01    01.2    06.6   03:33   -06.4   00:00     17.1     00.0    00.0   08.2     42.5    14:37      W 
02   -09.5   -05.3   00:00   -13.4   07:28     27.8     00.0    02.8   07.4     25.9    01:21      N 
03    01.8    03.8   11:47   -05.3   00:01     16.5     00.0    03.8   06.8     31.4    20:27     SSW
04   -05.1    00.8   00:10   -10.7   23:05     23.4     00.0    00.0   09.6     68.5    04:21      W 
05   -07.2   -03.7   14:22   -11.3   07:02     25.5     00.0    00.8   04.0     18.5    17:33     NNE
06   -02.2   -00.1   15:08   -05.4   00:01     20.5     00.0    00.0   03.3     18.5    23:19      NW
07   -08.4   -02.8   00:01   -10.6   22:18     26.7     00.0    00.0   04.6     18.5    12:00      N 
08   -09.0   -03.4   20:32   -12.1   05:29     27.3     00.0    00.0   04.5     20.4    10:44     NNE
09   -01.6    00.5   23:24   -06.6   00:01     19.9     00.0    03.0   08.7     31.4    00:00      N 
10    00.3    00.7   12:35   -00.3   20:11     18.0     00.0    12.8   13.8     46.3    10:37      N 
11    00.2    01.7   13:26   -02.3   00:00     18.1     00.0    02.4   04.7     29.6    02:10     NNW
12   -02.9   -01.8   13:08   -03.7   08:24     21.2     00.0    00.0   02.8     18.5    14:08      SW
13   -02.9   -01.6   02:07   -04.7   07:17     21.2     00.0    00.0   05.5     25.9    13:06      SW
14   -01.6   -00.3   17:04   -04.1   01:06     19.9     00.0    00.0   03.2     22.2    12:30      W 
15   -00.3    00.9   13:32   -01.3   02:45     18.6     00.0    00.0   00.2     07.4    12:10      W 
16    00.1    00.9   00:00   -00.6   07:44     18.2     00.0    00.0   04.7     18.5    16:32      NE
17    00.8    01.1   15:14    00.6   05:21     17.5     00.0    00.0   03.2     16.6    01:29      N 
18    00.2    01.2   11:10   -01.7   00:00     18.1     00.0    01.0   04.7     24.1    13:37      W 
19   -04.6   -01.7   00:03   -08.6   00:00     22.9     00.0    00.0   05.9     25.9    10:17     WSW
20   -08.8   -04.9   12:12   -12.3   08:05     27.1     00.0    00.0   02.3     12.9    23:27     NNW
21   -07.2   -05.5   12:34   -09.9   00:11     25.5     00.0    00.0   02.4     12.9    22:22     NNE
22   -06.0   -04.2   12:40   -07.6   00:49     24.3     00.0    00.0   04.2     22.2    14:13     NNE
23   -00.0    03.0   00:00   -05.4   00:02     18.3     00.0    05.0   04.8     22.2    21:41      NE
24    04.5    05.6   21:46    03.0   00:02     13.8     00.0    16.2   06.1     24.1    20:08      E 
25    05.6    07.7   12:28    04.1   17:27     12.7     00.0    01.2   14.0     55.5    05:35      SW
26    04.3    05.3   12:36    03.3   07:33     14.0     00.0    00.0   07.8     42.5    00:14      SW
27    03.3    04.9   00:00    01.4   05:42     15.0     00.0    00.0   01.6     14.8    17:14     SSE
28    04.0    08.8   02:14   -01.5   22:19     14.3     00.0    01.0   08.9     38.9    09:43     WSW
29   -05.0    00.2   02:44   -09.0   00:00     23.3     00.0    00.0   09.1     38.9    04:35      W 
30   -10.9   -09.0   00:01   -13.1   08:05     29.2     00.0    00.0   05.9     27.8    21:42      W 
31   -08.8   -05.1   14:00   -13.3   03:20     27.1     00.0    00.0   05.6     31.4    12:15      SW
----------------------------------------------------------------------------------------------------------------------------------------------------------
-2.4 (-2.7)   08.8  day 28    -13.4  day 02   643.0    000.0   050.0   05.8     68.5   day 25     WNW
Max <=   0: 14
Min <=   30: 31
Max <=  -5: 4
Min <=  -5: 17
Min <= -10: 8
Max Rain: 16.2 ON 24-12-15
Days of Rain: 11 (> .2mm) 7 (> 2mm) 0 (> 20mm)