NOAA style reports

NOAA-style Climate Reports

Select NOAA data to display

Select a Year or Month report
2021 > Jan Feb Mar Apr May Jun Jul Aug Sep Oct Nov Dec
2020 > Jan Feb Mar Apr May Jun Jul Aug Sep Oct Nov Dec
2019 > Jan Feb Mar Apr May Jun Jul Aug Sep Oct Nov Dec
2018 > Jan Feb Mar Apr May Jun Jul Aug Sep Oct Nov Dec
2017 > Jan Feb Mar Apr May Jun Jul Aug Sep Oct Nov Dec
2016 > Jan Feb Mar Apr May Jun Jul Aug Sep Oct Nov Dec
2015 > Jan Feb Mar Apr May Jun Jul Aug Sep Oct Nov Dec
2014 > Jan Feb Mar Apr May Jun Jul Aug Sep Oct Nov Dec
2013 > Jan Feb Mar Apr May Jun Jul Aug Sep Oct Nov Dec
2012 > Jan Feb Mar Apr May Jun Jul Aug Sep Oct Nov Dec
2011 > Jan Feb Mar Apr May Jun Jul Aug Sep Oct Nov Dec
2010 > Jan Feb Mar Apr May Jun Jul Aug Sep Oct Nov Dec
2009 > Jan Feb Mar Apr May Jun Jul Aug Sep Oct Nov Dec
2008 > Jan Feb Mar Apr May Jun Jul Aug Sep Oct Nov Dec

Report for 2015 Jan

Daily noaa report


                            MONTHLY CLIMATOLOGICAL SUMMARY for JAN. 2015

NAME: Home Weather Station Davis VP2   CITY: Beaconsfield STATE: Quebec, Canada
ELEV: 118 LAT: 045:25:46 LONG: 0073:51:35

                            TEMPERATURE ( C), RAIN (mm), WIND SPEED (kmh)

                                               HEAT     COOL           AVG
      MEAN                                     DEG      DEG            WIND                       DOM
DAY   TEMP    HIGH   TIME     LOW    TIME      DAYS     DAYS    RAIN   SPEED    HIGH    TIME      DIR
----------------------------------------------------------------------------------------------------------------------------------------------------------
01   -04.3   -02.6   11:28   -06.7   05:07     22.6     00.0    00.2   08.2     31.4    12:00      SW
02   -07.3   -02.8   01:26   -13.3   00:00     25.6     00.0    00.0   08.2     35.1    13:53      W 
03   -12.0   -08.9   00:00   -15.3   05:51     30.3     00.0    08.0   05.5     24.1    21:32      N 
04   -04.1   -00.2   14:24   -08.9   00:01     22.4     00.0    26.6   07.1     35.1    00:00     NNW
05   -12.1   -03.1   00:01   -16.6   00:00     30.4     00.0    00.0   13.8     51.8    03:55     WSW
06   -12.9   -08.2   20:43   -19.7   05:22     31.2     00.0    00.6   01.2     11.1    15:19     SSW
07   -14.6   -08.3   02:40   -25.4   00:00     32.9     00.0    01.8   06.4     38.9    17:23      W 
08   -19.0   -08.6   22:54   -27.2   06:03     37.3     00.0    00.4   02.5     24.1    23:58      S 
09   -08.6   -05.4   14:15   -13.8   00:00     26.9     00.0    00.8   06.9     38.9    20:37     SSW
10   -11.0   -08.6   13:30   -14.2   00:38     29.3     00.0    00.0   05.6     29.6    10:02     SSW
11   -08.0   -04.4   13:43   -12.3   06:35     26.3     00.0    00.0   03.3     18.5    02:34      S 
12   -04.7   -00.9   13:00   -14.4   00:00     23.0     00.0    02.4   04.8     29.6    19:27     WNW
13   -19.0   -14.4   00:01   -22.2   08:06     37.3     00.0    00.0   02.5     24.1    02:15      W 
14   -18.6   -12.7   15:06   -23.5   06:22     36.9     00.0    00.0   01.5     16.6    10:31     NNW
15   -12.8   -05.7   00:00   -20.6   03:50     31.1     00.0    00.0   01.1     11.1    23:29      NE
16   -10.1   -02.8   06:01   -19.4   00:00     28.4     00.0    00.4   10.9     42.5    12:33     WSW
17   -18.6   -14.9   21:33   -23.5   06:15     36.9     00.0    00.0   04.8     22.2    21:53      N 
18   -05.5    02.6   14:13   -15.7   00:28     23.8     00.0    03.0   03.3     18.5    13:07     NNE
19   -03.3    00.9   11:12   -12.3   00:00     21.6     00.0    00.4   07.6     40.7    12:20     WSW
20   -15.6   -12.3   00:01   -18.4   08:06     33.9     00.0    00.0   09.0     31.4    01:04      SW
21   -15.5   -09.8   14:05   -20.4   08:08     33.8     00.0    00.0   01.6     12.9    23:46     WSW
22   -12.6   -07.0   13:47   -17.6   08:04     30.9     00.0    00.0   03.8     16.6    02:26     WNW
23   -05.9    00.0   14:04   -13.1   07:46     24.2     00.0    00.0   05.2     31.4    13:31     SSW
24   -01.8   -00.1   13:07   -02.8   05:08     20.1     00.0    00.0   05.2     20.4    21:46      SW
25   -11.5   -01.9   01:37   -16.7   00:00     29.8     00.0    00.0   09.8     40.7    04:35      W 
26   -16.9   -13.4   14:16   -21.5   07:05     35.2     00.0    00.0   05.4     37.0    23:48      N 
27   -12.5   -09.3   15:39   -16.2   00:27     30.8     00.0    00.0   11.2     46.3    09:44      N 
28   -11.3   -07.9   15:10   -14.6   07:40     29.6     00.0    00.0   04.3     18.5    12:18     WSW
29   -09.2   -02.3   23:02   -17.3   06:47     27.5     00.0    01.0   04.2     27.8    19:46     ENE
30   -07.4   -02.6   01:01   -17.1   00:00     25.7     00.0    02.8   07.1     35.1    11:15      W 
31   -18.2   -15.1   00:00   -22.4   07:53     36.5     00.0    00.0   07.2     31.4    14:44     WSW
----------------------------------------------------------------------------------------------------------------------------------------------------------
-11.1 (-11.5)   02.6  day 18    -27.2  day 08   912.4    000.0   048.6   05.8     51.8   day 05      W 
Max <=   0: 28
Min <=   30: 31
Min <= -18: 12
Max <=  -5: 17
Min <=  -5: 30
Max <= -10: 6
Min <= -10: 28
Max <= -15: 1
Min <= -15: 20
Min <= -20: 9
Min <= -25: 2
Max Rain: 26.6 ON 4-01-15
Days of Rain: 13 (> .2mm) 5 (> 2mm) 1 (> 20mm)