NOAA style reports

NOAA-style Climate Reports

Select NOAA data to display

Select a Year or Month report
2021 > Jan Feb Mar Apr May Jun Jul Aug Sep Oct Nov Dec
2020 > Jan Feb Mar Apr May Jun Jul Aug Sep Oct Nov Dec
2019 > Jan Feb Mar Apr May Jun Jul Aug Sep Oct Nov Dec
2018 > Jan Feb Mar Apr May Jun Jul Aug Sep Oct Nov Dec
2017 > Jan Feb Mar Apr May Jun Jul Aug Sep Oct Nov Dec
2016 > Jan Feb Mar Apr May Jun Jul Aug Sep Oct Nov Dec
2015 > Jan Feb Mar Apr May Jun Jul Aug Sep Oct Nov Dec
2014 > Jan Feb Mar Apr May Jun Jul Aug Sep Oct Nov Dec
2013 > Jan Feb Mar Apr May Jun Jul Aug Sep Oct Nov Dec
2012 > Jan Feb Mar Apr May Jun Jul Aug Sep Oct Nov Dec
2011 > Jan Feb Mar Apr May Jun Jul Aug Sep Oct Nov Dec
2010 > Jan Feb Mar Apr May Jun Jul Aug Sep Oct Nov Dec
2009 > Jan Feb Mar Apr May Jun Jul Aug Sep Oct Nov Dec
2008 > Jan Feb Mar Apr May Jun Jul Aug Sep Oct Nov Dec

Report for 2015 Feb

Daily noaa report




                            MONTHLY CLIMATOLOGICAL SUMMARY for FEB. 2015

NAME: Home Weather Station Davis VP2   CITY: Beaconsfield STATE: Quebec, Canada
ELEV: 118 LAT: 045:25:46 LONG: 0073:51:35

                            TEMPERATURE ( C), RAIN (mm), WIND SPEED (kmh)

                                               HEAT     COOL           AVG
      MEAN                                     DEG      DEG            WIND                       DOM
DAY   TEMP    HIGH   TIME     LOW    TIME      DAYS     DAYS    RAIN   SPEED    HIGH    TIME      DIR
----------------------------------------------------------------------------------------------------------------------------------------------------------
01   -16.0   -13.1   13:41   -19.7   22:16     34.3     00.0    00.0   04.4     22.2    04:31      W 
02   -19.5   -17.3   18:53   -22.2   08:18     37.8     00.0    02.0   08.8     37.0    11:38      N 
03   -16.4   -10.2   14:00   -23.1   05:54     34.7     00.0    00.8   02.3     12.9    10:10      S 
04   -07.2   -03.9   12:45   -12.8   00:01     25.5     00.0    02.4   02.1     16.6    11:06     ESE
05   -13.4   -07.0   00:01   -21.0   00:00     31.7     00.0    00.0   05.2     25.9    16:09      W 
06   -15.6   -09.7   14:19   -23.8   05:18     33.9     00.0    00.4   01.6     18.5    23:32     ESE
07   -13.2   -10.7   13:43   -16.1   04:14     31.5     00.0    00.0   02.2     22.2    23:48     WNW
08   -15.6   -13.5   00:01   -18.2   09:36     33.9     00.0    01.8   11.0     42.5    21:23      N 
09   -13.8   -11.9   23:49   -15.3   03:19     32.1     00.0    00.0   11.3     35.1    07:47      N 
10   -09.8   -05.3   14:33   -12.5   22:14     28.1     00.0    00.0   03.4     20.4    23:01     NNW
11   -12.9   -10.3   15:44   -16.7   07:29     31.2     00.0    00.4   06.3     22.2    03:45     NNE
12   -11.0   -06.3   13:04   -16.7   00:00     29.3     00.0    02.2   06.6     33.3    17:47     WNW
13   -21.0   -16.7   00:01   -23.5   22:30     39.3     00.0    00.0   07.8     37.0    09:00     WSW
14   -16.6   -13.5   15:08   -23.0   00:01     34.9     00.0    00.0   07.9     33.3    23:35     NNE
15   -17.6   -13.6   01:29   -21.8   00:00     35.9     00.0    00.0   12.4     42.5    18:19     WNW
16   -20.0   -16.1   13:44   -23.4   08:01     38.3     00.0    00.0   08.6     33.3    02:08      SW
17   -17.0   -11.7   14:23   -23.7   07:00     35.3     00.0    00.0   01.1     11.1    13:39      NE
18   -13.1   -06.6   15:16   -20.2   07:12     31.4     00.0    00.0   03.4     20.4    14:30     NNE
19   -12.8   -07.4   10:43   -18.1   00:00     31.1     00.0    02.8   09.5     37.0    17:42     WSW
20   -17.0   -14.1   16:21   -19.5   05:13     35.3     00.0    00.0   10.9     35.1    15:39      SW
21   -12.2   -07.3   13:23   -18.6   04:10     30.5     00.0    02.8   02.7     16.6    00:22     ENE
22   -06.2   -02.9   12:28   -10.4   01:18     24.5     00.0    00.0   03.6     37.0    23:48      SW
23   -17.8   -06.7   00:01   -24.5   00:00     36.1     00.0    00.0   10.6     37.0    02:08     WSW
24   -16.9   -09.9   23:06   -25.6   06:02     35.2     00.0    00.0   03.1     18.5    14:20     ESE
25   -09.5   -04.1   12:04   -16.2   00:00     27.8     00.0    00.0   05.7     31.4    15:02      SW
26   -15.7   -11.8   13:21   -20.0   06:00     34.0     00.0    00.0   02.3     11.1    14:17      S 
27   -14.6   -08.9   14:07   -21.6   07:04     32.9     00.0    00.0   05.0     18.5    16:03      SW
28   -10.6   -04.9   15:16   -16.5   07:04     28.9     00.0    00.0   06.6     31.4    10:09      SW
----------------------------------------------------------------------------------------------------------------------------------------------------------
-14.4 (-14.6)  -02.9  day 22    -25.6  day 24   915.1    000.0   015.6   05.9     42.6   day 23     WNW
Max <=   0: 28
Min <=   30: 28
Min <= -18: 19
Max <=  -5: 24
Min <=  -5: 28
Max <= -10: 14
Min <= -10: 28
Max <= -15: 3
Min <= -15: 25
Min <= -20: 13
Min <= -25: 1
Max Rain: 2.8 ON 19-02-15
Days of Rain: 9 (> .2mm) 4 (> 2mm) 0 (> 20mm)