NOAA style reports

NOAA-style Climate Reports

Select NOAA data to display

Select a Year or Month report
2021 > Jan Feb Mar Apr May Jun Jul Aug Sep Oct Nov Dec
2020 > Jan Feb Mar Apr May Jun Jul Aug Sep Oct Nov Dec
2019 > Jan Feb Mar Apr May Jun Jul Aug Sep Oct Nov Dec
2018 > Jan Feb Mar Apr May Jun Jul Aug Sep Oct Nov Dec
2017 > Jan Feb Mar Apr May Jun Jul Aug Sep Oct Nov Dec
2016 > Jan Feb Mar Apr May Jun Jul Aug Sep Oct Nov Dec
2015 > Jan Feb Mar Apr May Jun Jul Aug Sep Oct Nov Dec
2014 > Jan Feb Mar Apr May Jun Jul Aug Sep Oct Nov Dec
2013 > Jan Feb Mar Apr May Jun Jul Aug Sep Oct Nov Dec
2012 > Jan Feb Mar Apr May Jun Jul Aug Sep Oct Nov Dec
2011 > Jan Feb Mar Apr May Jun Jul Aug Sep Oct Nov Dec
2010 > Jan Feb Mar Apr May Jun Jul Aug Sep Oct Nov Dec
2009 > Jan Feb Mar Apr May Jun Jul Aug Sep Oct Nov Dec
2008 > Jan Feb Mar Apr May Jun Jul Aug Sep Oct Nov Dec

Report for 2015 Mar

Daily noaa report


                            MONTHLY CLIMATOLOGICAL SUMMARY for MAR. 2015

NAME: Home Weather Station Davis VP2   CITY: Beaconsfield STATE: Quebec, Canada
ELEV: 118 LAT: 045:25:46 LONG: 0073:51:35

                            TEMPERATURE ( C), RAIN (mm), WIND SPEED (kmh)

                                               HEAT     COOL           AVG
      MEAN                                     DEG      DEG            WIND                       DOM
DAY   TEMP    HIGH   TIME     LOW    TIME      DAYS     DAYS    RAIN   SPEED    HIGH    TIME      DIR
----------------------------------------------------------------------------------------------------------------------------------------------------------
01   -08.2   -03.7   16:21   -15.7   06:06     26.5     00.0    00.0   02.0     16.6    14:27     ENE
02   -06.0   -02.4   14:09   -11.2   00:00     24.3     00.0    00.2   07.3     37.0    15:06     WSW
03   -08.3   -04.6   00:00   -17.9   07:07     26.6     00.0    02.4   04.6     24.1    18:09     ESE
04   -01.3    02.8   14:15   -04.6   00:01     19.6     00.0    00.2   09.4     40.7    04:26     WSW
05   -11.2   -04.6   00:01   -16.2   00:00     29.5     00.0    00.0   06.3     33.3    01:02      W 
06   -12.7   -06.3   15:34   -20.6   04:46     31.0     00.0    00.0   05.5     31.4    13:07     SSW
07   -06.0   -01.5   14:22   -14.4   02:11     24.3     00.0    00.0   04.9     20.4    11:15     SSW
08   -03.0    00.2   13:11   -06.2   03:00     21.3     00.0    00.0   04.4     29.6    16:14      SW
09   -00.5    03.6   16:39   -03.6   07:18     18.8     00.0    00.4   06.6     33.3    10:25     WSW
10    01.9    07.7   15:36   -04.3   05:23     16.4     00.0    00.0   01.5     14.8    21:06      SE
11    05.3    08.7   15:37    01.6   00:00     13.0     00.0    00.0   10.2     42.5    11:33     WSW
12   -04.2    01.6   00:20   -08.6   23:53     22.5     00.0    00.0   11.0     42.5    02:21     WNW
13   -05.6   -01.4   15:21   -11.2   05:33     23.9     00.0    00.0   02.3     18.5    21:45      E 
14   -01.7    00.4   12:18   -03.3   07:18     20.0     00.0    03.2   06.9     31.4    17:42      N 
15   -02.0    00.8   13:31   -05.4   00:00     20.3     00.0    03.6   07.4     38.9    12:21     NNW
16   -03.2    02.7   16:13   -11.0   06:45     21.5     00.0    00.0   01.6     14.8    15:29     ENE
17   -01.4    01.1   10:33   -06.6   00:00     19.7     00.0    00.6   08.2     46.3    15:19     WNW
18   -08.4   -04.7   15:26   -11.9   07:29     26.7     00.0    00.0   09.0     40.7    15:19     WNW
19   -07.6   -01.5   15:28   -14.5   06:35     25.9     00.0    00.0   05.1     31.4    15:39     WSW
20   -03.2    04.5   15:13   -10.7   05:24     21.5     00.0    00.0   02.5     18.5    12:28     ESE
21   -01.6    01.7   13:03   -08.9   00:00     19.9     00.0    05.2   05.7     48.1    20:09     WSW
22   -11.5   -08.4   15:39   -15.4   07:14     29.8     00.0    00.0   10.9     42.5    14:23      W 
23   -10.9   -05.1   15:37   -15.7   07:25     29.2     00.0    00.0   10.5     38.9    08:12     WSW
24   -05.7    02.1   15:29   -13.2   07:15     24.0     00.0    00.0   02.5     18.5    16:51      SW
25   -01.0    06.0   15:23   -09.8   07:19     19.3     00.0    00.0   04.4     29.6    16:02     ESE
26    03.3    05.7   12:12    01.1   22:05     15.0     00.0    00.6   06.0     25.9    09:15      SW
27    00.3    03.2   14:09   -03.8   00:00     18.0     00.0    02.2   03.7     20.4    10:18      W 
28   -05.0   -00.1   15:07   -09.2   08:14     23.3     00.0    00.0   06.1     24.1    07:35     NNW
29   -02.8    04.4   15:13   -10.7   06:26     21.1     00.0    00.0   04.3     22.2    15:22      SW
30    01.1    03.9   14:42   -02.3   00:11     17.2     00.0    01.2   06.8     31.4    18:15     SSW
31   -01.0    02.9   15:27   -04.3   08:27     19.3     00.0    00.0   08.2     37.0    00:52      W 
----------------------------------------------------------------------------------------------------------------------------------------------------------
-3.9 (-4.3)   08.7  day 11    -20.6  day 06   689.4    000.0   019.8   06.0     48.1   day 21     WSW
Max <=   0: 12
Min <=   30: 31
Min <= -18: 1
Max <=  -5: 3
Min <=  -5: 22
Min <= -10: 15
Min <= -15: 6
Min <= -20: 1
Max Rain: 5.2 ON 21-03-15
Days of Rain: 11 (> .2mm) 5 (> 2mm) 0 (> 20mm)