NOAA style reports

NOAA-style Climate Reports

Select NOAA data to display

Select a Year or Month report
2021 > Jan Feb Mar Apr May Jun Jul Aug Sep Oct Nov Dec
2020 > Jan Feb Mar Apr May Jun Jul Aug Sep Oct Nov Dec
2019 > Jan Feb Mar Apr May Jun Jul Aug Sep Oct Nov Dec
2018 > Jan Feb Mar Apr May Jun Jul Aug Sep Oct Nov Dec
2017 > Jan Feb Mar Apr May Jun Jul Aug Sep Oct Nov Dec
2016 > Jan Feb Mar Apr May Jun Jul Aug Sep Oct Nov Dec
2015 > Jan Feb Mar Apr May Jun Jul Aug Sep Oct Nov Dec
2014 > Jan Feb Mar Apr May Jun Jul Aug Sep Oct Nov Dec
2013 > Jan Feb Mar Apr May Jun Jul Aug Sep Oct Nov Dec
2012 > Jan Feb Mar Apr May Jun Jul Aug Sep Oct Nov Dec
2011 > Jan Feb Mar Apr May Jun Jul Aug Sep Oct Nov Dec
2010 > Jan Feb Mar Apr May Jun Jul Aug Sep Oct Nov Dec
2009 > Jan Feb Mar Apr May Jun Jul Aug Sep Oct Nov Dec
2008 > Jan Feb Mar Apr May Jun Jul Aug Sep Oct Nov Dec

Report for 2015 Apr

Daily noaa report


                            MONTHLY CLIMATOLOGICAL SUMMARY for APR. 2015

NAME: Home Weather Station Davis VP2   CITY: Beaconsfield STATE: Quebec, Canada
ELEV: 118 LAT: 045:25:46 LONG: 0073:51:35

                            TEMPERATURE ( C), RAIN (mm), WIND SPEED (kmh)

                                               HEAT     COOL           AVG
      MEAN                                     DEG      DEG            WIND                       DOM
DAY   TEMP    HIGH   TIME     LOW    TIME      DAYS     DAYS    RAIN   SPEED    HIGH    TIME      DIR
----------------------------------------------------------------------------------------------------------------------------------------------------------
01   -02.1    02.8   15:38   -07.6   07:10     20.4     00.0    00.0   05.0     31.4    13:18      W 
02    02.1    09.1   15:47   -02.6   05:22     16.2     00.0    01.2   03.6     22.2    13:41      E 
03    08.4    12.9   15:13    02.8   00:01     09.9     00.0    00.8   05.7     33.3    14:08      SW
04    00.7    07.0   00:16   -03.4   00:00     17.6     00.0    08.4   08.7     42.5    05:11     WNW
05   -00.8    02.7   15:35   -04.3   02:47     19.1     00.0    00.0   07.4     38.9    16:05      W 
06   -00.6    04.2   12:39   -06.1   04:30     18.9     00.0    00.0   01.5     12.9    14:28     SSE
07    01.8    07.2   13:33   -02.6   06:16     16.5     00.0    00.0   02.6     24.1    10:43      E 
08    01.8    06.6   14:24   -02.2   02:03     16.5     00.0    02.6   06.3     29.6    12:41     ENE
09    03.2    06.3   13:07    00.4   06:43     15.1     00.0    02.0   11.8     38.9    19:27      E 
10    06.0    11.4   18:08    03.1   03:14     12.3     00.0    10.2   08.0     40.7    22:42     SSE
11    06.3    10.2   15:40    03.3   08:16     12.0     00.0    00.0   12.7     46.3    10:24     WSW
12    09.9    18.3   16:08    03.2   05:48     08.4     00.0    00.0   07.3     31.4    13:38      SW
13    12.6    22.8   14:07    03.2   05:48     05.7     00.0    03.2   04.5     42.5    00:00      SE
14    11.9    18.3   15:35    06.3   06:39     06.4     00.0    01.0   09.2     42.5    16:04     WSW
15    09.6    16.9   15:12    02.1   07:02     08.7     00.0    00.0   05.0     27.8    15:18      W 
16    09.1    17.4   15:29   -00.1   06:42     09.2     00.0    00.0   01.4     16.6    10:01      E 
17    15.0    21.2   16:02    09.6   00:24     03.3     00.0    00.0   06.7     27.8    16:46      SW
18    08.5    12.5   00:01    04.5   06:47     09.8     00.0    00.0   06.7     31.4    19:11      N 
19    07.5    14.0   16:00    01.2   06:41     10.8     00.0    00.0   05.6     24.1    23:38     ENE
20    08.1    09.8   09:08    05.3   12:15     10.2     00.0    10.6   13.5     42.5    12:26      E 
21    09.7    13.5   16:17    07.1   00:00     08.6     00.0    16.2   07.2     31.4    16:26      S 
22    06.5    10.3   14:23    04.3   06:27     11.8     00.0    02.2   01.6     22.2    13:12     SSE
23    05.0    07.5   14:37    02.3   07:43     13.3     00.0    00.8   09.5     42.5    23:08      SW
24    03.3    05.2   15:49    01.6   07:13     15.0     00.0    00.0   11.5     42.5    01:39      W 
25    06.7    13.3   14:36    01.4   06:28     11.6     00.0    00.0   07.9     29.6    14:12     WSW
26    09.2    14.3   13:18    03.8   06:47     09.1     00.0    00.0   04.1     24.1    12:17     WNW
27    10.4    15.6   16:00    05.8   05:33     07.9     00.0    00.0   05.4     27.8    13:13     NNW
28    13.4    20.1   16:26    05.8   06:32     04.9     00.0    00.0   03.8     24.1    19:08      N 
29    12.9    17.7   14:37    08.4   06:11     05.4     00.0    00.0   06.4     25.9    18:49     ENE
30    12.5    18.3   13:17    06.7   06:01     05.8     00.0    00.0   05.8     29.6    11:27     NNE
----------------------------------------------------------------------------------------------------------------------------------------------------------
07.0 (7.2)   22.8  day 13    -07.6  day 01   340.4    000.0   059.2   06.5     46.3   day 11     WSW
Min <=   30: 30
Min <=  -5: 2
Max Rain: 16.2 ON 21-04-15
Days of Rain: 12 (> .2mm) 7 (> 2mm) 0 (> 20mm)