NOAA style reports

NOAA-style Climate Reports

Select NOAA data to display

Select a Year or Month report
2021 > Jan Feb Mar Apr May Jun Jul Aug Sep Oct Nov Dec
2020 > Jan Feb Mar Apr May Jun Jul Aug Sep Oct Nov Dec
2019 > Jan Feb Mar Apr May Jun Jul Aug Sep Oct Nov Dec
2018 > Jan Feb Mar Apr May Jun Jul Aug Sep Oct Nov Dec
2017 > Jan Feb Mar Apr May Jun Jul Aug Sep Oct Nov Dec
2016 > Jan Feb Mar Apr May Jun Jul Aug Sep Oct Nov Dec
2015 > Jan Feb Mar Apr May Jun Jul Aug Sep Oct Nov Dec
2014 > Jan Feb Mar Apr May Jun Jul Aug Sep Oct Nov Dec
2013 > Jan Feb Mar Apr May Jun Jul Aug Sep Oct Nov Dec
2012 > Jan Feb Mar Apr May Jun Jul Aug Sep Oct Nov Dec
2011 > Jan Feb Mar Apr May Jun Jul Aug Sep Oct Nov Dec
2010 > Jan Feb Mar Apr May Jun Jul Aug Sep Oct Nov Dec
2009 > Jan Feb Mar Apr May Jun Jul Aug Sep Oct Nov Dec
2008 > Jan Feb Mar Apr May Jun Jul Aug Sep Oct Nov Dec

Report for 2015 May

Daily noaa report


                            MONTHLY CLIMATOLOGICAL SUMMARY for MAY. 2015

NAME: Home Weather Station Davis VP2   CITY: Beaconsfield STATE: Quebec, Canada
ELEV: 118 LAT: 045:25:46 LONG: 0073:51:35

                            TEMPERATURE ( C), RAIN (mm), WIND SPEED (kmh)

                                               HEAT     COOL           AVG
      MEAN                                     DEG      DEG            WIND                       DOM
DAY   TEMP    HIGH   TIME     LOW    TIME      DAYS     DAYS    RAIN   SPEED    HIGH    TIME      DIR
----------------------------------------------------------------------------------------------------------------------------------------------------------
01    13.4    21.4   15:25    06.7   06:01     04.9     00.0    00.0   04.8     29.6    11:27      N 
02    16.9    25.9   15:00    07.7   06:35     01.4     00.0    00.0   02.6     27.8    13:42     WSW
03    18.9    27.8   14:47    11.0   04:29     00.0     00.6    00.0   02.5     16.6    15:20     SSW
04    19.8    29.8   14:12    11.9   06:42     00.0     01.5    00.0   05.6     48.1    17:42      SW
05    16.4    23.2   15:29    10.6   05:46     01.9     00.0    00.0   03.6     27.8    16:04     WSW
06    17.9    26.9   16:07    07.4   06:12     00.4     00.0    00.0   03.4     31.4    16:06      W 
07    20.7    30.5   15:45    12.2   06:13     00.0     02.4    00.0   02.1     20.4    09:03      SW
08    22.0    31.8   15:51    13.9   05:31     00.0     03.7    00.0   00.6     11.1    06:32     ESE
09    20.8    28.1   16:38    14.6   06:29     00.0     02.5    07.6   01.5     35.1    17:28      NE
10    19.6    26.0   11:26    14.8   00:00     00.0     01.3    00.2   03.3     25.9    11:34     NNW
11    10.2    14.8   00:10    08.3   07:46     08.1     00.0    12.8   06.3     27.8    16:49      N 
12    14.2    23.2   15:52    08.8   00:44     04.1     00.0    06.4   05.0     44.4    17:53     WSW
13    13.3    19.4   16:02    07.4   06:08     05.0     00.0    00.2   06.9     37.0    00:30     WNW
14    13.5    21.3   15:26    05.4   05:44     04.8     00.0    00.0   02.0     29.6    17:14     WSW
15    15.3    23.8   15:30    06.8   06:05     03.0     00.0    00.0   00.7     16.6    23:05      SE
16    18.0    21.4   13:07    14.4   06:44     00.3     00.0    00.0   00.4     11.1    09:34      E 
17    19.7    27.1   15:17    14.9   06:28     00.0     01.4    00.0   01.0     14.8    08:37     ESE
18    21.0    31.7   15:20    13.1   05:29     00.0     02.7    02.2   01.6     31.4    19:30     ENE
19    20.9    28.7   14:49    15.7   00:00     00.0     02.6    00.2   03.9     40.7    19:35      SW
20    12.5    17.3   16:21    07.8   07:39     05.8     00.0    00.0   08.0     35.1    19:26      W 
21    14.5    22.7   15:35    08.7   05:02     03.8     00.0    00.0   02.7     16.6    15:47      SW
22    10.6    15.2   12:44    05.3   22:40     07.7     00.0    00.4   05.6     38.9    14:06     WNW
23    10.4    18.2   16:19    03.5   05:33     07.9     00.0    00.0   05.1     31.4    12:40     WSW
24    18.8    27.4   16:02    13.0   06:28     00.0     00.5    00.0   04.3     27.8    00:05      SW
25    17.8    21.5   10:35    15.8   21:39     00.5     00.0    23.0   01.5     12.9    22:26      S 
26    22.5    29.8   15:36    15.3   03:42     00.0     04.2    05.2   01.7     14.8    16:03      SW
27    23.8    28.8   14:43    19.0   06:18     00.0     05.5    00.0   02.0     18.5    18:35     SSW
28    20.6    23.1   00:08    16.3   00:00     00.0     02.3    04.0   02.6     24.1    14:09     WSW
29    19.8    27.7   15:00    11.6   06:07     00.0     01.5    00.0   00.7     12.9    18:04      E 
30    23.3    31.4   15:47    17.2   01:42     00.0     05.0    02.2   03.2     31.4    17:16      SW
31    12.2    18.1   00:14    08.6   06:34     06.1     00.0    03.8   05.5     35.1    02:43      N 
----------------------------------------------------------------------------------------------------------------------------------------------------------
17.1 (17.9)   31.8  day 08     03.5  day 23   075.7    037.5   068.6   03.4     48.1   day 04      W 
Max >=  30: 4
Min <=   30: 33
Max Rain: 23.0 ON 25-05-15
Days of Rain: 13 (> .2mm) 9 (> 2mm) 1 (> 20mm)