NOAA style reports

NOAA-style Climate Reports

Select NOAA data to display

Select a Year or Month report
2021 > Jan Feb Mar Apr May Jun Jul Aug Sep Oct Nov Dec
2020 > Jan Feb Mar Apr May Jun Jul Aug Sep Oct Nov Dec
2019 > Jan Feb Mar Apr May Jun Jul Aug Sep Oct Nov Dec
2018 > Jan Feb Mar Apr May Jun Jul Aug Sep Oct Nov Dec
2017 > Jan Feb Mar Apr May Jun Jul Aug Sep Oct Nov Dec
2016 > Jan Feb Mar Apr May Jun Jul Aug Sep Oct Nov Dec
2015 > Jan Feb Mar Apr May Jun Jul Aug Sep Oct Nov Dec
2014 > Jan Feb Mar Apr May Jun Jul Aug Sep Oct Nov Dec
2013 > Jan Feb Mar Apr May Jun Jul Aug Sep Oct Nov Dec
2012 > Jan Feb Mar Apr May Jun Jul Aug Sep Oct Nov Dec
2011 > Jan Feb Mar Apr May Jun Jul Aug Sep Oct Nov Dec
2010 > Jan Feb Mar Apr May Jun Jul Aug Sep Oct Nov Dec
2009 > Jan Feb Mar Apr May Jun Jul Aug Sep Oct Nov Dec
2008 > Jan Feb Mar Apr May Jun Jul Aug Sep Oct Nov Dec

Report for 2015 Jun

Daily noaa report


                            MONTHLY CLIMATOLOGICAL SUMMARY for JUN. 2015

NAME: Home Weather Station Davis VP2   CITY: Beaconsfield STATE: Quebec, Canada
ELEV: 118 LAT: 045:25:46 LONG: 0073:51:35

                            TEMPERATURE ( C), RAIN (mm), WIND SPEED (kmh)

                                               HEAT     COOL           AVG
      MEAN                                     DEG      DEG            WIND                       DOM
DAY   TEMP    HIGH   TIME     LOW    TIME      DAYS     DAYS    RAIN   SPEED    HIGH    TIME      DIR
----------------------------------------------------------------------------------------------------------------------------------------------------------
01    12.4    14.1   14:29    10.3   06:22     05.9     00.0    02.4   07.9     31.4    19:06     ENE
02    11.1    14.8   16:30    07.9   00:00     07.2     00.0    04.2   04.1     20.4    15:08     NNE
03    12.8    20.5   16:06    05.2   05:51     05.5     00.0    00.0   00.6     11.1    20:49      E 
04    18.5    28.2   15:37    09.5   05:14     00.0     00.2    00.0   01.6     14.8    16:47      E 
05    18.9    25.3   12:36    15.4   04:29     00.0     00.6    09.2   00.5     31.4    14:41      NW
06    16.0    23.3   16:02    09.6   05:42     02.3     00.0    00.0   04.4     29.6    03:20      NW
07    16.6    23.4   16:32    08.2   05:52     01.7     00.0    00.0   00.7     22.2    23:26     ESE
08    17.6    21.1   16:35    15.2   07:30     00.7     00.0    26.8   01.2     18.5    09:29     SSE
09    18.7    24.7   14:18    16.3   06:04     00.0     00.4    05.6   00.6     14.8    16:09      SW
10    19.7    25.7   14:33    15.8   06:32     00.0     01.4    02.4   00.6     18.5    23:02     SSW
11    19.7    23.8   16:08    16.6   07:26     00.0     01.4    00.0   03.2     27.8    15:36     WSW
12    18.4    21.4   10:13    15.7   00:00     00.0     00.1    13.6   00.7     16.6    22:28      NW
13    19.6    27.4   15:28    13.8   05:51     00.0     01.3    00.2   01.8     27.8    15:22      W 
14    19.4    25.3   15:20    12.9   05:15     00.0     01.1    00.0   01.6     18.5    08:15     ENE
15    20.1    23.3   14:44    17.1   05:05     00.0     01.8    00.2   01.8     24.1    08:23     ESE
16    19.5    24.4   16:29    16.8   00:00     00.0     01.2    20.8   01.1     22.2    22:24     NNW
17    18.0    24.9   15:15    11.3   05:45     00.3     00.0    00.0   00.7     18.5    01:14      E 
18    21.5    29.8   16:24    14.9   06:04     00.0     03.2    04.8   00.3     31.4    21:07      SE
19    18.2    23.8   16:08    12.5   07:08     00.1     00.0    00.0   02.9     25.9    03:47      NW
20    19.4    27.8   15:38    10.4   05:49     00.0     01.1    00.0   00.6     12.9    23:16      E 
21    22.3    26.7   14:27    18.9   03:31     00.0     04.0    11.2   00.6     18.5    21:37     ENE
22    22.4    29.5   16:18    18.5   08:13     00.0     04.1    00.2   00.8     22.2    16:35     SSW
23    21.9    27.4   16:39    19.5   04:53     00.0     03.6    02.0   03.1     44.4    17:31      SW
24    19.5    26.1   15:31    14.2   06:14     00.0     01.2    00.6   03.8     31.4    15:32      W 
25    19.1    24.4   16:24    12.9   05:46     00.0     00.8    00.0   01.4     18.5    12:14     WNW
26    19.7    26.5   15:33    11.8   05:44     00.0     01.4    00.2   01.1     22.2    16:11      NW
27    20.5    26.4   14:09    13.7   05:47     00.0     02.2    00.0   01.7     16.6    13:02     ENE
28    15.6    20.3   00:02    13.2   00:00     02.7     00.0    13.4   06.0     31.4    10:32     ENE
29    16.1    21.4   16:18    12.9   06:09     02.2     00.0    01.2   01.0     12.9    17:38      NW
30    19.3    27.3   15:15    13.6   06:02     00.0     01.0    03.0   01.0     18.5    20:30      SE
----------------------------------------------------------------------------------------------------------------------------------------------------------
18.4 (18.9)   29.8  day 18     05.2  day 03   028.5    032.2   122.2   01.9     44.4   day 23     NNE
Min <=   30: 30
Max Rain: 26.8 ON 8-06-15
Days of Rain: 19 (> .2mm) 12 (> 2mm) 2 (> 20mm)