NOAA style reports

NOAA-style Climate Reports

Select NOAA data to display

Select a Year or Month report
2021 > Jan Feb Mar Apr May Jun Jul Aug Sep Oct Nov Dec
2020 > Jan Feb Mar Apr May Jun Jul Aug Sep Oct Nov Dec
2019 > Jan Feb Mar Apr May Jun Jul Aug Sep Oct Nov Dec
2018 > Jan Feb Mar Apr May Jun Jul Aug Sep Oct Nov Dec
2017 > Jan Feb Mar Apr May Jun Jul Aug Sep Oct Nov Dec
2016 > Jan Feb Mar Apr May Jun Jul Aug Sep Oct Nov Dec
2015 > Jan Feb Mar Apr May Jun Jul Aug Sep Oct Nov Dec
2014 > Jan Feb Mar Apr May Jun Jul Aug Sep Oct Nov Dec
2013 > Jan Feb Mar Apr May Jun Jul Aug Sep Oct Nov Dec
2012 > Jan Feb Mar Apr May Jun Jul Aug Sep Oct Nov Dec
2011 > Jan Feb Mar Apr May Jun Jul Aug Sep Oct Nov Dec
2010 > Jan Feb Mar Apr May Jun Jul Aug Sep Oct Nov Dec
2009 > Jan Feb Mar Apr May Jun Jul Aug Sep Oct Nov Dec
2008 > Jan Feb Mar Apr May Jun Jul Aug Sep Oct Nov Dec

Report for 2015 Jul

Daily noaa report


                            MONTHLY CLIMATOLOGICAL SUMMARY for JUL. 2015

NAME: Home Weather Station Davis VP2   CITY: Beaconsfield STATE: Quebec, Canada
ELEV: 118 LAT: 045:25:46 LONG: 0073:51:35

                            TEMPERATURE ( C), RAIN (mm), WIND SPEED (kmh)

                                               HEAT     COOL           AVG
      MEAN                                     DEG      DEG            WIND                       DOM
DAY   TEMP    HIGH   TIME     LOW    TIME      DAYS     DAYS    RAIN   SPEED    HIGH    TIME      DIR
----------------------------------------------------------------------------------------------------------------------------------------------------------
01    18.5    22.0   16:33    16.3   00:00     00.0     00.2    08.4   01.8     44.4    20:00      S 
02    18.6    25.1   15:41    13.4   06:40     00.0     00.3    00.0   02.6     27.8    01:46     WSW
03    19.6    27.4   15:46    12.7   06:11     00.0     01.3    00.0   00.3     16.6    13:33      W 
04    19.9    27.3   15:49    13.8   05:18     00.0     01.6    00.0   00.0     09.3    12:36      S 
05    22.8    29.7   16:16    17.2   04:23     00.0     04.5    00.0   01.1     22.2    11:47      W 
06    23.5    31.0   15:18    16.8   06:06     00.0     05.2    00.0   00.2     11.1    13:23      S 
07    24.5    31.9   16:40    20.1   04:13     00.0     06.2    02.0   00.2     16.6    17:10      SE
08    20.5    26.6   16:37    15.3   06:18     00.0     02.2    01.4   02.1     25.9    02:36      W 
09    19.7    24.6   15:37    15.4   05:34     00.0     01.4    00.0   00.2     09.3    12:40     ESE
10    22.8    31.5   16:13    15.6   06:17     00.0     04.5    00.0   01.4     29.6    15:13      W 
11    23.8    29.9   14:20    17.5   06:04     00.0     05.5    00.0   00.6     18.5    14:18     WSW
12    25.5    32.3   15:36    20.6   06:36     00.0     07.2    00.0   00.8     18.5    15:46      W 
13    25.6    33.1   15:47    19.7   06:18     00.0     07.3    00.0   00.1     09.3    12:30      S 
14    24.0    29.1   11:02    19.3   00:00     00.0     05.7    00.0   01.2     33.3    23:25     NNW
15    19.0    25.9   16:20    13.9   06:31     00.0     00.7    00.0   06.0     40.7    00:48     NNW
16    19.1    27.1   15:45    11.2   06:16     00.0     00.8    00.0   00.9     18.5    13:01      NW
17    20.0    25.3   11:01    13.0   06:00     00.0     01.7    01.4   01.3     16.6    12:46     ESE
18    21.6    25.9   17:09    18.1   00:47     00.0     03.3    07.0   00.8     20.4    02:06     WSW
19    23.3    30.8   15:15    20.4   22:10     00.0     05.0    57.8   00.5     12.9    23:07     WNW
20    23.6    29.3   16:12    19.2   06:17     00.0     05.3    00.2   00.8     18.5    15:24     WSW
21    21.0    26.1   15:12    17.4   00:00     00.0     02.7    18.6   00.6     25.9    20:30      W 
22    19.3    23.8   15:42    14.8   04:16     00.0     01.0    00.8   02.2     29.6    17:36      W 
23    20.7    26.7   16:32    17.2   06:41     00.0     02.4    00.0   02.8     31.4    17:23     WNW
24    20.1    25.3   14:30    16.8   06:19     00.0     01.8    03.6   00.5     14.8    12:47     WNW
25    21.1    27.9   15:17    15.2   06:09     00.0     02.8    00.4   02.0     16.6    15:12     ENE
26    22.8    29.9   16:28    19.2   07:40     00.0     04.5    02.2   00.0     00.0    00:00      SE
27    24.4    31.8   15:40    19.1   06:24     00.0     06.1    06.8   00.5     22.2    20:35     SSE
28    24.5    32.0   15:31    18.1   06:05     00.0     06.2    00.2   00.1     09.3    12:43     SSE
29    26.4    33.8   16:02    21.1   06:16     00.0     08.1    00.0   00.1     11.1    13:12     SSW
30    24.3    29.2   16:32    20.9   05:31     00.0     06.0    04.2   00.1     12.9    14:39     WSW
31    22.8    28.6   15:27    18.4   07:02     00.0     04.5    00.0   01.6     25.9    22:30      W 
----------------------------------------------------------------------------------------------------------------------------------------------------------
22.0 (22.7)   33.8  day 29     11.2  day 16   000.0    116.0   115.0   01.1     44.4   day 15     WSW
Max >=  30: 9
Min <=   30: 31
Max Rain: 57.8 ON 19-07-15
Days of Rain: 15 (> .2mm) 8 (> 2mm) 1 (> 20mm)