NOAA style reports

NOAA-style Climate Reports

Select NOAA data to display

Select a Year or Month report
2021 > Jan Feb Mar Apr May Jun Jul Aug Sep Oct Nov Dec
2020 > Jan Feb Mar Apr May Jun Jul Aug Sep Oct Nov Dec
2019 > Jan Feb Mar Apr May Jun Jul Aug Sep Oct Nov Dec
2018 > Jan Feb Mar Apr May Jun Jul Aug Sep Oct Nov Dec
2017 > Jan Feb Mar Apr May Jun Jul Aug Sep Oct Nov Dec
2016 > Jan Feb Mar Apr May Jun Jul Aug Sep Oct Nov Dec
2015 > Jan Feb Mar Apr May Jun Jul Aug Sep Oct Nov Dec
2014 > Jan Feb Mar Apr May Jun Jul Aug Sep Oct Nov Dec
2013 > Jan Feb Mar Apr May Jun Jul Aug Sep Oct Nov Dec
2012 > Jan Feb Mar Apr May Jun Jul Aug Sep Oct Nov Dec
2011 > Jan Feb Mar Apr May Jun Jul Aug Sep Oct Nov Dec
2010 > Jan Feb Mar Apr May Jun Jul Aug Sep Oct Nov Dec
2009 > Jan Feb Mar Apr May Jun Jul Aug Sep Oct Nov Dec
2008 > Jan Feb Mar Apr May Jun Jul Aug Sep Oct Nov Dec

Report for 2015 Aug

Daily noaa report


                            MONTHLY CLIMATOLOGICAL SUMMARY for AUG. 2015

NAME: Home Weather Station Davis VP2   CITY: Beaconsfield STATE: Quebec, Canada
ELEV: 118 LAT: 045:25:46 LONG: 0073:51:35

                            TEMPERATURE ( C), RAIN (mm), WIND SPEED (kmh)

                                               HEAT     COOL           AVG
      MEAN                                     DEG      DEG            WIND                       DOM
DAY   TEMP    HIGH   TIME     LOW    TIME      DAYS     DAYS    RAIN   SPEED    HIGH    TIME      DIR
----------------------------------------------------------------------------------------------------------------------------------------------------------
01    20.5    26.9   16:05    16.4   23:21     00.0     02.2    04.6   01.7     22.2    14:41      W 
02    20.7    27.4   15:27    14.1   06:17     00.0     02.4    00.2   00.3     12.9    15:29      SW
03    21.6    26.1   16:03    18.2   23:31     00.0     03.3    01.0   00.8     20.4    07:28     WSW
04    21.1    26.5   15:10    16.8   06:19     00.0     02.8    00.8   01.4     25.9    15:14      W 
05    19.5    24.4   14:32    16.1   00:00     00.0     01.2    01.0   01.8     38.9    15:39      W 
06    18.9    25.1   15:39    14.2   06:29     00.0     00.6    00.0   03.0     29.6    15:39      W 
07    18.6    24.1   15:41    12.8   06:29     00.0     00.3    00.0   00.6     12.9    16:32      NW
08    19.7    27.3   16:27    13.7   06:34     00.0     01.4    00.0   00.2     11.1    18:29     NNW
09    20.2    27.7   16:20    15.8   06:27     00.0     01.9    00.0   02.0     16.6    08:42      N 
10    21.2    28.2   15:40    16.0   06:30     00.0     02.9    02.4   00.8     12.9    23:41     ENE
11    19.4    20.8   00:04    17.9   10:12     00.0     01.1    43.6   01.8     24.1    07:46     ENE
12    20.3    25.2   15:21    17.6   23:47     00.0     02.0    01.0   03.0     35.1    14:38      W 
13    19.3    25.5   16:20    16.3   04:34     00.0     01.0    00.0   00.7     18.5    10:47      W 
14    19.9    24.7   14:24    15.8   05:01     00.0     01.6    04.0   00.1     12.9    18:02      S 
15    23.1    29.7   15:08    19.7   03:18     00.0     04.8    00.0   00.1     09.3    12:14      SW
16    23.8    29.3   15:44    19.8   06:32     00.0     05.5    00.0   00.2     11.1    14:05      S 
17    25.2    31.7   15:35    19.7   07:00     00.0     06.9    00.0   00.3     11.1    15:38     WSW
18    25.7    30.1   14:47    21.7   06:36     00.0     07.4    01.2   00.3     18.5    22:45     SSE
19    25.8    32.5   16:08    21.1   06:32     00.0     07.5    00.4   00.9     16.6    14:11      E 
20    26.0    31.4   16:04    23.5   07:16     00.0     07.7    00.0   02.4     29.6    16:07      SE
21    21.7    26.6   16:02    18.7   04:47     00.0     03.4    11.4   00.6     20.4    01:28      SW
22    21.1    25.8   15:31    15.9   06:20     00.0     02.8    00.0   00.2     09.3    10:23      W 
23    22.2    29.9   16:10    16.2   06:40     00.0     03.9    00.0   01.5     16.6    18:00     ENE
24    23.2    29.7   15:13    19.1   04:28     00.0     04.9    00.0   00.6     16.6    12:19     SSE
25    20.9    27.6   15:16    16.9   07:04     00.0     02.6    00.0   00.6     29.6    17:03     SSW
26    19.4    24.0   14:25    15.7   05:35     00.0     01.1    00.0   00.4     18.5    14:03     WNW
27    19.3    24.2   16:10    16.4   07:05     00.0     01.0    00.0   01.0     29.6    14:39      W 
28    18.3    24.4   15:31    13.7   06:43     00.0     00.0    00.0   00.5     18.5    16:28     WNW
29    19.2    25.3   15:07    13.8   06:18     00.0     00.9    00.2   00.2     12.9    22:08      W 
30    21.8    27.9   15:46    18.1   06:21     00.0     03.5    00.0   00.7     18.5    13:21     WNW
31    21.9    27.1   16:08    18.6   03:32     00.0     03.6    00.0   02.1     29.6    12:25      W 
----------------------------------------------------------------------------------------------------------------------------------------------------------
21.3 (22.1)   32.5  day 19     12.8  day 07   000.0    092.1   072.0   01.0     38.9   day 12      W 
Max >=  30: 4
Min <=   30: 31
Max Rain: 43.6 ON 11-08-15
Days of Rain: 13 (> .2mm) 5 (> 2mm) 1 (> 20mm)