NOAA style reports

NOAA-style Climate Reports

Select NOAA data to display

Select a Year or Month report
2021 > Jan Feb Mar Apr May Jun Jul Aug Sep Oct Nov Dec
2020 > Jan Feb Mar Apr May Jun Jul Aug Sep Oct Nov Dec
2019 > Jan Feb Mar Apr May Jun Jul Aug Sep Oct Nov Dec
2018 > Jan Feb Mar Apr May Jun Jul Aug Sep Oct Nov Dec
2017 > Jan Feb Mar Apr May Jun Jul Aug Sep Oct Nov Dec
2016 > Jan Feb Mar Apr May Jun Jul Aug Sep Oct Nov Dec
2015 > Jan Feb Mar Apr May Jun Jul Aug Sep Oct Nov Dec
2014 > Jan Feb Mar Apr May Jun Jul Aug Sep Oct Nov Dec
2013 > Jan Feb Mar Apr May Jun Jul Aug Sep Oct Nov Dec
2012 > Jan Feb Mar Apr May Jun Jul Aug Sep Oct Nov Dec
2011 > Jan Feb Mar Apr May Jun Jul Aug Sep Oct Nov Dec
2010 > Jan Feb Mar Apr May Jun Jul Aug Sep Oct Nov Dec
2009 > Jan Feb Mar Apr May Jun Jul Aug Sep Oct Nov Dec
2008 > Jan Feb Mar Apr May Jun Jul Aug Sep Oct Nov Dec

Report for 2015 Sep

Daily noaa report


                            MONTHLY CLIMATOLOGICAL SUMMARY for SEP. 2015

NAME: Home Weather Station Davis VP2   CITY: Beaconsfield STATE: Quebec, Canada
ELEV: 118 LAT: 045:25:46 LONG: 0073:51:35

                            TEMPERATURE ( C), RAIN (mm), WIND SPEED (kmh)

                                               HEAT     COOL           AVG
      MEAN                                     DEG      DEG            WIND                       DOM
DAY   TEMP    HIGH   TIME     LOW    TIME      DAYS     DAYS    RAIN   SPEED    HIGH    TIME      DIR
----------------------------------------------------------------------------------------------------------------------------------------------------------
01    21.9    29.4   16:05    15.8   07:04     00.0     03.6    00.0   00.0     09.3    17:48     WNW
02    22.6    27.4   15:42    20.1   05:30     00.0     04.3    00.0   00.6     14.8    15:06     WNW
03    23.7    28.2   16:08    19.6   00:00     00.0     05.4    00.0   01.2     18.5    09:27     ENE
04    20.3    27.8   16:00    14.3   07:10     00.0     02.0    00.0   03.2     22.2    13:04     NNE
05    20.7    29.9   16:05    13.4   07:05     00.0     02.4    00.0   00.6     11.1    09:09     ESE
06    23.8    31.3   16:08    17.9   04:40     00.0     05.5    00.0   00.1     07.4    16:20      S 
07    26.2    32.8   16:02    21.6   06:46     00.0     07.9    12.4   01.1     31.4    21:22     WSW
08    24.1    28.0   16:12    21.2   07:02     00.0     05.8    00.2   00.3     11.1    07:46      SE
09    23.6    27.7   11:20    18.5   00:00     00.0     05.3    00.4   01.2     22.2    18:07      W 
10    19.7    24.0   13:44    16.6   07:22     00.0     01.4    00.0   00.4     12.9    12:00     WNW
11    19.7    25.9   16:12    14.5   07:28     00.0     01.4    00.0   01.3     12.9    16:13     WNW
12    17.5    19.9   00:42    15.6   00:00     00.8     00.0    10.2   03.3     20.4    22:26     NNE
13    16.6    19.4   16:24    14.8   00:00     01.7     00.0    19.8   04.0     25.9    11:33     ENE
14    16.6    20.0   18:05    14.6   05:40     01.7     00.0    01.4   01.6     31.4    13:10      W 
15    19.8    26.4   15:43    14.4   07:05     00.0     01.5    00.0   01.1     18.5    16:31      W 
16    21.4    28.2   15:36    16.1   06:15     00.0     03.1    00.0   00.1     11.1    12:14     SSE
17    21.8    27.9   15:35    16.0   07:05     00.0     03.5    00.0   00.2     12.9    13:21      SW
18    21.5    28.4   15:42    15.9   07:08     00.0     03.2    00.0   00.1     09.3    23:38     SSE
19    21.9    27.0   13:29    18.2   00:00     00.0     03.6    09.0   00.7     25.9    23:41     SSW
20    14.4    18.8   15:29    11.0   00:00     03.9     00.0    00.0   03.6     38.9    00:14     WNW
21    14.5    20.1   16:08    08.4   07:04     03.8     00.0    00.0   00.7     12.9    16:17     ESE
22    16.1    22.2   15:28    11.1   07:05     02.2     00.0    00.0   00.2     09.3    18:04      SE
23    17.1    24.5   15:27    11.6   07:16     01.2     00.0    00.0   00.7     18.5    16:33     WNW
24    15.7    19.8   15:26    12.6   00:00     02.6     00.0    00.0   03.9     22.2    09:31      NE
25    12.2    16.1   16:02    08.6   00:00     06.1     00.0    00.0   02.4     22.2    10:25     NNW
26    11.3    18.2   15:24    06.3   07:09     07.0     00.0    00.0   01.1     18.5    08:27      E 
27    14.3    24.2   15:25    06.2   07:16     04.0     00.0    00.0   00.1     09.3    10:21     SSE
28    17.8    21.5   14:32    14.2   01:47     00.5     00.0    00.8   00.1     12.9    03:09     SSW
29    19.3    24.7   15:21    13.6   21:34     00.0     01.0    33.6   01.1     29.6    16:33     ENE
30    11.2    14.5   01:13    09.1   00:00     07.1     00.0    04.2   08.2     38.9    12:21     NNW
----------------------------------------------------------------------------------------------------------------------------------------------------------
18.9 (19.4)   32.8  day 07     06.2  day 27   042.6    060.9   092.0   01.4     38.9   day 30     NNW
Max >=  30: 2
Min <=   30: 30
Max Rain: 33.6 ON 29-09-15
Days of Rain: 10 (> .2mm) 6 (> 2mm) 1 (> 20mm)