NOAA style reports

NOAA-style Climate Reports

Select NOAA data to display

Select a Year or Month report
2021 > Jan Feb Mar Apr May Jun Jul Aug Sep Oct Nov Dec
2020 > Jan Feb Mar Apr May Jun Jul Aug Sep Oct Nov Dec
2019 > Jan Feb Mar Apr May Jun Jul Aug Sep Oct Nov Dec
2018 > Jan Feb Mar Apr May Jun Jul Aug Sep Oct Nov Dec
2017 > Jan Feb Mar Apr May Jun Jul Aug Sep Oct Nov Dec
2016 > Jan Feb Mar Apr May Jun Jul Aug Sep Oct Nov Dec
2015 > Jan Feb Mar Apr May Jun Jul Aug Sep Oct Nov Dec
2014 > Jan Feb Mar Apr May Jun Jul Aug Sep Oct Nov Dec
2013 > Jan Feb Mar Apr May Jun Jul Aug Sep Oct Nov Dec
2012 > Jan Feb Mar Apr May Jun Jul Aug Sep Oct Nov Dec
2011 > Jan Feb Mar Apr May Jun Jul Aug Sep Oct Nov Dec
2010 > Jan Feb Mar Apr May Jun Jul Aug Sep Oct Nov Dec
2009 > Jan Feb Mar Apr May Jun Jul Aug Sep Oct Nov Dec
2008 > Jan Feb Mar Apr May Jun Jul Aug Sep Oct Nov Dec

Report for 2015 Oct

Daily noaa report


                            MONTHLY CLIMATOLOGICAL SUMMARY for OCT. 2015

NAME: Home Weather Station Davis VP2   CITY: Beaconsfield STATE: Quebec, Canada
ELEV: 118 LAT: 045:25:46 LONG: 0073:51:35

                            TEMPERATURE ( C), RAIN (mm), WIND SPEED (kmh)

                                               HEAT     COOL           AVG
      MEAN                                     DEG      DEG            WIND                       DOM
DAY   TEMP    HIGH   TIME     LOW    TIME      DAYS     DAYS    RAIN   SPEED    HIGH    TIME      DIR
----------------------------------------------------------------------------------------------------------------------------------------------------------
01    10.4    15.2   15:19    05.3   07:29     07.9     00.0    00.0   08.4     38.9    14:29      N 
02    08.7    13.2   15:04    04.8   07:23     09.6     00.0    00.0   08.8     35.1    17:34      N 
03    08.8    13.8   15:22    04.6   06:05     09.5     00.0    00.0   08.0     38.9    08:46      NE
04    09.4    14.4   15:19    04.4   07:32     08.9     00.0    00.0   03.7     24.1    01:34     ENE
05    10.6    15.7   15:26    05.2   07:30     07.7     00.0    00.0   00.2     07.4    14:23      NE
06    13.3    15.5   12:40    11.5   00:00     05.0     00.0    00.0   00.6     18.5    16:09      W 
07    13.7    18.8   15:28    08.6   00:00     04.6     00.0    00.0   01.7     29.6    14:33     WNW
08    08.3    12.6   15:24    04.8   08:01     10.0     00.0    00.0   01.6     20.4    22:27     NNW
09    07.5    09.6   00:01    06.1   00:00     10.8     00.0    07.0   03.6     18.5    13:38      N 
10    06.8    10.6   15:22    03.1   07:36     11.5     00.0    00.0   01.3     18.5    04:36      W 
11    12.5    17.3   16:32    07.5   00:20     05.8     00.0    00.0   00.7     24.1    11:15     WSW
12    15.8    22.4   15:28    10.7   01:20     02.5     00.0    00.0   00.2     16.6    11:42     SSW
13    13.9    16.2   15:31    12.1   07:12     04.4     00.0    02.0   00.8     12.9    17:08      SE
14    10.6    14.5   02:37    04.2   00:00     07.7     00.0    00.0   04.3     31.4    15:34      W 
15    08.1    12.4   16:24    03.4   03:17     10.2     00.0    15.8   00.5     22.2    13:43     WSW
16    08.8    11.3   16:16    06.4   21:30     09.5     00.0    03.8   03.3     31.4    14:09      W 
17    03.3    07.5   00:01   -01.2   23:23     15.0     00.0    11.4   02.5     29.6    13:29      NW
18    00.2    04.7   14:31   -02.8   07:18     18.1     00.0    00.0   02.2     25.9    16:03     WNW
19    01.8    07.6   16:20   -04.4   07:31     16.5     00.0    00.6   00.7     18.5    11:08     SSW
20    12.4    17.2   15:03    06.5   00:01     05.9     00.0    00.0   04.4     27.8    20:07      W 
21    06.7    09.3   16:02    01.7   08:04     11.6     00.0    00.0   03.1     18.5    09:15      NE
22    09.0    16.4   14:24    03.6   04:44     09.3     00.0    03.4   05.3     40.7    17:23     WNW
23    04.5    08.0   14:27    01.3   00:00     13.8     00.0    00.0   03.5     27.8    10:01      NW
24    05.6    10.3   13:24    00.1   02:46     12.7     00.0    00.2   04.8     31.4    17:07     ESE
25    08.6    11.8   09:17    06.2   20:46     09.7     00.0    15.4   04.4     42.5    10:01     WSW
26    03.8    07.3   15:07    00.2   00:00     14.5     00.0    00.0   01.1     18.5    14:03     WNW
27    03.7    11.2   14:35   -01.7   08:03     14.6     00.0    00.2   00.3     11.1    14:05     SSW
28    05.4    10.3   00:00    01.7   01:05     12.9     00.0    30.2   08.5     42.5    16:42      E 
29    10.8    14.4   10:08    06.8   20:23     07.5     00.0    08.2   06.1     40.7    15:34     SSW
30    05.5    08.7   14:32   -00.3   00:00     12.8     00.0    00.6   07.5     35.1    04:41     WSW
31    03.5    08.1   15:04   -02.3   08:09     14.8     00.0    00.0   00.5     14.8    19:05      S 
----------------------------------------------------------------------------------------------------------------------------------------------------------
09.1 (8.1)   24.7  day 29    -04.4  day 19   332.4    001.0   099.0   03.0     42.6   day 30     NNW
Min <=   30: 36
Max Rain: 33.6 ON 29-10-15
Days of Rain: 15 (> .2mm) 9 (> 2mm) 2 (> 20mm)