NOAA style reports

NOAA-style Climate Reports

Select NOAA data to display

Select a Year or Month report
2022 > Jan Feb Mar Apr May Jun Jul Aug Sep Oct Nov Dec
2021 > Jan Feb Mar Apr May Jun Jul Aug Sep Oct Nov Dec
2020 > Jan Feb Mar Apr May Jun Jul Aug Sep Oct Nov Dec
2019 > Jan Feb Mar Apr May Jun Jul Aug Sep Oct Nov Dec
2018 > Jan Feb Mar Apr May Jun Jul Aug Sep Oct Nov Dec
2017 > Jan Feb Mar Apr May Jun Jul Aug Sep Oct Nov Dec
2016 > Jan Feb Mar Apr May Jun Jul Aug Sep Oct Nov Dec
2015 > Jan Feb Mar Apr May Jun Jul Aug Sep Oct Nov Dec
2014 > Jan Feb Mar Apr May Jun Jul Aug Sep Oct Nov Dec
2013 > Jan Feb Mar Apr May Jun Jul Aug Sep Oct Nov Dec
2012 > Jan Feb Mar Apr May Jun Jul Aug Sep Oct Nov Dec
2011 > Jan Feb Mar Apr May Jun Jul Aug Sep Oct Nov Dec
2010 > Jan Feb Mar Apr May Jun Jul Aug Sep Oct Nov Dec
2009 > Jan Feb Mar Apr May Jun Jul Aug Sep Oct Nov Dec
2008 > Jan Feb Mar Apr May Jun Jul Aug Sep Oct Nov Dec

Report for 2015 Nov

Daily noaa report


                            MONTHLY CLIMATOLOGICAL SUMMARY for NOV. 2015

NAME: Home Weather Station Davis VP2   CITY: Beaconsfield STATE: Quebec, Canada
ELEV: 118 LAT: 045:25:46 LONG: 0073:51:35

                            TEMPERATURE ( C), RAIN (mm), WIND SPEED (kmh)

                                               HEAT     COOL           AVG
      MEAN                                     DEG      DEG            WIND                       DOM
DAY   TEMP    HIGH   TIME     LOW    TIME      DAYS     DAYS    RAIN   SPEED    HIGH    TIME      DIR
----------------------------------------------------------------------------------------------------------------------------------------------------------
01    08.3    13.0   14:27    05.9   03:03     10.0     00.0    10.6   04.8     46.3    15:27      SW
02    08.7    11.2   10:39    05.1   22:08     09.6     00.0    00.0   03.3     31.4    01:34     WSW
03    09.1    15.5   13:32    05.5   22:01     09.2     00.0    00.4   02.7     25.9    15:14     WNW
04    08.0    13.7   13:22    02.6   07:00     10.3     00.0    00.0   04.2     24.1    10:18     NNE
05    10.5    16.8   15:20    05.1   04:28     07.8     00.0    00.0   01.0     12.9    00:08      NE
06    14.2    19.5   14:36    10.2   00:00     04.1     00.0    00.4   06.5     42.5    21:45     WSW
07    08.5    10.8   13:05    04.5   00:00     09.8     00.0    00.0   08.3     46.3    05:29      W 
08    04.6    08.1   14:10    00.5   07:26     13.7     00.0    00.0   06.4     31.4    11:22      SW
09    07.5    12.9   13:38    03.5   00:00     10.8     00.0    00.0   05.6     24.1    12:29      SW
10    06.3    13.1   13:36    00.4   06:40     12.0     00.0    00.0   03.5     20.4    23:05      N 
11    07.5    10.9   15:08    04.7   03:41     10.8     00.0    00.0   04.4     20.4    03:17      N 
12    08.8    11.6   12:20    06.6   03:26     09.5     00.0    10.0   05.2     29.6    20:11     SSW
13    07.4    09.3   13:40    03.0   00:00     10.9     00.0    05.8   09.1     33.3    23:29     WSW
14    01.3    03.5   13:16   -00.3   23:03     17.0     00.0    00.0   11.6     38.9    08:16     WSW
15    03.3    07.8   12:39    00.1   07:04     15.0     00.0    00.0   05.4     33.3    12:34      W 
16    03.9    07.9   13:26   -01.4   00:00     14.4     00.0    00.0   05.9     27.8    12:44     WNW
17    00.5    05.1   13:31   -02.8   03:08     17.8     00.0    00.0   03.8     18.5    13:21      NE
18    04.1    09.0   14:46   -02.4   05:40     14.2     00.0    00.0   05.4     27.8    22:08      E 
19    10.5    13.0   13:09    08.6   01:09     07.8     00.0    07.6   06.9     31.4    14:47     ESE
20    06.7    10.2   02:45    01.6   00:00     11.6     00.0    00.0   06.9     27.8    13:42      SW
21    02.6    05.4   13:10   -01.3   07:37     15.7     00.0    00.0   04.8     31.4    23:30      E 
22    04.4    08.2   11:03   -02.0   00:00     13.9     00.0    00.2   09.9     40.7    08:48     SSW
23   -02.3    01.4   13:28   -05.0   07:28     20.6     00.0    00.0   03.9     31.4    13:37     WNW
24   -03.6   -02.2   14:41   -05.2   00:00     21.9     00.0    00.4   01.2     14.8    11:44     NNE
25   -01.3    04.1   23:46   -06.8   04:39     19.6     00.0    00.4   03.4     25.9    00:00     ENE
26    06.5    10.1   13:12    03.7   06:31     11.8     00.0    00.4   05.3     27.8    12:27      SE
27    08.9    14.5   14:14    01.0   22:36     09.4     00.0    12.8   05.9     33.3    19:43     WSW
28   -00.6    01.3   00:44   -03.3   23:47     18.9     00.0    00.0   04.3     18.5    03:34      NW
29   -02.4    00.5   14:24   -04.8   23:47     20.7     00.0    00.0   04.9     24.1    19:01     WNW
30   -05.2   -02.7   14:41   -08.9   07:19     23.5     00.0    00.0   02.2     16.6    02:13      N 
----------------------------------------------------------------------------------------------------------------------------------------------------------
04.9 (4.9)   19.5  day 06    -08.9  day 30   402.3    000.0   049.0   05.2     46.3   day 22     WSW
Max <=   0: 2
Min <=   30: 30
Min <=  -5: 4
Max Rain: 12.8 ON 27-11-15
Days of Rain: 11 (> .2mm) 5 (> 2mm) 0 (> 20mm)