NOAA style reports

NOAA-style Climate Reports

Select NOAA data to display

Select a Year or Month report
2021 > Jan Feb Mar Apr May Jun Jul Aug Sep Oct Nov Dec
2020 > Jan Feb Mar Apr May Jun Jul Aug Sep Oct Nov Dec
2019 > Jan Feb Mar Apr May Jun Jul Aug Sep Oct Nov Dec
2018 > Jan Feb Mar Apr May Jun Jul Aug Sep Oct Nov Dec
2017 > Jan Feb Mar Apr May Jun Jul Aug Sep Oct Nov Dec
2016 > Jan Feb Mar Apr May Jun Jul Aug Sep Oct Nov Dec
2015 > Jan Feb Mar Apr May Jun Jul Aug Sep Oct Nov Dec
2014 > Jan Feb Mar Apr May Jun Jul Aug Sep Oct Nov Dec
2013 > Jan Feb Mar Apr May Jun Jul Aug Sep Oct Nov Dec
2012 > Jan Feb Mar Apr May Jun Jul Aug Sep Oct Nov Dec
2011 > Jan Feb Mar Apr May Jun Jul Aug Sep Oct Nov Dec
2010 > Jan Feb Mar Apr May Jun Jul Aug Sep Oct Nov Dec
2009 > Jan Feb Mar Apr May Jun Jul Aug Sep Oct Nov Dec
2008 > Jan Feb Mar Apr May Jun Jul Aug Sep Oct Nov Dec

Report for 2015 Dec

Daily noaa report


                            MONTHLY CLIMATOLOGICAL SUMMARY for DEC. 2015

NAME: Home Weather Station Davis VP2   CITY: Beaconsfield STATE: Quebec, Canada
ELEV: 118 LAT: 045:25:46 LONG: 0073:51:35

                            TEMPERATURE ( C), RAIN (mm), WIND SPEED (kmh)

                                               HEAT     COOL           AVG
      MEAN                                     DEG      DEG            WIND                       DOM
DAY   TEMP    HIGH   TIME     LOW    TIME      DAYS     DAYS    RAIN   SPEED    HIGH    TIME      DIR
----------------------------------------------------------------------------------------------------------------------------------------------------------
01   -01.4    03.4   23:32   -06.7   02:07     19.7     00.0    03.2   03.7     24.1    09:21     ENE
02    02.7    03.4   02:12    01.8   08:15     15.6     00.0    06.6   01.8     16.6    22:29      NW
03    02.9    05.4   13:14    00.3   23:45     15.4     00.0    00.4   07.1     27.8    12:40      W 
04    03.5    05.9   14:09    00.3   05:34     14.8     00.0    00.0   06.5     27.8    02:19     WSW
05    04.7    06.6   14:01    02.2   20:09     13.6     00.0    00.0   05.1     29.6    00:03      SW
06    03.2    06.4   14:00   -00.3   00:00     15.1     00.0    00.0   03.0     18.5    11:05     SSW
07    02.3    04.3   15:06   -00.7   01:15     16.0     00.0    00.0   03.0     18.5    09:34     WSW
08    02.0    03.8   13:16    00.5   08:03     16.3     00.0    00.0   03.1     27.8    05:03     NNE
09    03.5    07.4   13:40    00.8   05:36     14.8     00.0    00.0   03.6     22.2    14:09      E 
10    06.8    09.9   14:41    03.9   01:00     11.5     00.0    01.4   02.0     18.5    13:10      S 
11    09.0    14.3   13:39    05.5   04:17     09.3     00.0    00.0   04.8     42.5    18:17     SSW
12    07.2    09.9   13:03    03.8   21:42     11.1     00.0    00.0   05.5     25.9    13:23     WSW
13    02.0    04.1   13:30   -00.2   07:45     16.3     00.0    01.2   05.3     22.2    22:14      NE
14    02.2    03.2   13:32    01.0   01:01     16.1     00.0    04.0   09.2     31.4    13:05      N 
15    03.4    05.3   14:37    01.8   19:18     14.9     00.0    04.6   03.1     24.1    00:07     NNW
16    01.0    01.8   00:01    00.4   05:41     17.3     00.0    00.0   04.4     24.1    17:06      NE
17    04.3    07.4   00:00    00.1   03:13     14.0     00.0    08.8   01.6     14.8    00:26     ENE
18    03.3    07.6   00:07    01.3   23:40     15.0     00.0    00.0   05.8     31.4    13:12     WSW
19   -00.6    01.4   00:47   -03.5   23:15     18.9     00.0    00.0   10.9     48.1    20:42     WSW
20   -02.8    00.2   22:20   -05.6   05:24     21.1     00.0    00.0   06.6     33.3    04:21     WSW
21    01.3    03.4   22:19   -00.9   07:00     17.0     00.0    06.8   01.1     12.9    00:25     ESE
22    02.6    04.3   07:15    01.4   16:22     15.7     00.0    02.0   03.5     25.9    14:14      N 
23    04.2    09.2   23:31    01.8   00:19     14.1     00.0    05.4   05.0     31.4    23:44     NNE
24    10.8    16.8   13:17    06.7   00:00     07.5     00.0    01.4   09.8     51.8    13:21     SSW
25    05.1    08.4   13:11    00.6   22:41     13.2     00.0    00.0   03.0     16.6    13:30     WSW
26    01.1    04.1   13:02   -01.4   08:00     17.2     00.0    00.0   02.4     18.5    00:00     WSW
27   -00.6    02.1   00:44   -03.3   23:45     18.9     00.0    10.0   02.5     25.9    04:20      N 
28   -08.2   -03.3   00:01   -09.8   00:00     26.5     00.0    00.0   02.8     25.9    23:15      NE
29   -09.4   -07.3   12:27   -11.7   05:21     27.7     00.0    25.4   11.9     37.0    08:08     NNE
30   -06.7   -05.0   20:19   -08.8   02:07     25.0     00.0    03.4   04.1     22.2    00:24      N 
31   -02.4   -00.1   13:37   -05.2   00:05     20.7     00.0    00.0   03.3     29.6    19:08      W 
----------------------------------------------------------------------------------------------------------------------------------------------------------
01.8 (1.9)   16.8  day 24    -11.7  day 29   510.2    000.0   085.0   04.7     51.8   day 24     WNW
Max <=   0: 4
Min <=   30: 31
Max <=  -5: 2
Min <=  -5: 6
Min <= -10: 1
Max Rain: 25.4 ON 29-12-16
Days of Rain: 15 (> .2mm) 10 (> 2mm) 1 (> 20mm)