NOAA style reports

NOAA-style Climate Reports

Select NOAA data to display

Select a Year or Month report
2021 > Jan Feb Mar Apr May Jun Jul Aug Sep Oct Nov Dec
2020 > Jan Feb Mar Apr May Jun Jul Aug Sep Oct Nov Dec
2019 > Jan Feb Mar Apr May Jun Jul Aug Sep Oct Nov Dec
2018 > Jan Feb Mar Apr May Jun Jul Aug Sep Oct Nov Dec
2017 > Jan Feb Mar Apr May Jun Jul Aug Sep Oct Nov Dec
2016 > Jan Feb Mar Apr May Jun Jul Aug Sep Oct Nov Dec
2015 > Jan Feb Mar Apr May Jun Jul Aug Sep Oct Nov Dec
2014 > Jan Feb Mar Apr May Jun Jul Aug Sep Oct Nov Dec
2013 > Jan Feb Mar Apr May Jun Jul Aug Sep Oct Nov Dec
2012 > Jan Feb Mar Apr May Jun Jul Aug Sep Oct Nov Dec
2011 > Jan Feb Mar Apr May Jun Jul Aug Sep Oct Nov Dec
2010 > Jan Feb Mar Apr May Jun Jul Aug Sep Oct Nov Dec
2009 > Jan Feb Mar Apr May Jun Jul Aug Sep Oct Nov Dec
2008 > Jan Feb Mar Apr May Jun Jul Aug Sep Oct Nov Dec

Report for 2016 Jan

Daily noaa report


                            MONTHLY CLIMATOLOGICAL SUMMARY for JAN. 2016

NAME: Home Weather Station Davis VP2   CITY: Beaconsfield STATE: Quebec, Canada
ELEV: 118 LAT: 045:25:46 LONG: 0073:51:35

                            TEMPERATURE ( C), RAIN (mm), WIND SPEED (kmh)

                                               HEAT     COOL           AVG
      MEAN                                     DEG      DEG            WIND                       DOM
DAY   TEMP    HIGH   TIME     LOW    TIME      DAYS     DAYS    RAIN   SPEED    HIGH    TIME      DIR
----------------------------------------------------------------------------------------------------------------------------------------------------------
01   -01.5    00.2   13:52   -03.2   06:44     19.8     00.0    00.0   06.8     27.8    23:57     WSW
02   -01.5    00.8   13:01   -04.3   04:52     19.8     00.0    00.2   08.6     31.4    00:20      SW
03   -02.2    00.9   13:09   -12.8   00:00     20.5     00.0    03.6   05.4     25.9    23:04     WNW
04   -15.3   -11.5   14:06   -18.6   07:16     33.6     00.0    00.0   05.0     27.8    09:50     NNW
05   -14.7   -07.8   23:23   -20.2   07:25     33.0     00.0    00.0   03.5     25.9    12:52      SW
06   -05.2    00.8   14:39   -10.8   07:00     23.5     00.0    00.0   02.3     18.5    12:35      SW
07   -04.1    00.8   13:03   -08.1   06:52     22.4     00.0    00.0   00.4     09.3    23:54     SSE
08   -03.0    00.1   23:59   -06.7   06:38     21.3     00.0    00.0   04.8     25.9    19:54      NE
09    02.4    03.8   12:58    00.1   00:42     15.9     00.0    02.0   04.8     24.1    08:16     ESE
10    03.8    06.7   16:31    00.2   00:00     14.5     00.0    07.8   09.6     44.4    23:14      E 
11   -07.0    00.1   00:01   -12.1   23:44     25.3     00.0    00.0   13.1     55.5    01:26     WSW
12   -06.4   -03.4   23:12   -12.6   01:10     24.7     00.0    00.4   05.8     31.4    11:25      SE
13   -09.7   -03.7   00:01   -14.2   23:11     28.0     00.0    00.0   09.7     42.5    14:26     WSW
14   -11.3   -08.1   12:48   -13.9   05:38     29.6     00.0    00.0   01.6     14.8    11:53      N 
15   -10.2   -07.9   19:28   -13.1   07:24     28.5     00.0    00.0   06.7     27.8    15:02      N 
16   -05.0   -01.8   19:31   -08.9   00:21     23.3     00.0    00.2   07.3     31.4    19:47     NNW
17   -06.8   -04.0   00:02   -11.1   08:15     25.1     00.0    00.0   04.5     24.1    01:21      NW
18   -09.9   -06.8   10:43   -14.3   00:00     28.2     00.0    03.6   08.8     33.3    20:19     WSW
19   -13.2   -09.2   21:49   -16.1   06:20     31.5     00.0    00.0   13.4     37.0    19:44     WSW
20   -08.3   -04.1   15:00   -11.2   04:12     26.6     00.0    00.0   07.1     25.9    14:17      SW
21   -10.1   -06.4   14:07   -14.4   07:21     28.4     00.0    00.0   05.2     22.2    14:40     WSW
22   -06.6   -02.1   13:58   -10.0   23:02     24.9     00.0    00.0   06.0     27.8    04:03      W 
23   -10.7   -07.3   13:56   -13.3   23:36     29.0     00.0    00.0   05.7     27.8    13:27      N 
24   -10.1   -06.2   15:39   -15.9   07:37     28.4     00.0    00.0   03.7     18.5    19:42     WSW
25   -03.3    00.1   14:22   -06.8   00:05     21.6     00.0    00.0   02.2     16.6    16:05     ESE
26    00.6    05.0   16:38   -03.4   01:11     17.7     00.0    03.4   07.3     38.9    23:04     SSW
27   -03.8    02.6   00:01   -09.1   23:45     22.1     00.0    00.0   07.7     37.0    06:37     WSW
28   -03.2   -00.7   12:22   -09.1   00:29     21.5     00.0    00.2   03.0     29.6    09:21      SE
29   -00.9    01.2   10:58   -07.3   23:52     19.2     00.0    00.0   03.5     22.2    23:16      W 
30   -05.3   -01.3   18:30   -08.9   04:40     23.6     00.0    00.0   05.0     25.9    01:21     SSW
31    00.1    05.7   14:20   -06.0   06:04     18.2     00.0    01.4   01.1     12.9    23:58     ENE
----------------------------------------------------------------------------------------------------------------------------------------------------------
-5.9 (-6.1)   06.7  day 10    -20.2  day 05   749.8    000.0   022.8   05.8     55.5   day 11     WSW
Max <=   0: 17
Min <=   30: 31
Min <= -18: 2
Max <=  -5: 9
Min <=  -5: 26
Max <= -10: 1
Min <= -10: 17
Min <= -15: 4
Min <= -20: 1
Max Rain: 7.8 ON 10-01-16
Days of Rain: 10 (> .2mm) 4 (> 2mm) 0 (> 20mm)