NOAA style reports

NOAA-style Climate Reports

Select NOAA data to display

Select a Year or Month report
2021 > Jan Feb Mar Apr May Jun Jul Aug Sep Oct Nov Dec
2020 > Jan Feb Mar Apr May Jun Jul Aug Sep Oct Nov Dec
2019 > Jan Feb Mar Apr May Jun Jul Aug Sep Oct Nov Dec
2018 > Jan Feb Mar Apr May Jun Jul Aug Sep Oct Nov Dec
2017 > Jan Feb Mar Apr May Jun Jul Aug Sep Oct Nov Dec
2016 > Jan Feb Mar Apr May Jun Jul Aug Sep Oct Nov Dec
2015 > Jan Feb Mar Apr May Jun Jul Aug Sep Oct Nov Dec
2014 > Jan Feb Mar Apr May Jun Jul Aug Sep Oct Nov Dec
2013 > Jan Feb Mar Apr May Jun Jul Aug Sep Oct Nov Dec
2012 > Jan Feb Mar Apr May Jun Jul Aug Sep Oct Nov Dec
2011 > Jan Feb Mar Apr May Jun Jul Aug Sep Oct Nov Dec
2010 > Jan Feb Mar Apr May Jun Jul Aug Sep Oct Nov Dec
2009 > Jan Feb Mar Apr May Jun Jul Aug Sep Oct Nov Dec
2008 > Jan Feb Mar Apr May Jun Jul Aug Sep Oct Nov Dec

Report for 2016 Feb

Daily noaa report



                            MONTHLY CLIMATOLOGICAL SUMMARY for FEB. 2016

NAME: Home Weather Station Davis VP2   CITY: Beaconsfield STATE: Quebec, Canada
ELEV: 118 LAT: 045:25:46 LONG: 0073:51:35

                            TEMPERATURE ( C), RAIN (mm), WIND SPEED (kmh)

                                               HEAT     COOL           AVG
      MEAN                                     DEG      DEG            WIND                       DOM
DAY   TEMP    HIGH   TIME     LOW    TIME      DAYS     DAYS    RAIN   SPEED    HIGH    TIME      DIR
--------------------------------------------------------------------------------------------------------
01    04.0    08.1   06:30    00.8   23:55     14.3     00.0    00.0   08.4     42.5    14:32      N 
02   -02.8    00.8   00:04   -05.6   07:40     21.1     00.0    00.0   04.0     20.4    22:24      N 
03    00.7    07.2   00:00   -04.7   03:15     17.6     00.0    14.4   05.1     27.8    03:52      N 
04    03.2    07.3   00:22   -00.1   00:00     15.1     00.0    00.0   06.6     31.4    16:04      N 
05   -03.0   -00.1   00:02   -05.7   00:00     21.3     00.0    00.0   04.7     24.1    17:06      N 
06   -01.8    01.1   23:03   -06.2   01:04     20.1     00.0    01.2   02.4     27.8    22:49      N 
07   -04.5    00.9   02:53   -08.4   18:57     22.8     00.0    00.0   08.4     38.9    21:28      N 
08   -07.0   -05.4   15:18   -08.6   02:43     25.3     00.0    00.0   10.9     37.0    05:56      N 
09   -06.5   -04.2   14:10   -08.1   07:17     24.8     00.0    00.2   05.9     24.1    02:53      N 
10   -05.6   -02.9   13:10   -07.8   23:59     23.9     00.0    00.2   04.5     16.6    21:23      N 
11   -13.2   -07.8   00:01   -17.6   23:57     31.5     00.0    00.0   09.2     33.3    17:40      N 
12   -12.2   -06.2   18:38   -19.7   07:29     30.5     00.0    01.2   04.6     24.1    21:02      N 
13   -21.0   -10.7   01:29   -25.9   23:52     39.3     00.0    00.2   11.9     44.4    15:52      N 
14   -22.7   -18.5   14:39   -27.4   07:06     41.0     00.0    00.0   06.4     29.6    14:40      N 
15   -14.1   -05.9   21:38   -23.0   03:57     32.4     00.0    00.0   04.5     29.6    15:13      N 
16   -04.1    00.3   18:48   -08.3   00:01     22.4     00.0    20.6   05.8     27.8    11:01      N 
17   -03.0    00.3   13:47   -09.7   00:00     21.3     00.0    20.6   00.0     00.0    00:00      N 
18   -11.2   -07.1   14:13   -14.9   07:28     29.5     00.0    00.0   00.0     00.0    00:00      N 
19   -07.8   -00.1   00:00   -16.3   05:11     26.1     00.0    02.8   03.5     27.8    23:27      N 
20    02.3    04.5   11:44   -00.2   04:38     16.0     00.0    04.8   08.6     29.6    15:03      N 
21    00.0    04.8   13:29   -08.1   00:00     18.3     00.0    00.0   07.5     29.6    12:55      N 
22   -09.9   -05.6   14:49   -13.6   07:20     28.2     00.0    00.0   04.0     22.2    02:45      N 
23   -09.2   -05.4   00:00   -13.7   02:38     27.5     00.0    00.0   05.2     20.4    18:40      N 
24   -02.2    00.3   00:00   -05.4   00:45     20.5     00.0    31.4   05.5     33.3    14:30      N 
25    00.4    01.7   11:54   -02.6   00:00     17.9     00.0    02.0   05.9     40.7    20:53      W 
26   -08.9   -02.6   00:02   -12.1   07:30     27.2     00.0    00.0   12.6     42.5    15:58     WSW
27   -04.0    03.0   22:43   -12.9   06:04     22.3     00.0    00.0   07.6     33.3    22:06     SSW
28   -04.8    02.4   02:44   -08.7   22:52     23.1     00.0    02.8   08.0     29.6    20:51      N 
--------------------------------------------------------------------------------------------------------
-6.0 (-6.0)   08.1  day 01    -27.4  day 14   681.3    000.0   022.8   06.1     44.4   day 01      N 
Max <=   0: 14
Min <=   30: 28
Min <= -18: 4
Max <=  -5: 9
Min <=  -5: 23
Max <= -10: 2
Min <= -10: 11
Max <= -15: 1
Min <= -15: 6
Min <= -20: 3
Min <= -25: 2
Max Rain: 31.4 ON 24-02-16
Days of Rain: 13 (> .2mm) 7 (> 2mm) 3 (> 20mm)