NOAA style reports

NOAA-style Climate Reports

Select NOAA data to display

Select a Year or Month report
2022 > Jan Feb Mar Apr May Jun Jul Aug Sep Oct Nov Dec
2021 > Jan Feb Mar Apr May Jun Jul Aug Sep Oct Nov Dec
2020 > Jan Feb Mar Apr May Jun Jul Aug Sep Oct Nov Dec
2019 > Jan Feb Mar Apr May Jun Jul Aug Sep Oct Nov Dec
2018 > Jan Feb Mar Apr May Jun Jul Aug Sep Oct Nov Dec
2017 > Jan Feb Mar Apr May Jun Jul Aug Sep Oct Nov Dec
2016 > Jan Feb Mar Apr May Jun Jul Aug Sep Oct Nov Dec
2015 > Jan Feb Mar Apr May Jun Jul Aug Sep Oct Nov Dec
2014 > Jan Feb Mar Apr May Jun Jul Aug Sep Oct Nov Dec
2013 > Jan Feb Mar Apr May Jun Jul Aug Sep Oct Nov Dec
2012 > Jan Feb Mar Apr May Jun Jul Aug Sep Oct Nov Dec
2011 > Jan Feb Mar Apr May Jun Jul Aug Sep Oct Nov Dec
2010 > Jan Feb Mar Apr May Jun Jul Aug Sep Oct Nov Dec
2009 > Jan Feb Mar Apr May Jun Jul Aug Sep Oct Nov Dec
2008 > Jan Feb Mar Apr May Jun Jul Aug Sep Oct Nov Dec

Report for 2016 Mar

Daily noaa report



                            MONTHLY CLIMATOLOGICAL SUMMARY for MAR. 2016

NAME: Home Weather Station Davis VP2   CITY: Beaconsfield STATE: Quebec, Canada
ELEV: 118 LAT: 045:25:46 LONG: 0073:51:35

                            TEMPERATURE ( C), RAIN (mm), WIND SPEED (kmh)

                                               HEAT     COOL           AVG
      MEAN                                     DEG      DEG            WIND                       DOM
DAY   TEMP    HIGH   TIME     LOW    TIME      DAYS     DAYS    RAIN   SPEED    HIGH    TIME      DIR
--------------------------------------------------------------------------------------------------------
01   -10.5   -07.8   14:25   -14.7   07:11     28.8     00.0    00.0   08.1     57.4    01:39     WSW
02   -09.4   -07.1   09:15   -13.2   00:00     27.7     00.0    06.2   12.0     48.1    13:23     WSW
03   -14.5   -10.0   15:30   -18.5   06:30     32.8     00.0    00.0   05.8     29.6    12:12      W 
04   -09.8   -02.5   14:19   -17.4   07:00     28.1     00.0    00.8   02.2     16.6    09:29     ESE
05   -07.5   -01.0   14:14   -15.0   06:26     25.8     00.0    00.0   01.3     11.1    13:18     ESE
06   -01.8    04.7   14:14   -08.2   06:21     20.1     00.0    00.0   03.1     18.5    16:13     SSW
07    01.4    04.0   15:25   -01.4   01:14     16.9     00.0    06.4   02.5     18.5    12:17      SW
08    02.6    04.8   12:21    01.3   05:24     15.7     00.0    00.0   03.3     18.5    21:12     ENE
09    05.9    11.7   14:29    00.2   06:55     12.4     00.0    00.0   03.7     25.9    18:12     WNW
10    04.7    08.0   01:58    01.9   00:00     13.6     00.0    00.0   04.1     22.2    11:25      N 
11    02.4    06.6   14:38   -01.1   23:39     15.9     00.0    00.0   04.0     25.9    19:48     WSW
12    04.3    10.6   14:06   -02.7   06:26     14.0     00.0    00.0   06.5     40.7    16:31      SW
13    04.6    08.6   15:29    00.8   07:32     13.7     00.0    00.0   04.7     24.1    03:01     NNW
14    01.6    05.1   12:06   -01.8   05:34     16.7     00.0    01.8   10.1     37.0    18:43      E 
15    04.5    08.8   15:17    02.2   03:30     13.8     00.0    02.2   07.4     25.9    04:51      NE
16    05.1    08.8   14:50    00.0   21:49     13.2     00.0    04.4   07.3     31.4    16:56     NNE
17    04.8    13.0   14:35    01.7   07:37     13.5     00.0    03.0   03.4     31.4    15:55     WSW
18    00.4    04.0   00:10   -03.8   00:00     17.9     00.0    02.4   07.7     35.1    16:37     WNW
19   -03.8    00.6   16:12   -08.1   07:23     22.1     00.0    00.0   07.1     29.6    15:27      W 
20   -03.2    01.9   15:41   -08.2   07:27     21.5     00.0    00.0   04.9     18.5    17:25      NE
21   -00.8    06.3   16:10   -06.4   05:06     19.1     00.0    00.0   06.4     37.0    17:25     WNW
22   -00.2    06.6   15:47   -05.3   06:53     18.5     00.0    01.2   04.8     31.4    17:30     WSW
23    00.7    02.8   18:25   -00.7   10:25     17.6     00.0    02.4   03.5     18.5    23:58      NW
24   -04.0   -00.4   00:01   -05.6   12:47     22.3     00.0    06.0   11.9     44.4    21:35     NNE
25   -00.2    01.3   14:45   -02.4   00:01     18.5     00.0    02.8   07.9     33.3    16:56      NW
26    00.1    04.3   16:25   -03.1   07:38     18.2     00.0    00.0   04.8     18.5    22:23      NE
27    04.5    13.6   15:27   -03.3   07:12     13.8     00.0    00.0   03.1     16.6    04:32      NE
28    04.5    07.2   08:38    01.2   04:35     13.8     00.0    13.6   06.3     35.1    08:52      NE
29    03.2    08.1   15:56   -00.4   07:47     15.1     00.0    01.6   11.3     40.7    14:27      W 
30    04.5    10.7   16:08   -02.4   06:57     13.8     00.0    00.0   02.9     25.9    09:28     SSW
--------------------------------------------------------------------------------------------------------
-0.2 (-0.0)   13.6  day 27    -18.5  day 03   554.9    000.0   054.8   05.7     57.4   day 02     WNW
Max <=   0: 6
Min <=   30: 30
Min <= -18: 1
Max <=  -5: 3
Min <=  -5: 11
Max <= -10: 1
Min <= -10: 5
Min <= -15: 3
Max Rain: 13.6 ON 28-03-16
Days of Rain: 14 (> .2mm) 10 (> 2mm) 0 (> 20mm)