NOAA style reports

NOAA-style Climate Reports

Select NOAA data to display

Select a Year or Month report
2021 > Jan Feb Mar Apr May Jun Jul Aug Sep Oct Nov Dec
2020 > Jan Feb Mar Apr May Jun Jul Aug Sep Oct Nov Dec
2019 > Jan Feb Mar Apr May Jun Jul Aug Sep Oct Nov Dec
2018 > Jan Feb Mar Apr May Jun Jul Aug Sep Oct Nov Dec
2017 > Jan Feb Mar Apr May Jun Jul Aug Sep Oct Nov Dec
2016 > Jan Feb Mar Apr May Jun Jul Aug Sep Oct Nov Dec
2015 > Jan Feb Mar Apr May Jun Jul Aug Sep Oct Nov Dec
2014 > Jan Feb Mar Apr May Jun Jul Aug Sep Oct Nov Dec
2013 > Jan Feb Mar Apr May Jun Jul Aug Sep Oct Nov Dec
2012 > Jan Feb Mar Apr May Jun Jul Aug Sep Oct Nov Dec
2011 > Jan Feb Mar Apr May Jun Jul Aug Sep Oct Nov Dec
2010 > Jan Feb Mar Apr May Jun Jul Aug Sep Oct Nov Dec
2009 > Jan Feb Mar Apr May Jun Jul Aug Sep Oct Nov Dec
2008 > Jan Feb Mar Apr May Jun Jul Aug Sep Oct Nov Dec

Report for 2016 Apr

Daily noaa report



                            MONTHLY CLIMATOLOGICAL SUMMARY for APR. 2016

NAME: Home Weather Station Davis VP2   CITY: Beaconsfield STATE: Quebec, Canada
ELEV: 118 LAT: 045:25:46 LONG: 0073:51:35

                            TEMPERATURE ( C), RAIN (mm), WIND SPEED (kmh)

                                               HEAT     COOL           AVG
      MEAN                                     DEG      DEG            WIND                       DOM
DAY   TEMP    HIGH   TIME     LOW    TIME      DAYS     DAYS    RAIN   SPEED    HIGH    TIME      DIR
--------------------------------------------------------------------------------------------------------
01    11.4    15.5   13:57    04.7   00:00     06.9     00.0    01.8   09.4     38.9    16:15      SW
02    03.9    09.5   12:33   -01.2   00:00     14.4     00.0    01.8   06.1     40.7    18:43      W 
03   -05.2   -01.2   00:01   -07.9   00:00     23.5     00.0    00.0   11.9     44.4    18:40     WNW
04   -05.8   -00.9   15:48   -09.3   04:57     24.1     00.0    00.0   03.9     24.1    13:30     NNE
05   -03.6    01.6   15:51   -08.7   07:03     21.9     00.0    00.0   07.7     29.6    18:55     WNW
06   -00.8    04.2   13:00   -04.2   04:54     19.1     00.0    05.8   04.4     25.9    18:00     SSE
07    02.3    04.9   14:25   -00.3   00:01     16.0     00.0    37.4   07.3     31.4    06:35      E 
08    00.9    03.9   00:34   -03.1   00:00     17.4     00.0    00.4   09.8     31.4    16:51      SW
09   -01.7    03.7   16:07   -05.8   06:42     20.0     00.0    00.0   07.4     29.6    21:57     WNW
10   -01.6    03.8   15:50   -06.7   05:41     19.9     00.0    00.0   04.0     25.9    15:40      W 
11    02.5    05.5   22:00   -01.2   04:57     15.8     00.0    12.2   04.6     29.6    08:13     ESE
12    05.2    08.5   15:12    01.3   00:00     13.1     00.0    00.8   08.3     37.0    10:36     WSW
13    02.6    08.4   15:39   -01.8   07:02     15.7     00.0    00.0   03.3     18.5    02:12      SW
14    04.6    11.9   16:01   -00.8   06:37     13.7     00.0    00.0   03.7     22.2    14:30      NE
15    07.3    14.7   16:08    00.1   06:27     11.0     00.0    00.0   05.5     22.2    18:10      NE
16    09.2    16.7   16:08    02.0   06:25     09.1     00.0    00.0   05.6     24.1    09:47     NNE
17    12.8    24.2   16:00    02.8   06:49     05.5     00.0    00.0   02.3     20.4    23:39      W 
18    08.7    14.2   00:01    04.7   23:52     09.6     00.0    07.4   05.4     27.8    07:31     NNE
19    09.0    16.2   15:24    02.4   06:26     09.3     00.0    00.6   07.0     35.1    16:17     WNW
20    07.4    13.9   16:04    01.8   06:39     10.9     00.0    00.0   04.7     25.9    01:06     NNE
21    12.0    23.1   15:38    01.1   06:17     06.3     00.0    00.0   01.1     12.9    22:10      SE
22    12.5    16.1   15:19    07.7   00:00     05.8     00.0    04.8   05.3     29.6    22:50      W 
23    08.1    14.4   15:57    03.6   07:01     10.2     00.0    00.0   08.9     31.4    07:50     NNW
24    05.8    12.8   15:46   -00.8   06:20     12.5     00.0    00.0   05.6     27.8    17:54      NW
25    05.9    11.6   16:04    00.6   06:26     12.4     00.0    00.0   05.6     24.1    02:51     NNW
26    04.5    10.7   15:32    01.1   07:54     13.8     00.0    00.0   06.1     29.6    05:01     NNE
27    03.8    10.1   15:07   -01.4   06:20     14.5     00.0    00.0   06.0     31.4    16:23     WNW
28    03.3    09.1   15:40   -01.4   03:03     15.0     00.0    00.0   04.5     22.2    09:06     NNE
29    06.2    13.5   15:49   -00.8   06:06     12.1     00.0    00.0   03.9     20.4    10:46      NE
30    09.1    17.0   15:46    02.3   06:26     09.2     00.0    00.0   03.4     18.5    12:23      NE
--------------------------------------------------------------------------------------------------------
04.7 (5.0)   24.2  day 17    -09.3  day 04   408.9    000.0   073.0   05.8     44.4   day 03     WNW
Max <=   0: 2
Min <=   30: 30
Min <=  -5: 5
Max Rain: 37.4 ON 7-04-16
Days of Rain: 10 (> .2mm) 5 (> 2mm) 1 (> 20mm)