NOAA style reports

NOAA-style Climate Reports

Select NOAA data to display

Select a Year or Month report
2021 > Jan Feb Mar Apr May Jun Jul Aug Sep Oct Nov Dec
2020 > Jan Feb Mar Apr May Jun Jul Aug Sep Oct Nov Dec
2019 > Jan Feb Mar Apr May Jun Jul Aug Sep Oct Nov Dec
2018 > Jan Feb Mar Apr May Jun Jul Aug Sep Oct Nov Dec
2017 > Jan Feb Mar Apr May Jun Jul Aug Sep Oct Nov Dec
2016 > Jan Feb Mar Apr May Jun Jul Aug Sep Oct Nov Dec
2015 > Jan Feb Mar Apr May Jun Jul Aug Sep Oct Nov Dec
2014 > Jan Feb Mar Apr May Jun Jul Aug Sep Oct Nov Dec
2013 > Jan Feb Mar Apr May Jun Jul Aug Sep Oct Nov Dec
2012 > Jan Feb Mar Apr May Jun Jul Aug Sep Oct Nov Dec
2011 > Jan Feb Mar Apr May Jun Jul Aug Sep Oct Nov Dec
2010 > Jan Feb Mar Apr May Jun Jul Aug Sep Oct Nov Dec
2009 > Jan Feb Mar Apr May Jun Jul Aug Sep Oct Nov Dec
2008 > Jan Feb Mar Apr May Jun Jul Aug Sep Oct Nov Dec

Report for 2016 May

Daily noaa report



                            MONTHLY CLIMATOLOGICAL SUMMARY for MAY. 2016

NAME: Home Weather Station Davis VP2   CITY: Beaconsfield STATE: Quebec, Canada
ELEV: 118 LAT: 045:25:46 LONG: 0073:51:35

                            TEMPERATURE ( C), RAIN (mm), WIND SPEED (kmh)

                                               HEAT     COOL           AVG
      MEAN                                     DEG      DEG            WIND                       DOM
DAY   TEMP    HIGH   TIME     LOW    TIME      DAYS     DAYS    RAIN   SPEED    HIGH    TIME      DIR
--------------------------------------------------------------------------------------------------------
01    07.8    10.1   11:51    06.1   06:02     10.5     00.0    09.2   04.2     18.5    16:55      NE
02    07.5    08.7   18:23    06.6   06:47     10.8     00.0    01.4   06.3     22.2    18:41      NE
03    08.4    15.2   15:51    02.1   06:13     09.9     00.0    00.0   03.3     18.5    18:06      E 
04    09.3    14.0   15:04    04.8   03:16     09.0     00.0    00.0   04.9     22.2    15:09     NNE
05    12.0    17.8   15:38    05.9   06:17     06.3     00.0    00.0   07.9     35.1    12:01     NNE
06    14.6    22.1   16:10    06.6   06:14     03.7     00.0    00.0   07.0     31.4    15:21      N 
07    16.8    22.7   16:35    11.9   06:34     01.5     00.0    00.6   02.5     20.4    13:06     ESE
08    08.6    13.6   00:06    02.8   23:49     09.7     00.0    08.0   08.6     44.4    14:41      W 
09    06.7    12.8   15:29    01.2   05:31     11.6     00.0    00.0   08.5     44.4    13:48      W 
10    12.8    21.0   16:03    05.1   01:32     05.5     00.0    00.0   05.0     31.4    12:54      W 
11    14.4    23.0   15:33    04.8   06:11     03.9     00.0    00.0   01.9     18.5    14:19      SE
12    18.5    27.5   15:53    09.4   06:41     00.0     00.2    00.0   01.6     14.8    18:53     ENE
13    16.7    20.1   09:48    13.9   00:00     01.6     00.0    06.0   02.5     16.6    21:14      SE
14    15.0    22.4   15:02    10.3   06:28     03.3     00.0    02.0   03.4     22.2    15:43     SSW
15    07.5    11.3   13:30    02.6   00:00     10.8     00.0    00.4   11.3     46.3    12:41     WSW
16    05.8    10.3   18:23    02.2   01:17     12.5     00.0    00.2   11.4     50.0    14:44     WSW
17    09.7    17.8   14:37    03.7   06:24     08.6     00.0    00.0   06.1     31.4    12:45     WNW
18    11.9    19.7   15:48    05.0   06:22     06.4     00.0    00.0   01.4     14.8    16:04     SSE
19    13.8    21.7   14:48    07.1   06:16     04.5     00.0    00.0   01.6     29.6    15:39     WNW
20    16.7    26.8   15:36    07.7   06:23     01.6     00.0    00.0   00.6     12.9    15:09     SSW
21    18.0    25.2   14:26    10.5   06:17     00.3     00.0    00.0   00.3     12.9    12:29      S 
22    19.4    28.1   15:48    12.2   06:17     00.0     01.1    00.0   01.7     16.6    14:17     NNE
23    19.9    28.5   14:51    13.0   06:26     00.0     01.6    00.0   01.6     18.5    03:29      NE
24    20.4    31.3   16:07    11.0   06:19     00.0     02.1    00.0   00.1     07.4    22:54     ESE
25    20.4    27.9   15:37    14.9   05:36     00.0     02.1    00.0   01.9     29.6    16:16     WNW
26    19.2    25.2   16:21    12.9   06:09     00.0     00.9    00.0   02.7     20.4    09:16     ENE
27    22.3    32.8   16:06    14.6   06:22     00.0     04.0    07.0   01.8     25.9    18:42     NNW
28    22.8    28.9   16:10    17.7   06:06     00.0     04.5    00.0   01.8     16.6    18:12     ENE
29    20.2    25.6   18:07    16.2   07:09     00.0     01.9    00.4   02.8     22.2    02:49     NNE
30    23.7    30.5   14:19    18.9   06:44     00.0     05.4    00.2   01.5     16.6    18:02     SSW
31    20.5    25.5   14:43    16.7   23:36     00.0     02.2    00.0   03.7     29.6    17:28      W 
--------------------------------------------------------------------------------------------------------
14.9 (15.3)   32.8  day 27     01.2  day 09   132.1    026.2   035.4   03.9     50.0   day 09     WNW
Max >=  30: 3
Min <=   30: 31
Max Rain: 9.2 ON 1-05-16
Days of Rain: 11 (> .2mm) 4 (> 2mm) 0 (> 20mm)