NOAA style reports

NOAA-style Climate Reports

Select NOAA data to display

Select a Year or Month report
2021 > Jan Feb Mar Apr May Jun Jul Aug Sep Oct Nov Dec
2020 > Jan Feb Mar Apr May Jun Jul Aug Sep Oct Nov Dec
2019 > Jan Feb Mar Apr May Jun Jul Aug Sep Oct Nov Dec
2018 > Jan Feb Mar Apr May Jun Jul Aug Sep Oct Nov Dec
2017 > Jan Feb Mar Apr May Jun Jul Aug Sep Oct Nov Dec
2016 > Jan Feb Mar Apr May Jun Jul Aug Sep Oct Nov Dec
2015 > Jan Feb Mar Apr May Jun Jul Aug Sep Oct Nov Dec
2014 > Jan Feb Mar Apr May Jun Jul Aug Sep Oct Nov Dec
2013 > Jan Feb Mar Apr May Jun Jul Aug Sep Oct Nov Dec
2012 > Jan Feb Mar Apr May Jun Jul Aug Sep Oct Nov Dec
2011 > Jan Feb Mar Apr May Jun Jul Aug Sep Oct Nov Dec
2010 > Jan Feb Mar Apr May Jun Jul Aug Sep Oct Nov Dec
2009 > Jan Feb Mar Apr May Jun Jul Aug Sep Oct Nov Dec
2008 > Jan Feb Mar Apr May Jun Jul Aug Sep Oct Nov Dec

Report for 2016 Jun

Daily noaa report



                            MONTHLY CLIMATOLOGICAL SUMMARY for JUN. 2016

NAME: Home Weather Station Davis VP2   CITY: Beaconsfield STATE: Quebec, Canada
ELEV: 118 LAT: 045:25:46 LONG: 0073:51:35

                            TEMPERATURE ( C), RAIN (mm), WIND SPEED (kmh)

                                               HEAT     COOL           AVG
      MEAN                                     DEG      DEG            WIND                       DOM
DAY   TEMP    HIGH   TIME     LOW    TIME      DAYS     DAYS    RAIN   SPEED    HIGH    TIME      DIR
--------------------------------------------------------------------------------------------------------
01    19.7    25.5   15:11    13.9   06:53     00.0     01.4    00.0   03.7     20.4    05:56      NE
02    18.7    20.3   08:29    17.4   02:52     00.0     00.4    08.2   00.5     16.6    07:49      E 
03    21.4    28.0   16:21    16.4   06:44     00.0     03.1    00.0   01.0     18.5    13:08      W 
04    20.7    27.6   14:45    13.6   06:01     00.0     02.4    00.0   00.5     12.9    13:42     WNW
05    17.3    18.4   11:09    15.6   04:12     01.0     00.0    24.0   00.0     05.5    23:49      N 
06    18.9    23.8   15:27    16.4   03:13     00.0     00.6    04.8   01.3     14.8    17:02      S 
07    18.0    23.0   16:22    14.5   00:00     00.3     00.0    01.0   00.6     20.4    23:46      SW
08    12.4    15.2   11:51    09.1   00:00     05.9     00.0    00.6   05.2     31.4    17:13      W 
09    10.9    14.6   17:43    08.2   07:38     07.4     00.0    00.4   06.8     38.9    12:03      W 
10    14.6    22.4   15:40    08.7   06:46     03.7     00.0    00.0   01.6     22.2    14:24      W 
11    13.9    16.5   18:07    10.6   05:52     04.4     00.0    00.0   00.5     18.5    14:54     SSE
12    12.3    15.3   05:03    10.5   11:09     06.0     00.0    00.0   06.8     38.9    06:22      W 
13    15.6    20.9   15:01    10.6   02:49     02.7     00.0    00.0   04.8     27.8    15:16     WNW
14    17.4    27.0   15:24    09.5   04:06     00.9     00.0    00.2   02.0     27.8    18:26      W 
15    20.9    30.2   16:32    12.5   06:06     00.0     02.6    00.0   00.4     14.8    17:34      W 
16    20.5    28.9   15:46    12.4   05:41     00.0     02.2    00.0   02.2     20.4    09:54     NNE
17    21.2    30.3   16:12    12.7   05:52     00.0     02.9    00.0   00.3     16.6    20:48     ESE
18    22.6    32.5   15:39    13.9   06:16     00.0     04.3    00.0   00.2     09.3    15:58     ESE
19    24.8    33.4   15:02    18.2   02:51     00.0     06.5    00.0   00.2     12.9    12:18     SSW
20    26.9    33.8   16:11    19.8   06:31     00.0     08.6    00.0   01.0     24.1    17:13      SW
21    21.4    26.6   16:06    16.9   00:00     00.0     03.1    00.0   02.8     37.0    17:08      W 
22    17.8    22.8   16:46    13.5   09:27     00.5     00.0    05.8   01.0     29.6    15:08     WSW
23    19.7    26.2   15:38    14.8   05:47     00.0     01.4    00.0   01.5     24.1    13:57     WNW
24    19.8    27.2   15:49    12.3   05:57     00.0     01.5    00.0   00.4     12.9    12:07     ESE
25    23.1    32.2   15:45    14.2   06:08     00.0     04.8    00.0   00.1     11.1    13:26      SE
26    25.1    34.3   16:08    16.8   06:19     00.0     06.8    00.0   00.1     12.9    15:42      S 
27    23.7    27.5   16:19    20.7   10:07     00.0     05.4    03.0   00.0     09.3    17:03      S 
28    22.9    28.3   13:27    18.0   23:32     00.0     04.6    06.8   00.7     18.5    22:37     WNW
29    19.2    24.9   16:04    15.4   00:00     00.0     00.9    01.8   01.4     25.9    13:42      NW
30    21.5    30.6   16:09    14.2   06:00     00.0     03.2    00.6   00.2     14.8    14:56      SW
--------------------------------------------------------------------------------------------------------
19.4 (19.8)   34.3  day 26     08.2  day 09   032.8    066.5   057.2   01.6     38.9   day 12      W 
Max >=  30: 8
Min <=   30: 30
Max Rain: 24.0 ON 5-06-16
Days of Rain: 12 (> .2mm) 6 (> 2mm) 1 (> 20mm)