NOAA style reports

NOAA-style Climate Reports

Select NOAA data to display

Select a Year or Month report
2022 > Jan Feb Mar Apr May Jun Jul Aug Sep Oct Nov Dec
2021 > Jan Feb Mar Apr May Jun Jul Aug Sep Oct Nov Dec
2020 > Jan Feb Mar Apr May Jun Jul Aug Sep Oct Nov Dec
2019 > Jan Feb Mar Apr May Jun Jul Aug Sep Oct Nov Dec
2018 > Jan Feb Mar Apr May Jun Jul Aug Sep Oct Nov Dec
2017 > Jan Feb Mar Apr May Jun Jul Aug Sep Oct Nov Dec
2016 > Jan Feb Mar Apr May Jun Jul Aug Sep Oct Nov Dec
2015 > Jan Feb Mar Apr May Jun Jul Aug Sep Oct Nov Dec
2014 > Jan Feb Mar Apr May Jun Jul Aug Sep Oct Nov Dec
2013 > Jan Feb Mar Apr May Jun Jul Aug Sep Oct Nov Dec
2012 > Jan Feb Mar Apr May Jun Jul Aug Sep Oct Nov Dec
2011 > Jan Feb Mar Apr May Jun Jul Aug Sep Oct Nov Dec
2010 > Jan Feb Mar Apr May Jun Jul Aug Sep Oct Nov Dec
2009 > Jan Feb Mar Apr May Jun Jul Aug Sep Oct Nov Dec
2008 > Jan Feb Mar Apr May Jun Jul Aug Sep Oct Nov Dec

Report for 2016 Jul

Daily noaa report



                            MONTHLY CLIMATOLOGICAL SUMMARY for JUL. 2016

NAME: Home Weather Station Davis VP2   CITY: Beaconsfield STATE: Quebec, Canada
ELEV: 118 LAT: 045:25:46 LONG: 0073:51:35

                            TEMPERATURE ( C), RAIN (mm), WIND SPEED (kmh)

                                               HEAT     COOL           AVG
      MEAN                                     DEG      DEG            WIND                       DOM
DAY   TEMP    HIGH   TIME     LOW    TIME      DAYS     DAYS    RAIN   SPEED    HIGH    TIME      DIR
--------------------------------------------------------------------------------------------------------
01    20.3    27.7   13:41    14.3   06:09     00.0     02.0    04.8   00.6     20.4    17:12      SE
02    17.2    21.3   16:31    13.9   00:00     01.1     00.0    00.0   02.8     33.3    10:23     WSW
03    20.0    28.6   15:02    13.1   03:34     00.0     01.7    00.8   01.0     35.1    15:22      W 
04    22.4    31.3   16:02    14.8   05:26     00.0     04.1    00.0   00.2     18.5    12:46      SW
05    23.8    32.2   16:17    15.1   06:16     00.0     05.5    00.0   00.2     12.9    16:33      SW
06    25.4    32.9   15:56    19.3   06:04     00.0     07.1    00.0   01.0     20.4    18:41     WNW
07    21.9    27.8   15:19    17.2   07:56     00.0     03.6    00.0   04.4     22.2    14:27      N 
08    20.1    22.9   17:43    16.8   06:06     00.0     01.8    00.0   04.5     20.4    22:58      NE
09    17.7    19.9   00:23    16.8   00:00     00.6     00.0    19.0   06.1     27.8    10:37     ENE
10    16.6    19.1   17:40    13.9   00:00     01.7     00.0    00.0   04.6     24.1    07:24      N 
11    20.5    30.1   16:13    12.5   05:06     00.0     02.2    00.0   00.3     16.6    15:21     WNW
12    23.1    30.2   16:36    16.8   05:42     00.0     04.8    00.0   00.3     12.9    17:41     SSE
13    26.1    34.1   15:19    19.2   05:09     00.0     07.8    00.0   00.2     12.9    13:49      SE
14    24.7    28.1   16:52    21.7   06:11     00.0     06.4    13.0   00.5     37.0    23:58     SSW
15    22.0    29.4   16:07    18.9   06:08     00.0     03.7    04.4   00.7     57.4    00:02      W 
16    20.3    25.2   15:33    16.0   07:04     00.0     02.0    00.4   01.4     18.5    06:17      NW
17    22.5    29.5   16:04    18.4   06:46     00.0     04.2    00.0   00.2     14.8    12:49     WSW
18    23.1    30.3   16:21    18.3   04:51     00.0     04.8    10.2   02.5     31.4    17:34      W 
19    19.7    25.9   15:48    14.7   06:27     00.0     01.4    00.4   02.8     29.6    14:58     WNW
20    20.8    29.1   16:24    13.7   05:52     00.0     02.5    00.0   01.3     29.6    10:48      W 
21    23.9    32.1   16:17    16.6   06:24     00.0     05.6    00.0   00.3     12.9    07:52      SW
22    26.1    34.1   16:20    20.1   04:52     00.0     07.8    05.0   01.5     31.4    14:12     WSW
23    21.5    27.8   12:54    18.4   15:31     00.0     03.2    30.6   00.6     25.9    13:16     WNW
24    20.1    28.7   16:07    13.0   06:22     00.0     01.8    00.0   01.2     18.5    08:41     WNW
25    21.5    26.3   16:12    18.6   06:31     00.0     03.2    03.4   00.5     12.9    16:12     ESE
26    23.1    29.6   16:22    18.4   06:29     00.0     04.8    00.2   01.4     27.8    13:08      W 
27    24.2    31.3   15:12    17.7   06:12     00.0     05.9    00.0   00.1     12.9    16:07     SSW
28    24.4    30.3   16:28    21.1   06:43     00.0     06.1    00.0   00.6     12.9    16:43      NW
29    22.7    30.4   16:17    17.1   06:28     00.0     04.4    00.0   03.8     18.5    20:54     NNW
30    21.5    29.1   15:03    17.6   06:25     00.0     03.2    00.0   01.4     16.6    09:07      NE
31    22.3    30.8   15:58    15.8   06:39     00.0     04.0    00.0   01.0     16.6    17:37     ESE
--------------------------------------------------------------------------------------------------------
21.9 (22.7)   34.1  day 22     12.5  day 11   003.4    115.5   092.8   01.5     57.4   day 15      NW
Max >=  30: 13
Min <=   30: 31
Max Rain: 30.6 ON 23-07-16
Days of Rain: 12 (> .2mm) 8 (> 2mm) 1 (> 20mm)