NOAA style reports

NOAA-style Climate Reports

Select NOAA data to display

Select a Year or Month report
2022 > Jan Feb Mar Apr May Jun Jul Aug Sep Oct Nov Dec
2021 > Jan Feb Mar Apr May Jun Jul Aug Sep Oct Nov Dec
2020 > Jan Feb Mar Apr May Jun Jul Aug Sep Oct Nov Dec
2019 > Jan Feb Mar Apr May Jun Jul Aug Sep Oct Nov Dec
2018 > Jan Feb Mar Apr May Jun Jul Aug Sep Oct Nov Dec
2017 > Jan Feb Mar Apr May Jun Jul Aug Sep Oct Nov Dec
2016 > Jan Feb Mar Apr May Jun Jul Aug Sep Oct Nov Dec
2015 > Jan Feb Mar Apr May Jun Jul Aug Sep Oct Nov Dec
2014 > Jan Feb Mar Apr May Jun Jul Aug Sep Oct Nov Dec
2013 > Jan Feb Mar Apr May Jun Jul Aug Sep Oct Nov Dec
2012 > Jan Feb Mar Apr May Jun Jul Aug Sep Oct Nov Dec
2011 > Jan Feb Mar Apr May Jun Jul Aug Sep Oct Nov Dec
2010 > Jan Feb Mar Apr May Jun Jul Aug Sep Oct Nov Dec
2009 > Jan Feb Mar Apr May Jun Jul Aug Sep Oct Nov Dec
2008 > Jan Feb Mar Apr May Jun Jul Aug Sep Oct Nov Dec

Report for 2016 Aug

Daily noaa report



                            MONTHLY CLIMATOLOGICAL SUMMARY for AUG. 2016

NAME: Home Weather Station Davis VP2   CITY: Beaconsfield STATE: Quebec, Canada
ELEV: 118 LAT: 045:25:46 LONG: 0073:51:35

                            TEMPERATURE ( C), RAIN (mm), WIND SPEED (kmh)

                                               HEAT     COOL           AVG
      MEAN                                     DEG      DEG            WIND                       DOM
DAY   TEMP    HIGH   TIME     LOW    TIME      DAYS     DAYS    RAIN   SPEED    HIGH    TIME      DIR
--------------------------------------------------------------------------------------------------------
01    22.3    29.8   15:57    19.1   04:35     00.0     04.0    00.0   02.1     18.5    17:44     ENE
02    22.8    31.7   16:17    17.4   06:27     00.0     04.5    00.0   00.8     18.5    13:07      E 
03    23.4    31.1   16:17    16.9   06:42     00.0     05.1    00.0   00.3     09.3    18:45     ESE
04    25.6    32.8   15:36    20.3   06:43     00.0     07.3    00.0   00.1     12.9    15:34     SSE
05    26.9    33.8   16:02    20.9   06:34     00.0     08.6    00.0   00.4     18.5    22:30      S 
06    24.2    29.5   16:11    19.3   00:00     00.0     05.9    00.0   02.4     40.7    15:59     WNW
07    21.8    26.9   16:07    18.1   06:09     00.0     03.5    00.0   02.8     31.4    19:20     WNW
08    22.2    30.4   15:41    15.8   06:43     00.0     03.9    00.0   02.3     25.9    13:04     WNW
09    22.3    29.5   16:08    14.5   06:38     00.0     04.0    00.0   01.1     16.6    10:43      E 
10    25.8    34.3   15:54    19.4   04:54     00.0     07.5    00.0   00.1     11.1    13:57     ESE
11    26.6    31.9   16:27    21.9   06:57     00.0     08.3    00.0   00.1     12.9    13:44      S 
12    21.0    25.4   00:17    18.5   20:35     00.0     02.7    10.6   03.4     25.9    09:58     NNE
13    18.7    20.1   19:32    16.6   08:05     00.0     00.4    25.4   02.8     22.2    19:33     NNE
14    20.6    25.7   16:14    17.2   07:21     00.0     02.3    33.8   01.8     25.9    16:59      NW
15    21.8    27.8   15:41    17.1   06:42     00.0     03.5    00.0   00.1     11.1    14:05      S 
16    19.6    23.8   12:05    17.4   06:05     00.0     01.3    75.4   03.3     31.4    17:57      E 
17    21.1    28.3   16:07    16.3   04:10     00.0     02.8    01.4   02.6     29.6    02:00      NW
18    23.0    29.2   16:06    18.4   06:49     00.0     04.7    00.0   00.9     18.5    16:37      W 
19    21.4    27.6   16:18    15.2   06:41     00.0     03.1    00.0   00.1     09.3    12:37     SSW
20    23.4    29.5   15:58    18.4   07:14     00.0     05.1    00.0   01.4     18.5    17:52      E 
21    22.2    26.3   11:22    18.8   23:36     00.0     03.9    18.4   01.6     24.1    09:33     SSE
22    17.7    22.6   16:09    13.5   07:07     00.6     00.0    00.2   03.0     29.6    15:21      W 
23    19.6    27.2   16:04    13.4   06:42     00.0     01.3    00.0   00.3     20.4    16:17     WSW
24    23.0    30.0   16:06    18.2   07:01     00.0     04.7    00.0   00.1     18.5    01:29     SSW
25    23.0    25.9   16:23    20.7   04:01     00.0     04.7    00.8   00.0     07.4    12:53      SE
26    24.0    29.2   16:06    20.2   00:00     00.0     05.7    00.0   01.0     27.8    17:27      W 
27    21.6    27.2   15:52    17.4   07:15     00.0     03.3    00.0   01.0     14.8    19:22     ENE
28    22.6    27.7   15:44    19.7   07:50     00.0     04.3    00.0   00.2     09.3    15:19     ESE
29    21.3    25.0   15:19    18.1   00:00     00.0     03.0    00.0   02.4     27.8    10:08     WNW
30    20.2    24.7   16:08    15.2   04:34     00.0     01.9    00.0   00.0     07.4    14:51      SW
31    20.7    26.1   18:01    18.7   23:37     00.0     02.4    07.8   00.1     14.8    15:49     WSW
--------------------------------------------------------------------------------------------------------
22.3 (23.0)   34.3  day 10     13.4  day 23   000.6    123.9   173.8   01.2     40.7   day 17     WNW
Max >=  30: 8
Min <=   30: 31
Max Rain: 75.4 ON 16-08-16
Days of Rain: 9 (> .2mm) 6 (> 2mm) 3 (> 20mm)