NOAA style reports

NOAA-style Climate Reports

Select NOAA data to display

Select a Year or Month report
2021 > Jan Feb Mar Apr May Jun Jul Aug Sep Oct Nov Dec
2020 > Jan Feb Mar Apr May Jun Jul Aug Sep Oct Nov Dec
2019 > Jan Feb Mar Apr May Jun Jul Aug Sep Oct Nov Dec
2018 > Jan Feb Mar Apr May Jun Jul Aug Sep Oct Nov Dec
2017 > Jan Feb Mar Apr May Jun Jul Aug Sep Oct Nov Dec
2016 > Jan Feb Mar Apr May Jun Jul Aug Sep Oct Nov Dec
2015 > Jan Feb Mar Apr May Jun Jul Aug Sep Oct Nov Dec
2014 > Jan Feb Mar Apr May Jun Jul Aug Sep Oct Nov Dec
2013 > Jan Feb Mar Apr May Jun Jul Aug Sep Oct Nov Dec
2012 > Jan Feb Mar Apr May Jun Jul Aug Sep Oct Nov Dec
2011 > Jan Feb Mar Apr May Jun Jul Aug Sep Oct Nov Dec
2010 > Jan Feb Mar Apr May Jun Jul Aug Sep Oct Nov Dec
2009 > Jan Feb Mar Apr May Jun Jul Aug Sep Oct Nov Dec
2008 > Jan Feb Mar Apr May Jun Jul Aug Sep Oct Nov Dec

Report for 2016 Sep

Daily noaa report



                            MONTHLY CLIMATOLOGICAL SUMMARY for SEP. 2016

NAME: Home Weather Station Davis VP2   CITY: Beaconsfield STATE: Quebec, Canada
ELEV: 118 LAT: 045:25:46 LONG: 0073:51:35

                            TEMPERATURE ( C), RAIN (mm), WIND SPEED (kmh)

                                               HEAT     COOL           AVG
      MEAN                                     DEG      DEG            WIND                       DOM
DAY   TEMP    HIGH   TIME     LOW    TIME      DAYS     DAYS    RAIN   SPEED    HIGH    TIME      DIR
--------------------------------------------------------------------------------------------------------
01    18.3    22.3   16:37    14.1   07:22     00.0     00.0    00.4   00.8     14.8    13:59     WNW
02    17.7    23.7   16:05    13.9   07:33     00.6     00.0    00.0   02.4     25.9    03:44      NW
03    16.6    23.2   15:58    11.2   07:17     01.7     00.0    00.0   00.6     11.1    15:17     WNW
04    17.9    24.3   16:05    12.3   07:03     00.4     00.0    00.0   00.0     00.0    00:00     SSE
05    19.0    26.4   16:07    12.8   07:09     00.0     00.7    00.0   00.0     00.0    00:00      SE
06    20.2    27.0   16:09    14.6   07:05     00.0     01.9    00.0   00.0     01.9    07:57     SSE
07    22.5    29.0   16:09    16.3   06:43     00.0     04.2    00.0   00.2     11.1    21:02     ESE
08    22.8    24.1   15:16    21.2   08:32     00.0     04.5    08.4   00.1     07.4    20:33     ENE
09    22.5    27.2   16:11    19.7   07:31     00.0     04.2    00.2   01.0     24.1    16:28      W 
10    22.0    26.5   13:51    16.9   07:24     00.0     03.7    00.2   01.9     20.4    22:23     ESE
11    17.8    23.3   00:47    12.0   00:00     00.5     00.0    05.8   04.0     46.3    10:42     WSW
12    16.2    22.8   16:00    09.9   04:56     02.1     00.0    00.0   00.1     16.6    08:17      SW
13    18.7    26.0   16:04    11.7   07:13     00.0     00.4    00.0   00.2     20.4    15:39      SW
14    18.3    20.9   02:37    12.3   00:00     00.0     00.0    01.2   03.6     27.8    12:26     WNW
15    12.0    16.7   16:13    07.2   07:34     06.3     00.0    00.0   00.2     11.1    13:33      SE
16    13.8    19.2   16:26    07.8   06:47     04.5     00.0    00.0   00.2     12.9    21:38     ESE
17    18.1    22.8   14:04    13.1   03:03     00.2     00.0    01.4   00.4     14.8    15:32     ESE
18    21.2    24.9   14:38    19.3   00:00     00.0     02.9    02.4   00.1     12.9    10:52     WSW
19    20.9    25.6   16:11    17.8   05:05     00.0     02.6    00.0   00.1     07.4    23:01     WSW
20    20.0    25.3   16:20    14.5   06:00     00.0     01.7    00.0   00.4     18.5    16:28     WNW
21    18.7    25.1   15:22    12.2   07:08     00.0     00.4    00.0   00.4     18.5    15:04      W 
22    17.6    21.7   14:42    12.5   00:00     00.7     00.0    00.6   03.3     29.6    19:02     NNE
23    13.4    17.5   15:37    10.7   00:00     04.9     00.0    03.4   04.1     20.4    12:10     NNW
24    11.8    17.2   15:10    07.4   07:44     06.5     00.0    00.0   03.2     29.6    14:47     WNW
25    10.7    16.4   15:38    06.1   07:06     07.6     00.0    00.0   01.7     20.4    14:44     WNW
26    12.1    17.1   16:27    05.6   07:01     06.2     00.0    00.4   02.3     22.2    12:48      E 
27    15.6    19.2   14:28    12.3   07:45     02.7     00.0    01.2   00.4     18.5    00:15     SSE
28    14.3    19.3   14:46    10.9   05:10     04.0     00.0    00.0   06.5     31.4    23:45     NNE
29    12.9    17.8   15:36    08.5   07:20     05.4     00.0    00.0   06.5     29.6    14:53     NNE
30    13.4    17.6   16:34    08.4   07:41     04.9     00.0    00.0   04.3     18.5    12:40     NNE
--------------------------------------------------------------------------------------------------------
17.2 (17.4)   29.0  day 07     05.6  day 26   059.3    027.3   025.6   01.6     46.3   day 11     NNW
Min <=   30: 30
Max Rain: 8.4 ON 8-09-16
Days of Rain: 12 (> .2mm) 4 (> 2mm) 0 (> 20mm)