NOAA style reports

NOAA-style Climate Reports

Select NOAA data to display

Select a Year or Month report
2022 > Jan Feb Mar Apr May Jun Jul Aug Sep Oct Nov Dec
2021 > Jan Feb Mar Apr May Jun Jul Aug Sep Oct Nov Dec
2020 > Jan Feb Mar Apr May Jun Jul Aug Sep Oct Nov Dec
2019 > Jan Feb Mar Apr May Jun Jul Aug Sep Oct Nov Dec
2018 > Jan Feb Mar Apr May Jun Jul Aug Sep Oct Nov Dec
2017 > Jan Feb Mar Apr May Jun Jul Aug Sep Oct Nov Dec
2016 > Jan Feb Mar Apr May Jun Jul Aug Sep Oct Nov Dec
2015 > Jan Feb Mar Apr May Jun Jul Aug Sep Oct Nov Dec
2014 > Jan Feb Mar Apr May Jun Jul Aug Sep Oct Nov Dec
2013 > Jan Feb Mar Apr May Jun Jul Aug Sep Oct Nov Dec
2012 > Jan Feb Mar Apr May Jun Jul Aug Sep Oct Nov Dec
2011 > Jan Feb Mar Apr May Jun Jul Aug Sep Oct Nov Dec
2010 > Jan Feb Mar Apr May Jun Jul Aug Sep Oct Nov Dec
2009 > Jan Feb Mar Apr May Jun Jul Aug Sep Oct Nov Dec
2008 > Jan Feb Mar Apr May Jun Jul Aug Sep Oct Nov Dec

Report for 2016 Oct

Daily noaa report



                            MONTHLY CLIMATOLOGICAL SUMMARY for OCT. 2016

NAME: Home Weather Station Davis VP2   CITY: Beaconsfield STATE: Quebec, Canada
ELEV: 118 LAT: 045:25:46 LONG: 0073:51:35

                            TEMPERATURE ( C), RAIN (mm), WIND SPEED (kmh)

                                               HEAT     COOL           AVG
      MEAN                                     DEG      DEG            WIND                       DOM
DAY   TEMP    HIGH   TIME     LOW    TIME      DAYS     DAYS    RAIN   SPEED    HIGH    TIME      DIR
--------------------------------------------------------------------------------------------------------
01    14.5    17.9   14:29    11.8   07:55     03.8     00.0    00.2   03.5     20.4    14:59     ENE
02    14.7    16.1   13:08    13.6   00:00     03.6     00.0    00.6   03.2     22.2    04:39     ENE
03    14.8    19.0   15:34    11.8   06:37     03.5     00.0    00.0   00.5     16.6    04:35      N 
04    11.7    17.3   16:48    05.9   07:39     06.6     00.0    00.0   00.0     00.0    00:00      N 
05    12.7    18.0   16:11    08.3   08:00     05.6     00.0    00.0   00.0     00.0    00:00      N 
06    15.1    22.1   15:32    09.0   07:03     03.2     00.0    00.0   00.0     00.0    00:00      N 
07    16.0    22.9   15:10    10.2   07:45     02.3     00.0    00.2   00.0     00.0    00:00      N 
08    14.9    16.6   05:55    10.8   22:46     03.4     00.0    15.4   00.0     00.0    00:00      N 
09    10.2    12.7   15:40    06.8   00:00     08.1     00.0    00.0   01.7     22.2    18:28     NNW
10    06.6    11.0   16:44    02.7   07:18     11.7     00.0    00.0   02.8     22.2    15:00     WNW
11    08.5    14.8   15:44    02.6   07:09     09.8     00.0    00.0   00.1     11.1    23:35      S 
12    12.9    18.5   16:31    07.2   05:17     05.4     00.0    00.0   00.2     12.9    15:12     ESE
13    11.0    13.7   13:15    05.6   00:00     07.3     00.0    05.2   02.3     35.1    17:24     WSW
14    05.5    09.8   15:48    00.9   08:06     12.8     00.0    00.0   00.3     14.8    23:01     WSW
15    09.9    14.7   16:20    05.6   07:38     08.4     00.0    00.0   01.2     14.8    19:38     ESE
16    13.7    16.9   20:23    10.2   01:09     04.6     00.0    08.4   00.2     16.6    19:47      SE
17    12.0    16.0   00:08    08.6   08:40     06.3     00.0    00.2   02.7     22.2    22:36      NE
18    14.8    22.4   17:19    08.5   06:18     03.5     00.0    08.2   02.4     20.4    22:37      N 
19    12.8    18.1   00:01    08.1   00:00     05.5     00.0    00.0   01.6     25.9    12:11      W 
20    09.8    12.1   15:16    07.2   04:37     08.5     00.0    21.2   01.9     18.5    23:19      N 
21    09.4    10.3   01:29    08.2   00:00     08.9     00.0    39.8   07.7     37.0    10:35     NNW
22    06.5    08.2   00:03    03.2   23:19     11.8     00.0    18.8   05.7     35.1    23:30      W 
23    05.9    09.9   16:38    03.1   02:19     12.4     00.0    03.6   09.6     46.3    16:26     WSW
24    05.4    07.3   13:34    03.7   23:43     12.9     00.0    00.0   07.2     40.7    13:16     WSW
25    04.2    06.9   14:15    01.6   00:00     14.1     00.0    00.0   06.0     42.5    08:46      W 
26    01.8    03.8   16:31   -00.4   07:43     16.5     00.0    00.0   01.4     16.6    11:39     WNW
27    02.5    05.9   15:40   -00.1   07:32     15.8     00.0    13.8   08.1     38.9    20:10     ENE
28    04.4    05.2   13:26    03.1   00:28     13.9     00.0    11.0   03.7     29.6    00:46     ENE
29    04.8    07.0   20:41    03.2   04:05     13.5     00.0    06.2   02.4     24.1    21:09      SE
30    05.6    06.9   13:17    04.4   00:00     12.7     00.0    00.0   02.2     20.4    02:21     WNW
31    03.7    05.0   11:46    02.2   22:40     14.6     00.0    00.0   02.1     22.2    09:40     WNW
--------------------------------------------------------------------------------------------------------
09.6 (9.6)   22.9  day 07    -00.4  day 26   271.0    000.0   153.0   02.6     46.3   day 27      NW
Min <=   30: 31
Max Rain: 39.8 ON 21-10-16
Days of Rain: 15 (> .2mm) 11 (> 2mm) 2 (> 20mm)