NOAA style reports

NOAA-style Climate Reports

Select NOAA data to display

Select a Year or Month report
2021 > Jan Feb Mar Apr May Jun Jul Aug Sep Oct Nov Dec
2020 > Jan Feb Mar Apr May Jun Jul Aug Sep Oct Nov Dec
2019 > Jan Feb Mar Apr May Jun Jul Aug Sep Oct Nov Dec
2018 > Jan Feb Mar Apr May Jun Jul Aug Sep Oct Nov Dec
2017 > Jan Feb Mar Apr May Jun Jul Aug Sep Oct Nov Dec
2016 > Jan Feb Mar Apr May Jun Jul Aug Sep Oct Nov Dec
2015 > Jan Feb Mar Apr May Jun Jul Aug Sep Oct Nov Dec
2014 > Jan Feb Mar Apr May Jun Jul Aug Sep Oct Nov Dec
2013 > Jan Feb Mar Apr May Jun Jul Aug Sep Oct Nov Dec
2012 > Jan Feb Mar Apr May Jun Jul Aug Sep Oct Nov Dec
2011 > Jan Feb Mar Apr May Jun Jul Aug Sep Oct Nov Dec
2010 > Jan Feb Mar Apr May Jun Jul Aug Sep Oct Nov Dec
2009 > Jan Feb Mar Apr May Jun Jul Aug Sep Oct Nov Dec
2008 > Jan Feb Mar Apr May Jun Jul Aug Sep Oct Nov Dec

Report for 2016 Nov

Daily noaa report



                            MONTHLY CLIMATOLOGICAL SUMMARY for NOV. 2016

NAME: Home Weather Station Davis VP2   CITY: Beaconsfield STATE: Quebec, Canada
ELEV: 118 LAT: 045:25:46 LONG: 0073:51:35

                            TEMPERATURE ( C), RAIN (mm), WIND SPEED (kmh)

                                               HEAT     COOL           AVG
      MEAN                                     DEG      DEG            WIND                       DOM
DAY   TEMP    HIGH   TIME     LOW    TIME      DAYS     DAYS    RAIN   SPEED    HIGH    TIME      DIR
--------------------------------------------------------------------------------------------------------
01    05.4    09.7   23:09    01.2   02:42     12.9     00.0    00.2   03.7     20.4    15:37      E 
02    10.5    14.8   14:59    07.0   05:29     07.8     00.0    00.0   00.9     14.8    01:01     NNW
03    09.2    10.6   00:10    07.9   00:00     09.1     00.0    09.6   02.0     20.4    23:56     NNW
04    03.3    07.9   00:05    00.3   00:00     15.0     00.0    01.4   03.2     22.2    05:56      W 
05    05.3    07.9   14:55    00.3   00:07     13.0     00.0    01.2   01.0     18.5    12:04      W 
06    04.7    08.4   13:03   -00.8   00:00     13.6     00.0    00.2   02.7     24.1    09:30      NW
07    03.7    10.8   14:28   -02.3   07:06     14.6     00.0    00.0   00.5     14.8    10:32      SW
08    07.4    14.4   14:27    01.2   07:26     10.9     00.0    00.0   00.4     12.9    20:48     SSW
09    06.7    10.1   14:23   -00.5   23:57     11.6     00.0    00.0   04.7     31.4    08:59      NW
10    05.8    12.2   22:22   -01.1   07:06     12.5     00.0    00.0   05.8     29.6    22:13      SW
11    05.0    11.8   01:18    00.2   00:00     13.3     00.0    01.4   09.6     51.8    09:44      W 
12    02.9    07.3   23:59   -01.6   03:32     15.4     00.0    00.0   08.4     33.3    19:07      SW
13    08.3    11.5   13:53    06.3   07:31     10.0     00.0    00.0   08.7     29.6    09:55      SW
14    08.7    13.3   14:35    04.8   00:00     09.6     00.0    00.0   03.8     27.8    10:00      SW
15    07.0    11.4   14:41    03.0   04:37     11.3     00.0    00.4   04.4     25.9    21:52     NNW
16    06.8    07.6   18:44    06.0   03:58     11.5     00.0    02.4   05.2     27.8    03:20      NW
17    06.0    11.3   14:09    02.8   00:00     12.3     00.0    00.0   02.3     18.5    01:09     WSW
18    04.2    08.8   14:42    00.5   06:12     14.1     00.0    00.2   02.6     18.5    14:46      N 
19    06.1    09.5   15:48    03.2   04:50     12.2     00.0    00.0   06.1     29.6    23:37      N 
20    02.4    06.8   00:13   -00.6   00:00     15.9     00.0    15.8   06.0     22.2    17:02     WSW
21   -01.9   -00.6   00:04   -02.4   09:38     20.2     00.0    00.6   07.7     22.2    08:53      SW
22   -01.2   -00.1   20:25   -02.3   06:04     19.5     00.0    00.0   11.1     38.9    14:04     WSW
23   -01.6    00.2   13:52   -03.6   08:05     19.9     00.0    00.0   06.7     29.6    01:35      SW
24   -00.4    00.4   00:00   -01.6   01:22     18.7     00.0    01.8   04.1     22.2    08:40      NE
25    00.6    01.1   00:00    00.3   07:36     17.7     00.0    00.0   02.8     14.8    11:44      N 
26    01.4    02.5   14:04   -00.3   00:00     16.9     00.0    00.4   01.7     16.6    15:17      W 
27    00.7    02.8   13:05   -00.6   00:55     17.6     00.0    00.0   04.2     20.4    18:28      W 
28   -00.9    00.7   13:39   -02.3   22:49     19.2     00.0    00.0   03.2     18.5    23:52     NNW
29    00.5    01.8   22:19   -01.6   00:02     17.8     00.0    07.0   06.9     24.1    19:44      N 
30    03.4    07.3   22:13    01.5   04:16     14.9     00.0    05.2   05.9     29.6    23:28     NNE
--------------------------------------------------------------------------------------------------------
04.0 (4.1)   14.8  day 02    -03.6  day 23   428.7    000.0   047.8   04.5     51.8   day 11      W 
Max <=   0: 2
Min <=   30: 30
Max Rain: 15.8 ON 20-11-16
Days of Rain: 15 (> .2mm) 5 (> 2mm) 0 (> 20mm)