NOAA style reports

NOAA-style Climate Reports

Select NOAA data to display

Select a Year or Month report
2021 > Jan Feb Mar Apr May Jun Jul Aug Sep Oct Nov Dec
2020 > Jan Feb Mar Apr May Jun Jul Aug Sep Oct Nov Dec
2019 > Jan Feb Mar Apr May Jun Jul Aug Sep Oct Nov Dec
2018 > Jan Feb Mar Apr May Jun Jul Aug Sep Oct Nov Dec
2017 > Jan Feb Mar Apr May Jun Jul Aug Sep Oct Nov Dec
2016 > Jan Feb Mar Apr May Jun Jul Aug Sep Oct Nov Dec
2015 > Jan Feb Mar Apr May Jun Jul Aug Sep Oct Nov Dec
2014 > Jan Feb Mar Apr May Jun Jul Aug Sep Oct Nov Dec
2013 > Jan Feb Mar Apr May Jun Jul Aug Sep Oct Nov Dec
2012 > Jan Feb Mar Apr May Jun Jul Aug Sep Oct Nov Dec
2011 > Jan Feb Mar Apr May Jun Jul Aug Sep Oct Nov Dec
2010 > Jan Feb Mar Apr May Jun Jul Aug Sep Oct Nov Dec
2009 > Jan Feb Mar Apr May Jun Jul Aug Sep Oct Nov Dec
2008 > Jan Feb Mar Apr May Jun Jul Aug Sep Oct Nov Dec

Report for 2016 Dec

Daily noaa report



                            MONTHLY CLIMATOLOGICAL SUMMARY for DEC. 2016

NAME: Home Weather Station Davis VP2   CITY: Beaconsfield STATE: Quebec, Canada
ELEV: 118 LAT: 045:25:46 LONG: 0073:51:35

                            TEMPERATURE ( C), RAIN (mm), WIND SPEED (kmh)

                                               HEAT     COOL           AVG
      MEAN                                     DEG      DEG            WIND                       DOM
DAY   TEMP    HIGH   TIME     LOW    TIME      DAYS     DAYS    RAIN   SPEED    HIGH    TIME      DIR
--------------------------------------------------------------------------------------------------------
01    06.2    08.0   08:06    04.7   19:13     12.1     00.0    13.6   10.5     37.0    00:23     SSW
02    04.2    05.9   11:12    02.2   00:00     14.1     00.0    00.2   08.2     29.6    22:08     WSW
03    01.7    03.8   13:14   -00.2   00:00     16.6     00.0    00.0   09.0     31.4    13:16      W 
04   -00.8    01.8   13:58   -03.2   20:59     19.1     00.0    00.0   03.6     20.4    23:44     WNW
05   -02.8   -01.8   12:57   -04.3   00:00     21.1     00.0    04.0   03.9     18.5    07:26      N 
06   -01.2    02.3   12:39   -04.9   07:01     19.5     00.0    00.0   02.9     20.4    23:45      E 
07    00.8    03.0   15:04   -01.4   05:04     17.5     00.0    01.2   04.1     20.4    21:40      S 
08    00.7    02.7   10:17   -02.2   00:00     17.6     00.0    00.0   07.1     40.7    13:23      SW
09   -04.3   -02.1   00:18   -06.5   19:58     22.6     00.0    00.0   10.2     42.5    09:53      W 
10   -06.8   -03.8   12:58   -09.4   00:00     25.1     00.0    00.0   02.4     18.5    14:44     WSW
11   -06.5   -03.1   14:23   -11.2   04:07     24.8     00.0    00.0   02.8     22.2    22:37     ENE
12   -04.1   -01.8   10:28   -06.3   22:27     22.4     00.0    08.0   07.2     33.3    01:17      NE
13   -02.0    01.2   18:01   -06.7   08:07     20.3     00.0    00.2   03.7     29.6    01:55     SSW
14   -04.3   -00.4   00:05   -07.3   00:00     22.6     00.0    00.2   06.4     31.4    16:03      SW
15   -12.8   -07.3   00:04   -19.4   00:00     31.1     00.0    00.0   09.7     40.7    09:01      W 
16   -18.1   -14.9   22:18   -22.4   07:04     36.4     00.0    00.0   03.5     29.6    03:29      W 
17   -11.4   -07.8   00:00   -15.8   00:07     29.7     00.0    02.4   06.0     22.2    10:48      N 
18   -07.3   -03.3   12:18   -15.7   00:00     25.6     00.0    05.0   07.7     33.3    19:15      W 
19   -15.4   -11.5   23:05   -21.1   07:06     33.7     00.0    00.0   01.5     14.8    00:26      N 
20   -07.2   -01.3   00:00   -15.4   04:19     25.5     00.0    00.0   02.8     18.5    18:55      SE
21    00.8    02.6   14:30   -01.3   00:01     17.5     00.0    00.0   07.6     29.6    11:52      SW
22    00.4    01.6   14:00   -00.3   03:43     17.9     00.0    02.6   01.4     16.6    20:52      SW
23    00.7    01.9   15:42   -01.3   20:30     17.6     00.0    00.0   05.2     29.6    12:38      SW
24    01.3    02.7   19:37   -00.3   07:12     17.0     00.0    04.6   05.1     29.6    17:59      SW
25   -04.1    02.7   01:35   -09.9   00:00     22.4     00.0    00.0   06.5     42.5    03:08     WNW
26   -06.7    01.1   00:00   -11.7   07:39     25.0     00.0    23.2   04.8     25.9    16:10      NE
27    02.8    06.3   05:27    00.0   00:00     15.5     00.0    00.6   09.7     42.5    05:14      SW
28   -03.9    00.0   00:22   -08.3   22:17     22.2     00.0    00.0   04.3     25.9    13:45      W 
29   -02.7    00.2   22:28   -06.3   00:03     21.0     00.0    03.6   05.9     27.8    13:03      E 
30   -04.7   -01.3   00:04   -10.1   00:00     23.0     00.0    00.0   10.4     44.4    11:59     WSW
31   -10.4   -07.4   11:59   -15.0   06:49     28.7     00.0    03.8   05.1     24.1    14:47      N 
--------------------------------------------------------------------------------------------------------
-3.8 (-4.0)   08.0  day 01    -22.4  day 16   685.4    000.0   047.8   05.8     44.4   day 27     WSW
Max <=   0: 15
Min <=   30: 31
Min <= -18: 3
Max <=  -5: 5
Min <=  -5: 18
Max <= -10: 2
Min <= -10: 10
Min <= -15: 7
Min <= -20: 2
Max Rain: 23.2 ON 26-12-17
Days of Rain: 15 (> .2mm) 10 (> 2mm) 1 (> 20mm)