NOAA style reports

NOAA-style Climate Reports

Select NOAA data to display

Select a Year or Month report
2021 > Jan Feb Mar Apr May Jun Jul Aug Sep Oct Nov Dec
2020 > Jan Feb Mar Apr May Jun Jul Aug Sep Oct Nov Dec
2019 > Jan Feb Mar Apr May Jun Jul Aug Sep Oct Nov Dec
2018 > Jan Feb Mar Apr May Jun Jul Aug Sep Oct Nov Dec
2017 > Jan Feb Mar Apr May Jun Jul Aug Sep Oct Nov Dec
2016 > Jan Feb Mar Apr May Jun Jul Aug Sep Oct Nov Dec
2015 > Jan Feb Mar Apr May Jun Jul Aug Sep Oct Nov Dec
2014 > Jan Feb Mar Apr May Jun Jul Aug Sep Oct Nov Dec
2013 > Jan Feb Mar Apr May Jun Jul Aug Sep Oct Nov Dec
2012 > Jan Feb Mar Apr May Jun Jul Aug Sep Oct Nov Dec
2011 > Jan Feb Mar Apr May Jun Jul Aug Sep Oct Nov Dec
2010 > Jan Feb Mar Apr May Jun Jul Aug Sep Oct Nov Dec
2009 > Jan Feb Mar Apr May Jun Jul Aug Sep Oct Nov Dec
2008 > Jan Feb Mar Apr May Jun Jul Aug Sep Oct Nov Dec

Report for 2017 Feb

Daily noaa report



                            MONTHLY CLIMATOLOGICAL SUMMARY for FEB. 2017

NAME: Home Weather Station Davis VP2   CITY: Beaconsfield STATE: Quebec, Canada
ELEV: 118 LAT: 045:25:46 LONG: 0073:51:35

                            TEMPERATURE ( C), RAIN (mm), WIND SPEED (kmh)

                                               HEAT     COOL           AVG
      MEAN                                     DEG      DEG            WIND                       DOM
DAY   TEMP    HIGH   TIME     LOW    TIME      DAYS     DAYS    RAIN   SPEED    HIGH    TIME      DIR
--------------------------------------------------------------------------------------------------------
01   -09.7   -05.6   14:48   -13.3   02:59     28.0     00.0    00.6   04.1     24.1    05:27      N 
02   -07.6   -05.7   14:34   -09.9   08:34     25.9     00.0    00.2   05.7     31.4    10:22     WSW
03   -06.5   -03.3   14:10   -08.3   00:00     24.8     00.0    00.0   06.2     29.6    13:49     WSW
04   -06.7   -03.0   14:32   -12.5   05:44     25.0     00.0    00.0   06.5     29.6    14:35      SW
05   -02.5    00.5   12:45   -06.1   00:00     20.8     00.0    00.8   07.1     40.7    22:13      SW
06   -10.1   -06.1   00:02   -13.1   08:03     28.4     00.0    00.6   04.4     31.4    00:19     WSW
07   -09.2    00.0   00:00   -11.2   09:49     27.5     00.0    09.6   09.4     40.7    15:58     NNE
08   -01.3    03.7   08:49   -08.4   00:00     19.6     00.0    13.6   10.5     53.6    09:16      W 
09   -12.3   -08.4   00:01   -14.4   00:00     30.6     00.0    00.0   07.4     27.8    03:36      NW
10   -13.8   -12.0   14:44   -15.9   08:00     32.1     00.0    00.0   08.6     38.9    06:47     WSW
11   -12.0   -09.7   13:55   -13.5   08:12     30.3     00.0    00.8   07.7     29.6    01:41     NNE
12   -09.1   -03.2   22:25   -13.0   07:22     27.4     00.0    15.8   07.7     29.6    21:06     NNE
13   -04.7   -02.1   13:49   -07.8   07:11     23.0     00.0    04.6   08.9     33.3    07:39      NW
14   -05.7   -01.6   14:19   -12.5   06:57     24.0     00.0    00.6   04.5     22.2    17:30      E 
15   -04.4   -02.9   03:35   -05.8   10:29     22.7     00.0    04.0   06.8     27.8    15:17      N 
16   -03.1   -00.8   12:46   -04.6   00:00     21.4     00.0    01.0   07.5     33.3    18:37      W 
17   -05.0   -02.5   16:21   -08.2   07:27     23.3     00.0    00.0   08.1     27.8    13:43      SW
18    01.2    07.3   19:29   -05.0   04:16     17.1     00.0    00.0   04.5     33.3    19:30     SSW
19    04.7    08.3   13:29    01.3   00:00     13.6     00.0    00.0   08.0     33.3    20:04     WSW
20   -01.5    02.3   14:47   -05.8   00:00     19.8     00.0    00.0   03.0     20.4    08:38     WNW
21   -02.0    03.5   14:53   -07.9   04:51     20.3     00.0    00.0   03.1     24.1    13:38      NE
22    02.9    07.1   15:32    00.1   02:19     15.4     00.0    00.0   00.6     12.9    12:02     ENE
23    06.7    12.3   13:25    02.1   05:20     11.6     00.0    00.0   03.7     27.8    15:42      SW
24    02.6    04.6   11:45    00.8   21:24     15.7     00.0    00.6   04.6     31.4    20:20      N 
25    02.9    10.7   14:52    00.3   07:05     15.4     00.0    20.2   07.2     31.4    16:49     NNW
26   -02.0    01.7   00:10   -03.9   20:06     20.3     00.0    00.0   10.3     51.8    10:22     WSW
27    02.2    06.1   14:02   -02.0   00:00     16.1     00.0    00.0   08.1     40.7    12:55      SW
28    01.9    07.4   15:32   -04.7   06:38     16.4     00.0    00.0   03.6     18.5    22:53     ENE
--------------------------------------------------------------------------------------------------------
-3.7 (-3.5)   12.3  day 23    -15.9  day 10   616.3    000.0   073.0   06.4     53.7   day 08      W 
Max <=   0: 15
Min <=   30: 28
Max <=  -5: 6
Min <=  -5: 19
Max <= -10: 1
Min <= -10: 9
Min <= -15: 1
Max Rain: 20.2 ON 25-02-17
Days of Rain: 14 (> .2mm) 6 (> 2mm) 1 (> 20mm)