NOAA style reports

NOAA-style Climate Reports

Select NOAA data to display

Select a Year or Month report
2021 > Jan Feb Mar Apr May Jun Jul Aug Sep Oct Nov Dec
2020 > Jan Feb Mar Apr May Jun Jul Aug Sep Oct Nov Dec
2019 > Jan Feb Mar Apr May Jun Jul Aug Sep Oct Nov Dec
2018 > Jan Feb Mar Apr May Jun Jul Aug Sep Oct Nov Dec
2017 > Jan Feb Mar Apr May Jun Jul Aug Sep Oct Nov Dec
2016 > Jan Feb Mar Apr May Jun Jul Aug Sep Oct Nov Dec
2015 > Jan Feb Mar Apr May Jun Jul Aug Sep Oct Nov Dec
2014 > Jan Feb Mar Apr May Jun Jul Aug Sep Oct Nov Dec
2013 > Jan Feb Mar Apr May Jun Jul Aug Sep Oct Nov Dec
2012 > Jan Feb Mar Apr May Jun Jul Aug Sep Oct Nov Dec
2011 > Jan Feb Mar Apr May Jun Jul Aug Sep Oct Nov Dec
2010 > Jan Feb Mar Apr May Jun Jul Aug Sep Oct Nov Dec
2009 > Jan Feb Mar Apr May Jun Jul Aug Sep Oct Nov Dec
2008 > Jan Feb Mar Apr May Jun Jul Aug Sep Oct Nov Dec

Report for 2017 Mar

Daily noaa report



                            MONTHLY CLIMATOLOGICAL SUMMARY for MAR. 2017

NAME: Home Weather Station Davis VP2   CITY: Beaconsfield STATE: Quebec, Canada
ELEV: 118 LAT: 045:25:46 LONG: 0073:51:35

                            TEMPERATURE ( C), RAIN (mm), WIND SPEED (kmh)

                                               HEAT     COOL           AVG
      MEAN                                     DEG      DEG            WIND                       DOM
DAY   TEMP    HIGH   TIME     LOW    TIME      DAYS     DAYS    RAIN   SPEED    HIGH    TIME      DIR
--------------------------------------------------------------------------------------------------------
01    03.6    05.5   01:20    02.3   07:23     14.7     00.0    12.8   03.0     20.4    06:49      N 
02   -04.9    05.1   00:39   -09.5   00:00     23.2     00.0    00.0   14.4     53.6    15:15     WSW
03   -10.5   -07.1   14:48   -13.7   00:00     28.8     00.0    00.0   07.8     38.9    20:05      W 
04   -14.1   -11.7   15:49   -16.7   07:46     32.4     00.0    00.0   09.9     35.1    16:39      W 
05   -11.2   -04.7   16:02   -17.1   06:58     29.5     00.0    00.0   03.7     18.5    13:47     WSW
06   -04.8    00.8   15:41   -12.4   02:53     23.1     00.0    04.4   05.4     27.8    14:48     ENE
07    01.2    04.0   00:00   -02.4   02:10     17.1     00.0    05.2   02.9     14.8    15:22     ENE
08    05.3    10.8   13:57    02.3   08:02     13.0     00.0    04.0   07.2     44.4    19:24      SW
09   -01.5    03.4   00:02   -05.4   00:00     19.8     00.0    00.0   13.2     51.8    15:37     WSW
10   -07.9   -04.6   14:18   -16.1   00:00     26.2     00.0    00.0   08.0     40.7    23:57     NNW
11   -16.6   -14.3   15:58   -19.8   06:14     34.9     00.0    00.0   11.0     44.4    16:55      W 
12   -13.1   -09.3   16:42   -16.6   07:48     31.4     00.0    00.0   10.5     40.7    13:27      W 
13   -10.8   -06.9   15:40   -15.3   07:30     29.1     00.0    00.0   03.4     20.4    13:37      W 
14   -08.5   -07.7   23:09   -09.1   15:00     26.8     00.0    10.0   12.7     55.5    16:38      N 
15   -05.9   -03.4   11:58   -07.9   01:51     24.2     00.0    08.8   09.7     33.3    18:49      W 
16   -06.8   -03.9   16:20   -09.7   08:24     25.1     00.0    00.0   09.5     37.0    16:50     WSW
17   -05.3    00.0   15:43   -10.7   07:36     23.6     00.0    00.0   03.2     16.6    17:35     WSW
18   -04.6    02.4   15:39   -12.3   07:43     22.9     00.0    00.0   04.8     27.8    13:51     NNE
19   -01.5    04.9   15:47   -07.2   07:28     19.8     00.0    00.0   03.5     18.5    16:28      N 
20   -00.2    06.5   14:50   -07.9   07:35     18.5     00.0    00.0   01.3     12.9    21:40     WSW
21    02.4    06.4   15:34    00.4   22:46     15.9     00.0    00.4   02.4     18.5    23:24     SSW
22   -07.9    01.8   00:04   -12.7   08:52     26.2     00.0    00.0   11.7     46.3    12:22     WNW
23   -05.1    01.6   15:39   -12.4   04:12     23.4     00.0    00.0   04.6     29.6    14:12     WSW
24   -00.9    01.3   14:34   -02.6   04:41     19.2     00.0    07.2   01.6     18.5    07:37     ESE
25   -01.0    04.0   15:36   -05.3   00:00     19.3     00.0    00.0   01.6     18.5    14:58     NNE
26   -02.0    02.2   15:17   -06.7   07:21     20.3     00.0    00.4   07.3     27.8    21:46      NE
27    02.5    04.5   15:36    00.4   00:24     15.8     00.0    05.6   02.5     18.5    05:34     ENE
28    02.5    04.9   16:33    01.3   08:02     15.8     00.0    02.0   02.0     12.9    09:28     NNW
29    03.2    07.4   16:16    00.8   06:41     15.1     00.0    00.0   05.3     29.6    16:43     WNW
30    02.7    06.3   16:07   -00.4   07:30     15.6     00.0    00.0   04.5     27.8    08:56      N 
31    02.0    04.8   15:34    00.4   23:37     16.3     00.0    06.2   07.1     27.8    17:05      NE
--------------------------------------------------------------------------------------------------------
-3.9 (-3.7)   10.8  day 08    -19.8  day 11   686.8    000.0   067.2   06.3     55.5   day 02     WNW
Max <=   0: 11
Min <=   30: 31
Min <= -18: 1
Max <=  -5: 6
Min <=  -5: 21
Max <= -10: 2
Min <= -10: 12
Min <= -15: 6
Max Rain: 12.8 ON 1-03-17
Days of Rain: 12 (> .2mm) 9 (> 2mm) 0 (> 20mm)